{"id":5727,"date":"2020-01-20T10:39:38","date_gmt":"2020-01-20T14:39:38","guid":{"rendered":"https:\/\/www.lirapopular.cl\/lirapopularxix\/?page_id=5727"},"modified":"2020-01-20T10:39:38","modified_gmt":"2020-01-20T14:39:38","slug":"llegada-de-pancho-grandon-a","status":"publish","type":"page","link":"https:\/\/www.lirapopular.cl\/lirapopularxix\/llegada-de-pancho-grandon-a\/","title":{"rendered":"LLEGADA DE PANCHO GRANDON <br>A LA RELOJERIA <br>DE<br>GASPAR CONTRERAS"},"content":{"rendered":"\n<div class=\"wp-block-image\"><figure class=\"alignright size-thumbnail\"><a href=\"https:\/\/www.lirapopular.cl\/lirapopularxix\/wp-content\/uploads\/2020\/01\/583.jpg\"><img loading=\"lazy\" decoding=\"async\" width=\"150\" height=\"150\" src=\"https:\/\/www.lirapopular.cl\/lirapopularxix\/wp-content\/uploads\/2020\/01\/583-150x150.jpg\" alt=\"\" class=\"wp-image-5728\"\/><\/a><figcaption>Colecci\u00f3n Lira Popular de la<br>Universidad de Chile<\/figcaption><\/figure><\/div>\n\n\n\n<p class=\"has-text-align-left\">Autor: Pancho Grandon y Gaspar Contreras<br>Impresor: Sin informaci\u00f3n<br>Tama\u00f1o: 34,5 x 25,8 cm<br>Clasificaci\u00f3n: 583 G751 Caja N\u00b01a<\/p>\n\n\n\n<ul class=\"wp-block-list\"><li><a href=\"https:\/\/www.lirapopular.cl\/lirapopularxix\/2020\/01\/20\/llegada-de-pancho-grandon-a-la-relojeria-degaspar-contreras\/\">Llegada de Pancho Grandon a la relojer\u00eda de Gaspar Contreras<\/a><\/li><\/ul>\n\n\n\n<p>Nota: Este ejemplar tiene escrito a mano con l\u00e1piz rojo \u201c583\u201d<\/p>\n","protected":false},"excerpt":{"rendered":"<p>Autor: Pancho Grandon y Gaspar ContrerasImpresor: Sin informaci\u00f3nTama\u00f1o: 34,5 x 25,8 cmClasificaci\u00f3n: 583 G751 Caja N\u00b01a Llegada de Pancho Grandon a la relojer\u00eda de Gaspar Contreras Nota: Este ejemplar tiene escrito a mano con l\u00e1piz rojo \u201c583\u201d<\/p>\n","protected":false},"author":1,"featured_media":0,"parent":0,"menu_order":0,"comment_status":"closed","ping_status":"closed","template":"","meta":{"footnotes":""},"class_list":["post-5727","page","type-page","status-publish","hentry"],"jetpack_sharing_enabled":true,"_links":{"self":[{"href":"https:\/\/www.lirapopular.cl\/lirapopularxix\/wp-json\/wp\/v2\/pages\/5727","targetHints":{"allow":["GET"]}}],"collection":[{"href":"https:\/\/www.lirapopular.cl\/lirapopularxix\/wp-json\/wp\/v2\/pages"}],"about":[{"href":"https:\/\/www.lirapopular.cl\/lirapopularxix\/wp-json\/wp\/v2\/types\/page"}],"author":[{"embeddable":true,"href":"https:\/\/www.lirapopular.cl\/lirapopularxix\/wp-json\/wp\/v2\/users\/1"}],"replies":[{"embeddable":true,"href":"https:\/\/www.lirapopular.cl\/lirapopularxix\/wp-json\/wp\/v2\/comments?post=5727"}],"version-history":[{"count":0,"href":"https:\/\/www.lirapopular.cl\/lirapopularxix\/wp-json\/wp\/v2\/pages\/5727\/revisions"}],"wp:attachment":[{"href":"https:\/\/www.lirapopular.cl\/lirapopularxix\/wp-json\/wp\/v2\/media?parent=5727"}],"curies":[{"name":"wp","href":"https:\/\/api.w.org\/{rel}","templated":true}]}}