{"id":5264,"date":"2019-12-15T11:34:28","date_gmt":"2019-12-15T15:34:28","guid":{"rendered":"https:\/\/www.lirapopular.cl\/lirapopularxix\/?page_id=5264"},"modified":"2019-12-15T11:34:28","modified_gmt":"2019-12-15T15:34:28","slug":"nuevo-y-curioso-romance","status":"publish","type":"page","link":"https:\/\/www.lirapopular.cl\/lirapopularxix\/nuevo-y-curioso-romance\/","title":{"rendered":"Nuevo y curioso romance de los veintiun prisioneros chilenos vendidos por el jeneral Daza por una relacion <br>del soldado Luis Araya a Juan Valenzuela."},"content":{"rendered":"\n<div class=\"wp-block-image\"><figure class=\"alignright size-medium\"><a href=\"https:\/\/www.lirapopular.cl\/lirapopularxix\/wp-content\/uploads\/2019\/12\/430.jpg\"><img loading=\"lazy\" decoding=\"async\" width=\"212\" height=\"300\" src=\"https:\/\/www.lirapopular.cl\/lirapopularxix\/wp-content\/uploads\/2019\/12\/430-212x300.jpg\" alt=\"\" class=\"wp-image-5265\" srcset=\"https:\/\/www.lirapopular.cl\/lirapopularxix\/wp-content\/uploads\/2019\/12\/430-212x300.jpg 212w, https:\/\/www.lirapopular.cl\/lirapopularxix\/wp-content\/uploads\/2019\/12\/430.jpg 708w\" sizes=\"auto, (max-width: 212px) 100vw, 212px\" \/><\/a><figcaption>Colecci\u00f3n Lira Popular de la <br>Universidad de Chile<\/figcaption><\/figure><\/div>\n\n\n\n<p>Autor: Es propiedad de Nicacio Garc\u00eda<br>Impresor: Sin informaci\u00f3n<br>Tama\u00f1o: 26,2 x 37 cm<br>Clasificaci\u00f3n: 430 G216n Caja N\u00b02b<br>BN C\u00f3digo: LO0012305<\/p>\n\n\n\n<ul class=\"wp-block-list\"><li><a href=\"https:\/\/www.lirapopular.cl\/lirapopularxix\/2019\/12\/15\/nuevo-y-curioso-romance-de-los-veintiun-prisioneros-chilenos-vendidos-por-el-jeneral-daza-por-una-relacion-del-soldado-luis-araya-a-juan-valenzuela\/\">Nuevo y curioso romance de los veinti\u00fan prisioneros chilenos vendidos por el general Daza por una relaci\u00f3n del soldado Luis Araya a Juan Valenzuela<\/a><\/li><\/ul>\n\n\n\n<p>Nota: El 1er ejemplar tiene escrito a mano con l\u00e1piz rojo \u201c430\u201d, borrado &#8220;429&#8221; y un tachado en la parte superior.<br>El 2\u00ba ejemplar tiene escrito a mano con l\u00e1piz rojo \u201c-13-\u201d, &#8220;482&#8221;, con l\u00e1piz grafito &#8220;8&#8221; y con un timbre &#8220;150&#8221;.<br>Documentos optimizados digitalmente.<\/p>\n\n\n\n<div class=\"wp-block-image\"><figure class=\"alignright size-medium\"><a href=\"https:\/\/www.lirapopular.cl\/lirapopularxix\/wp-content\/uploads\/2020\/08\/LO0012305.jpg\"><img loading=\"lazy\" decoding=\"async\" width=\"218\" height=\"300\" src=\"https:\/\/www.lirapopular.cl\/lirapopularxix\/wp-content\/uploads\/2020\/08\/LO0012305-218x300.jpg\" alt=\"\" class=\"wp-image-11404\" srcset=\"https:\/\/www.lirapopular.cl\/lirapopularxix\/wp-content\/uploads\/2020\/08\/LO0012305-218x300.jpg 218w, https:\/\/www.lirapopular.cl\/lirapopularxix\/wp-content\/uploads\/2020\/08\/LO0012305.jpg 726w\" sizes=\"auto, (max-width: 218px) 100vw, 218px\" \/><\/a><figcaption>Archivo de Literatura Oral<br>Fondo Rodolfo Lenz<\/figcaption><\/figure><\/div>\n","protected":false},"excerpt":{"rendered":"<p>Autor: Es propiedad de Nicacio Garc\u00edaImpresor: Sin informaci\u00f3nTama\u00f1o: 26,2 x 37 cmClasificaci\u00f3n: 430 G216n Caja N\u00b02bBN C\u00f3digo: LO0012305 Nuevo y curioso romance de los veinti\u00fan prisioneros chilenos vendidos por el general Daza por una relaci\u00f3n del soldado Luis Araya a Juan Valenzuela Nota: El 1er ejemplar tiene escrito a mano con l\u00e1piz rojo \u201c430\u201d, borrado [&hellip;]<\/p>\n","protected":false},"author":1,"featured_media":0,"parent":0,"menu_order":0,"comment_status":"closed","ping_status":"closed","template":"","meta":{"footnotes":""},"class_list":["post-5264","page","type-page","status-publish","hentry"],"jetpack_sharing_enabled":true,"_links":{"self":[{"href":"https:\/\/www.lirapopular.cl\/lirapopularxix\/wp-json\/wp\/v2\/pages\/5264","targetHints":{"allow":["GET"]}}],"collection":[{"href":"https:\/\/www.lirapopular.cl\/lirapopularxix\/wp-json\/wp\/v2\/pages"}],"about":[{"href":"https:\/\/www.lirapopular.cl\/lirapopularxix\/wp-json\/wp\/v2\/types\/page"}],"author":[{"embeddable":true,"href":"https:\/\/www.lirapopular.cl\/lirapopularxix\/wp-json\/wp\/v2\/users\/1"}],"replies":[{"embeddable":true,"href":"https:\/\/www.lirapopular.cl\/lirapopularxix\/wp-json\/wp\/v2\/comments?post=5264"}],"version-history":[{"count":0,"href":"https:\/\/www.lirapopular.cl\/lirapopularxix\/wp-json\/wp\/v2\/pages\/5264\/revisions"}],"wp:attachment":[{"href":"https:\/\/www.lirapopular.cl\/lirapopularxix\/wp-json\/wp\/v2\/media?parent=5264"}],"curies":[{"name":"wp","href":"https:\/\/api.w.org\/{rel}","templated":true}]}}