{"id":4591,"date":"2019-11-06T12:18:25","date_gmt":"2019-11-06T16:18:25","guid":{"rendered":"https:\/\/www.lirapopular.cl\/lirapopularxix\/?page_id=4591"},"modified":"2019-11-06T12:18:25","modified_gmt":"2019-11-06T16:18:25","slug":"gran-fusilamiento-en-valparaiso-de-los-reos-cubillos-y-alfarotristes-detalles","status":"publish","type":"page","link":"https:\/\/www.lirapopular.cl\/lirapopularxix\/gran-fusilamiento-en-valparaiso-de-los-reos-cubillos-y-alfarotristes-detalles\/","title":{"rendered":"GRAN FUSILAMIENTO <br>EN VALPARAISO <br>DE LOS REOS CUBILLOS Y ALFARO<br>TRISTES DETALLES"},"content":{"rendered":"\n<div class=\"wp-block-image\"><figure class=\"alignright\"><a href=\"https:\/\/www.lirapopular.cl\/lirapopularxix\/wp-content\/uploads\/2019\/11\/556.jpg\"><img loading=\"lazy\" decoding=\"async\" width=\"213\" height=\"300\" src=\"https:\/\/www.lirapopular.cl\/lirapopularxix\/wp-content\/uploads\/2019\/11\/556-213x300.jpg\" alt=\"\" class=\"wp-image-4592\" srcset=\"https:\/\/www.lirapopular.cl\/lirapopularxix\/wp-content\/uploads\/2019\/11\/556-213x300.jpg 213w, https:\/\/www.lirapopular.cl\/lirapopularxix\/wp-content\/uploads\/2019\/11\/556.jpg 711w\" sizes=\"auto, (max-width: 213px) 100vw, 213px\" \/><\/a><figcaption>Colecci\u00f3n Lira Popular de la Universidad de Chile<\/figcaption><\/figure><\/div>\n\n\n\n<p>Autor: El Tamayino \/ El Porte\u00f1o<br>Impresor: Imp. Albion.\u2014 San Diego 45-B<br>Tama\u00f1o: 53 x 37,2 cm<br>Clasificaci\u00f3n: 556 T153g Caja N\u00b010a<\/p>\n\n\n\n<ul class=\"wp-block-list\"><li><a href=\"https:\/\/www.lirapopular.cl\/lirapopularxix\/2019\/11\/06\/gran-fusilamiento-en-valparaiso-de-victor-alfaro-i-carlos-cubillos\/\">Gran fusilamiento  en Valpara\u00edso de V\u00edctor Alfaro y Carlos Cubillos<\/a><\/li><li><a href=\"https:\/\/www.lirapopular.cl\/lirapopularxix\/2019\/11\/06\/mas-detalles-de-la-terrible-ejecucion-de-los-reos-alfaro-i-cubillos\/\">M\u00e1s detalles de la terrible ejecuci\u00f3n de los reos Alfaro i Cubillos<\/a><\/li><li><a href=\"https:\/\/www.lirapopular.cl\/lirapopularxix\/2019\/11\/06\/la-mujer-casada-con-siete-maridos\/\">La mujer casada con siete maridos<\/a><\/li><li><a href=\"https:\/\/www.lirapopular.cl\/lirapopularxix\/2019\/11\/06\/las-senas-del-juicio\/\">Las se\u00f1as del juicio<\/a><\/li><li><a href=\"https:\/\/www.lirapopular.cl\/lirapopularxix\/2019\/11\/06\/el-carnaval-de-las-conductoras\/\">El carnaval de las conductoras<\/a><\/li><\/ul>\n\n\n\n<p>Nota: Este ejemplar tiene escrito a mano con l\u00e1piz rojo \u201c556\u201d<\/p>\n\n\n\n<p>Nota: La lira tiene un verso firmado por &#8220;El Porte\u00f1o&#8221;, tres versos sin autor y uno firmado por &#8220;El Tamayino&#8221;, los adjudicamos a este \u00faltimo por coincidir con su producci\u00f3n.<\/p>\n","protected":false},"excerpt":{"rendered":"<p>Autor: El Tamayino \/ El Porte\u00f1oImpresor: Imp. Albion.\u2014 San Diego 45-BTama\u00f1o: 53 x 37,2 cmClasificaci\u00f3n: 556 T153g Caja N\u00b010a Gran fusilamiento en Valpara\u00edso de V\u00edctor Alfaro y Carlos Cubillos M\u00e1s detalles de la terrible ejecuci\u00f3n de los reos Alfaro i Cubillos La mujer casada con siete maridos Las se\u00f1as del juicio El carnaval de las [&hellip;]<\/p>\n","protected":false},"author":1,"featured_media":0,"parent":0,"menu_order":0,"comment_status":"closed","ping_status":"closed","template":"","meta":{"footnotes":""},"class_list":["post-4591","page","type-page","status-publish","hentry"],"jetpack_sharing_enabled":true,"_links":{"self":[{"href":"https:\/\/www.lirapopular.cl\/lirapopularxix\/wp-json\/wp\/v2\/pages\/4591","targetHints":{"allow":["GET"]}}],"collection":[{"href":"https:\/\/www.lirapopular.cl\/lirapopularxix\/wp-json\/wp\/v2\/pages"}],"about":[{"href":"https:\/\/www.lirapopular.cl\/lirapopularxix\/wp-json\/wp\/v2\/types\/page"}],"author":[{"embeddable":true,"href":"https:\/\/www.lirapopular.cl\/lirapopularxix\/wp-json\/wp\/v2\/users\/1"}],"replies":[{"embeddable":true,"href":"https:\/\/www.lirapopular.cl\/lirapopularxix\/wp-json\/wp\/v2\/comments?post=4591"}],"version-history":[{"count":0,"href":"https:\/\/www.lirapopular.cl\/lirapopularxix\/wp-json\/wp\/v2\/pages\/4591\/revisions"}],"wp:attachment":[{"href":"https:\/\/www.lirapopular.cl\/lirapopularxix\/wp-json\/wp\/v2\/media?parent=4591"}],"curies":[{"name":"wp","href":"https:\/\/api.w.org\/{rel}","templated":true}]}}