{"id":4525,"date":"2019-11-01T17:48:13","date_gmt":"2019-11-01T21:48:13","guid":{"rendered":"https:\/\/www.lirapopular.cl\/lirapopularxix\/?page_id=4525"},"modified":"2019-11-01T17:48:13","modified_gmt":"2019-11-01T21:48:13","slug":"graves-sucesos-en-la-carcel-intento-de-fuga-de-reos-el-policial-que-se-ahogo-comiendo-carne","status":"publish","type":"page","link":"https:\/\/www.lirapopular.cl\/lirapopularxix\/graves-sucesos-en-la-carcel-intento-de-fuga-de-reos-el-policial-que-se-ahogo-comiendo-carne\/","title":{"rendered":"GRAVES SUCESOS EN LA CARCEL <br>INTENTO DE FUGA DE REOS <br>EL POLICIAL QUE SE AHOGO COMIENDO CARNE"},"content":{"rendered":"\n<div class=\"wp-block-image\"><figure class=\"alignright\"><a href=\"https:\/\/www.lirapopular.cl\/lirapopularxix\/wp-content\/uploads\/2019\/11\/606.jpg\"><img loading=\"lazy\" decoding=\"async\" width=\"210\" height=\"300\" src=\"https:\/\/www.lirapopular.cl\/lirapopularxix\/wp-content\/uploads\/2019\/11\/606-210x300.jpg\" alt=\"\" class=\"wp-image-4526\" srcset=\"https:\/\/www.lirapopular.cl\/lirapopularxix\/wp-content\/uploads\/2019\/11\/606-210x300.jpg 210w, https:\/\/www.lirapopular.cl\/lirapopularxix\/wp-content\/uploads\/2019\/11\/606.jpg 700w\" sizes=\"auto, (max-width: 210px) 100vw, 210px\" \/><\/a><figcaption>Colecci\u00f3n Lira Popular de la Universidad de Chile<\/figcaption><\/figure><\/div>\n\n\n\n<p>Autor: El Quillotano<br>Impresor: Sin informaci\u00f3n<br>Tama\u00f1o: 49 x 33,5 cm<br>Clasificaci\u00f3n: 606 Q6 Caja N\u00b02a<\/p>\n\n\n\n<ul class=\"wp-block-list\"><li><a href=\"https:\/\/www.lirapopular.cl\/lirapopularxix\/2019\/11\/03\/el-suceso-de-la-carcel\/\">El suceso de la c\u00e1rcel<\/a><\/li><li><a href=\"https:\/\/www.lirapopular.cl\/lirapopularxix\/2019\/11\/03\/la-cancelacion-de-amantes\/\">La cancelaci\u00f3n de amantes<\/a><\/li><li><a href=\"https:\/\/www.lirapopular.cl\/lirapopularxix\/2019\/11\/03\/fantasia-del-poeta\/\">Fantas\u00eda del poeta<\/a><\/li><li><a href=\"https:\/\/www.lirapopular.cl\/lirapopularxix\/2019\/11\/03\/el-policial-que-se-ahogo-comiendo-carne-asada\/\">El policial que se ahog\u00f3 comiendo carne asada<\/a><\/li><li><a href=\"https:\/\/www.lirapopular.cl\/lirapopularxix\/2019\/11\/03\/payasadas-del-poeta\/\">Payasadas del poeta<\/a><\/li><li><a href=\"https:\/\/www.lirapopular.cl\/lirapopularxix\/2019\/11\/03\/el-jardinero-del-amor\/\">El jardinero del amor<\/a><\/li><\/ul>\n\n\n\n<p>Nota: Este ejemplar tiene escrito a mano con l\u00e1piz rojo \u201c606\u201d<\/p>\n","protected":false},"excerpt":{"rendered":"<p>Autor: El QuillotanoImpresor: Sin informaci\u00f3nTama\u00f1o: 49 x 33,5 cmClasificaci\u00f3n: 606 Q6 Caja N\u00b02a El suceso de la c\u00e1rcel La cancelaci\u00f3n de amantes Fantas\u00eda del poeta El policial que se ahog\u00f3 comiendo carne asada Payasadas del poeta El jardinero del amor Nota: Este ejemplar tiene escrito a mano con l\u00e1piz rojo \u201c606\u201d<\/p>\n","protected":false},"author":1,"featured_media":0,"parent":0,"menu_order":0,"comment_status":"closed","ping_status":"closed","template":"","meta":{"footnotes":""},"class_list":["post-4525","page","type-page","status-publish","hentry"],"jetpack_sharing_enabled":true,"_links":{"self":[{"href":"https:\/\/www.lirapopular.cl\/lirapopularxix\/wp-json\/wp\/v2\/pages\/4525","targetHints":{"allow":["GET"]}}],"collection":[{"href":"https:\/\/www.lirapopular.cl\/lirapopularxix\/wp-json\/wp\/v2\/pages"}],"about":[{"href":"https:\/\/www.lirapopular.cl\/lirapopularxix\/wp-json\/wp\/v2\/types\/page"}],"author":[{"embeddable":true,"href":"https:\/\/www.lirapopular.cl\/lirapopularxix\/wp-json\/wp\/v2\/users\/1"}],"replies":[{"embeddable":true,"href":"https:\/\/www.lirapopular.cl\/lirapopularxix\/wp-json\/wp\/v2\/comments?post=4525"}],"version-history":[{"count":0,"href":"https:\/\/www.lirapopular.cl\/lirapopularxix\/wp-json\/wp\/v2\/pages\/4525\/revisions"}],"wp:attachment":[{"href":"https:\/\/www.lirapopular.cl\/lirapopularxix\/wp-json\/wp\/v2\/media?parent=4525"}],"curies":[{"name":"wp","href":"https:\/\/api.w.org\/{rel}","templated":true}]}}