{"id":4338,"date":"2019-10-28T19:34:12","date_gmt":"2019-10-28T23:34:12","guid":{"rendered":"https:\/\/www.lirapopular.cl\/lirapopularxix\/?page_id=4338"},"modified":"2019-10-28T19:34:12","modified_gmt":"2019-10-28T23:34:12","slug":"suicidio-en-la-penitenciaria","status":"publish","type":"page","link":"https:\/\/www.lirapopular.cl\/lirapopularxix\/suicidio-en-la-penitenciaria\/","title":{"rendered":"SUICIDIO EN LA PENITENCIARIA"},"content":{"rendered":"\n<div class=\"wp-block-image\"><figure class=\"alignright\"><a href=\"https:\/\/www.lirapopular.cl\/lirapopularxix\/wp-content\/uploads\/2019\/10\/535.jpg\"><img loading=\"lazy\" decoding=\"async\" width=\"300\" height=\"225\" src=\"https:\/\/www.lirapopular.cl\/lirapopularxix\/wp-content\/uploads\/2019\/10\/535-300x225.jpg\" alt=\"\" class=\"wp-image-4339\" srcset=\"https:\/\/www.lirapopular.cl\/lirapopularxix\/wp-content\/uploads\/2019\/10\/535-300x225.jpg 300w, https:\/\/www.lirapopular.cl\/lirapopularxix\/wp-content\/uploads\/2019\/10\/535-768x576.jpg 768w, https:\/\/www.lirapopular.cl\/lirapopularxix\/wp-content\/uploads\/2019\/10\/535.jpg 1000w\" sizes=\"auto, (max-width: 300px) 100vw, 300px\" \/><\/a><figcaption>Colecci\u00f3n Lira Popular de la Universidad de Chile<\/figcaption><\/figure><\/div>\n\n\n\n<p>Autor: El Pequen<br>Impresor: P. Ramirez,\u2013Ech\u00e1urren, 4.<br>Tama\u00f1o: 24,2 x 32,5 cm<br>Clasificaci\u00f3n: 535 P419s Caja N\u00b01a<\/p>\n\n\n\n<ul class=\"wp-block-list\"><li><a href=\"https:\/\/www.lirapopular.cl\/lirapopularxix\/2019\/10\/28\/suicidio-en-la-penitenciaria\/\">Suicidio en la penitenciar\u00eda<\/a><\/li><li><a href=\"https:\/\/www.lirapopular.cl\/lirapopularxix\/2019\/10\/28\/el-burro-de-la-calle-ahumada\/\">El burro de la calle Ahumada <\/a><\/li><li><a href=\"https:\/\/www.lirapopular.cl\/lirapopularxix\/2019\/10\/28\/no-ire-mas-al-hospital\/\">\u00a1No ir\u00e9 m\u00e1s al hospital!<\/a><\/li><li><a href=\"https:\/\/www.lirapopular.cl\/lirapopularxix\/2019\/10\/28\/hazana-de-un-patraquero\/\">Haza\u00f1a de un patraquero<\/a><\/li><\/ul>\n\n\n\n<p>Nota: Este ejemplar tiene escrito a mano con l\u00e1piz rojo \u201c535\u201d<\/p>\n","protected":false},"excerpt":{"rendered":"<p>Autor: El PequenImpresor: P. Ramirez,\u2013Ech\u00e1urren, 4.Tama\u00f1o: 24,2 x 32,5 cmClasificaci\u00f3n: 535 P419s Caja N\u00b01a Suicidio en la penitenciar\u00eda El burro de la calle Ahumada \u00a1No ir\u00e9 m\u00e1s al hospital! Haza\u00f1a de un patraquero Nota: Este ejemplar tiene escrito a mano con l\u00e1piz rojo \u201c535\u201d<\/p>\n","protected":false},"author":1,"featured_media":0,"parent":0,"menu_order":0,"comment_status":"closed","ping_status":"closed","template":"","meta":{"footnotes":""},"class_list":["post-4338","page","type-page","status-publish","hentry"],"jetpack_sharing_enabled":true,"_links":{"self":[{"href":"https:\/\/www.lirapopular.cl\/lirapopularxix\/wp-json\/wp\/v2\/pages\/4338","targetHints":{"allow":["GET"]}}],"collection":[{"href":"https:\/\/www.lirapopular.cl\/lirapopularxix\/wp-json\/wp\/v2\/pages"}],"about":[{"href":"https:\/\/www.lirapopular.cl\/lirapopularxix\/wp-json\/wp\/v2\/types\/page"}],"author":[{"embeddable":true,"href":"https:\/\/www.lirapopular.cl\/lirapopularxix\/wp-json\/wp\/v2\/users\/1"}],"replies":[{"embeddable":true,"href":"https:\/\/www.lirapopular.cl\/lirapopularxix\/wp-json\/wp\/v2\/comments?post=4338"}],"version-history":[{"count":0,"href":"https:\/\/www.lirapopular.cl\/lirapopularxix\/wp-json\/wp\/v2\/pages\/4338\/revisions"}],"wp:attachment":[{"href":"https:\/\/www.lirapopular.cl\/lirapopularxix\/wp-json\/wp\/v2\/media?parent=4338"}],"curies":[{"name":"wp","href":"https:\/\/api.w.org\/{rel}","templated":true}]}}