{"id":4310,"date":"2019-10-27T18:33:49","date_gmt":"2019-10-27T22:33:49","guid":{"rendered":"https:\/\/www.lirapopular.cl\/lirapopularxix\/?page_id=4310"},"modified":"2019-10-27T18:33:49","modified_gmt":"2019-10-27T22:33:49","slug":"feroz-crimen-la-mujer-degollada-en-pajaritos","status":"publish","type":"page","link":"https:\/\/www.lirapopular.cl\/lirapopularxix\/feroz-crimen-la-mujer-degollada-en-pajaritos\/","title":{"rendered":"FEROZ CRIMEN <BR>LA MUJER DEGOLLADA EN PAJARITOS"},"content":{"rendered":"\n<div class=\"wp-block-image\"><figure class=\"alignright\"><a href=\"https:\/\/www.lirapopular.cl\/lirapopularxix\/wp-content\/uploads\/2019\/10\/533.jpg\"><img loading=\"lazy\" decoding=\"async\" width=\"211\" height=\"300\" src=\"https:\/\/www.lirapopular.cl\/lirapopularxix\/wp-content\/uploads\/2019\/10\/533-211x300.jpg\" alt=\"\" class=\"wp-image-4311\" srcset=\"https:\/\/www.lirapopular.cl\/lirapopularxix\/wp-content\/uploads\/2019\/10\/533-211x300.jpg 211w, https:\/\/www.lirapopular.cl\/lirapopularxix\/wp-content\/uploads\/2019\/10\/533.jpg 704w\" sizes=\"auto, (max-width: 211px) 100vw, 211px\" \/><\/a><figcaption>Colecci\u00f3n Lira Popular de la Universidad de Chile<\/figcaption><\/figure><\/div>\n\n\n\n<p>Autor: Javier Jerez<br>Impresor: Vicu\u00f1a Mackenna, n\u00fam [  ]<br>Tama\u00f1o: 52,8 x 37,3 cm<br>Clasificaci\u00f3n: 533 J55c Caja N\u00b010a<\/p>\n\n\n\n<ul class=\"wp-block-list\"><li><a href=\"https:\/\/www.lirapopular.cl\/lirapopularxix\/2019\/10\/28\/el-gran-crimen-de-la-calle-de-los-pajaritos\/\">El gran crimen de la calle de los pajaritos<\/a><\/li><li><a href=\"https:\/\/www.lirapopular.cl\/lirapopularxix\/2019\/10\/28\/versos-a-lo-divino-dedicados-para-el-dia-de-santa-rosa\/\">Versos a lo divino dedicados para el d\u00eda de santa Rosa<\/a><\/li><li><a href=\"https:\/\/www.lirapopular.cl\/lirapopularxix\/2019\/10\/28\/verso-del-juicio-final-a-lo-divino\/\">Verso del Juicio Final a lo divino<\/a><\/li><li><a href=\"https:\/\/www.lirapopular.cl\/lirapopularxix\/2019\/10\/28\/la-guerra-con-la-arjentina\/\">La guerra con la Argentina<\/a><\/li><li><a href=\"https:\/\/www.lirapopular.cl\/lirapopularxix\/2019\/10\/28\/contestacion-al-poeta-daniel-meneses\/\">Contestaci\u00f3n al poeta Daniel Meneses<\/a><\/li><li><a href=\"https:\/\/www.lirapopular.cl\/lirapopularxix\/2019\/10\/28\/contestacion-al-verso-esdrujulo\/\">Contestaci\u00f3n al verso esdr\u00fajulo<\/a><\/li><\/ul>\n\n\n\n<p>Nota: Este ejemplar tiene escrito a mano con l\u00e1piz rojo \u201c533\u201d<\/p>\n","protected":false},"excerpt":{"rendered":"<p>Autor: Javier JerezImpresor: Vicu\u00f1a Mackenna, n\u00fam [ ]Tama\u00f1o: 52,8 x 37,3 cmClasificaci\u00f3n: 533 J55c Caja N\u00b010a El gran crimen de la calle de los pajaritos Versos a lo divino dedicados para el d\u00eda de santa Rosa Verso del Juicio Final a lo divino La guerra con la Argentina Contestaci\u00f3n al poeta Daniel Meneses Contestaci\u00f3n al [&hellip;]<\/p>\n","protected":false},"author":1,"featured_media":0,"parent":0,"menu_order":0,"comment_status":"closed","ping_status":"closed","template":"","meta":{"footnotes":""},"class_list":["post-4310","page","type-page","status-publish","hentry"],"jetpack_sharing_enabled":true,"_links":{"self":[{"href":"https:\/\/www.lirapopular.cl\/lirapopularxix\/wp-json\/wp\/v2\/pages\/4310","targetHints":{"allow":["GET"]}}],"collection":[{"href":"https:\/\/www.lirapopular.cl\/lirapopularxix\/wp-json\/wp\/v2\/pages"}],"about":[{"href":"https:\/\/www.lirapopular.cl\/lirapopularxix\/wp-json\/wp\/v2\/types\/page"}],"author":[{"embeddable":true,"href":"https:\/\/www.lirapopular.cl\/lirapopularxix\/wp-json\/wp\/v2\/users\/1"}],"replies":[{"embeddable":true,"href":"https:\/\/www.lirapopular.cl\/lirapopularxix\/wp-json\/wp\/v2\/comments?post=4310"}],"version-history":[{"count":0,"href":"https:\/\/www.lirapopular.cl\/lirapopularxix\/wp-json\/wp\/v2\/pages\/4310\/revisions"}],"wp:attachment":[{"href":"https:\/\/www.lirapopular.cl\/lirapopularxix\/wp-json\/wp\/v2\/media?parent=4310"}],"curies":[{"name":"wp","href":"https:\/\/api.w.org\/{rel}","templated":true}]}}