{"id":3477,"date":"2019-09-19T12:00:45","date_gmt":"2019-09-19T16:00:45","guid":{"rendered":"https:\/\/www.lirapopular.cl\/lirapopularxix\/?page_id=3477"},"modified":"2019-09-19T12:00:45","modified_gmt":"2019-09-19T16:00:45","slug":"el-italiano-que-mato-a-la-mujer-y-a-la-suegra-no5","status":"publish","type":"page","link":"https:\/\/www.lirapopular.cl\/lirapopularxix\/el-italiano-que-mato-a-la-mujer-y-a-la-suegra-no5\/","title":{"rendered":"EL ITALIANO <br>QUE MAT\u00d3 A <br>LA MUJER Y A LA SUEGRA N\u00ba5"},"content":{"rendered":"\n<div class=\"wp-block-image\"><figure class=\"alignright\"><a href=\"https:\/\/www.lirapopular.cl\/lirapopularxix\/wp-content\/uploads\/2019\/09\/568-1.jpg\"><img loading=\"lazy\" decoding=\"async\" width=\"300\" height=\"214\" src=\"https:\/\/www.lirapopular.cl\/lirapopularxix\/wp-content\/uploads\/2019\/09\/568-1-300x214.jpg\" alt=\"\" class=\"wp-image-3479\" srcset=\"https:\/\/www.lirapopular.cl\/lirapopularxix\/wp-content\/uploads\/2019\/09\/568-1-300x214.jpg 300w, https:\/\/www.lirapopular.cl\/lirapopularxix\/wp-content\/uploads\/2019\/09\/568-1-768x548.jpg 768w, https:\/\/www.lirapopular.cl\/lirapopularxix\/wp-content\/uploads\/2019\/09\/568-1.jpg 1000w\" sizes=\"auto, (max-width: 300px) 100vw, 300px\" \/><\/a><figcaption>Colecci\u00f3n Lira Popular de la Universidad de Chile<\/figcaption><\/figure><\/div>\n\n\n\n<p>Autor: Rafael Cordero<br>Impresor: Sin informaci\u00f3n<br>Tama\u00f1o: 52,8 x 37,2 cm<br>Clasificaci\u00f3n: 568 C794 Caja N\u00b010a<\/p>\n\n\n\n<ul class=\"wp-block-list\"><li><a href=\"https:\/\/www.lirapopular.cl\/lirapopularxix\/2019\/09\/19\/el-italiano-que-mato-a-la-mujer-y-a-la-suegra\/\">El italiano  que mat\u00f3 a  la mujer y a la suegra<\/a><\/li><li><a href=\"https:\/\/www.lirapopular.cl\/lirapopularxix\/2019\/09\/19\/asesinato-en-el-puerto-una-mujer-con-10-punaladas\/\">Asesinato en el puerto  una mujer con 10 pu\u00f1aladas<\/a><\/li><li><a href=\"https:\/\/www.lirapopular.cl\/lirapopularxix\/2019\/09\/19\/aventura-de-un-comisionado\/\">Aventura  de un comisionado<\/a><\/li><li><a href=\"https:\/\/www.lirapopular.cl\/lirapopularxix\/2019\/09\/19\/el-hombre-hembra\/\">El hombre-hembra<\/a><\/li><\/ul>\n\n\n\n<p>Nota: Este ejemplar tiene escrito a mano con l\u00e1piz rojo \u201c568\u201d<\/p>\n","protected":false},"excerpt":{"rendered":"<p>Autor: Rafael CorderoImpresor: Sin informaci\u00f3nTama\u00f1o: 52,8 x 37,2 cmClasificaci\u00f3n: 568 C794 Caja N\u00b010a El italiano que mat\u00f3 a la mujer y a la suegra Asesinato en el puerto una mujer con 10 pu\u00f1aladas Aventura de un comisionado El hombre-hembra Nota: Este ejemplar tiene escrito a mano con l\u00e1piz rojo \u201c568\u201d<\/p>\n","protected":false},"author":1,"featured_media":0,"parent":0,"menu_order":0,"comment_status":"closed","ping_status":"closed","template":"","meta":{"footnotes":""},"class_list":["post-3477","page","type-page","status-publish","hentry"],"jetpack_sharing_enabled":true,"_links":{"self":[{"href":"https:\/\/www.lirapopular.cl\/lirapopularxix\/wp-json\/wp\/v2\/pages\/3477","targetHints":{"allow":["GET"]}}],"collection":[{"href":"https:\/\/www.lirapopular.cl\/lirapopularxix\/wp-json\/wp\/v2\/pages"}],"about":[{"href":"https:\/\/www.lirapopular.cl\/lirapopularxix\/wp-json\/wp\/v2\/types\/page"}],"author":[{"embeddable":true,"href":"https:\/\/www.lirapopular.cl\/lirapopularxix\/wp-json\/wp\/v2\/users\/1"}],"replies":[{"embeddable":true,"href":"https:\/\/www.lirapopular.cl\/lirapopularxix\/wp-json\/wp\/v2\/comments?post=3477"}],"version-history":[{"count":0,"href":"https:\/\/www.lirapopular.cl\/lirapopularxix\/wp-json\/wp\/v2\/pages\/3477\/revisions"}],"wp:attachment":[{"href":"https:\/\/www.lirapopular.cl\/lirapopularxix\/wp-json\/wp\/v2\/media?parent=3477"}],"curies":[{"name":"wp","href":"https:\/\/api.w.org\/{rel}","templated":true}]}}