{"id":3380,"date":"2019-09-13T20:35:04","date_gmt":"2019-09-14T00:35:04","guid":{"rendered":"https:\/\/www.lirapopular.cl\/lirapopularxix\/?page_id=3380"},"modified":"2019-09-13T20:35:04","modified_gmt":"2019-09-14T00:35:04","slug":"el-horroroso-crimen-de-parricidio-en-chillan","status":"publish","type":"page","link":"https:\/\/www.lirapopular.cl\/lirapopularxix\/el-horroroso-crimen-de-parricidio-en-chillan\/","title":{"rendered":"EL HORROROSO CR\u00cdMEN<br>DE PARRICIDIO EN CHILL\u00c1N"},"content":{"rendered":"\n<div class=\"wp-block-image\"><figure class=\"alignright\"><a href=\"https:\/\/www.lirapopular.cl\/lirapopularxix\/wp-content\/uploads\/2019\/09\/580.jpg\"><img loading=\"lazy\" decoding=\"async\" width=\"300\" height=\"208\" src=\"https:\/\/www.lirapopular.cl\/lirapopularxix\/wp-content\/uploads\/2019\/09\/580-300x208.jpg\" alt=\"\" class=\"wp-image-3381\" srcset=\"https:\/\/www.lirapopular.cl\/lirapopularxix\/wp-content\/uploads\/2019\/09\/580-300x208.jpg 300w, https:\/\/www.lirapopular.cl\/lirapopularxix\/wp-content\/uploads\/2019\/09\/580-768x531.jpg 768w, https:\/\/www.lirapopular.cl\/lirapopularxix\/wp-content\/uploads\/2019\/09\/580.jpg 1000w\" sizes=\"auto, (max-width: 300px) 100vw, 300px\" \/><\/a><figcaption>Colecci\u00f3n Lira Popular de la <br>Universidad de Chile<\/figcaption><\/figure><\/div>\n\n\n\n<p>Autor: Antonio Contreras Suarez<br>Impresor: Sin informaci\u00f3n<br>Tama\u00f1o: 51,6 x 34,8 cm<br>Clasificaci\u00f3n: 580 C819h Caja N\u00b011a, 586 C819e Caja N\u00b011a<\/p>\n\n\n\n<ul class=\"wp-block-list\"><li><a href=\"https:\/\/www.lirapopular.cl\/lirapopularxix\/2019\/09\/15\/el-horroroso-crimen-de-parricidio-en-chillan\/\">El horroroso crimen de parricidio en Chill\u00e1n<\/a><\/li><li><a href=\"https:\/\/www.lirapopular.cl\/lirapopularxix\/2019\/09\/15\/una-entrevista-del-reo-acuna-con-su-atribulada-madre-i-dos-hermanas-suyas-en-su-triste-calabozo\/\">Una entrevista del reo Acu\u00f1a<\/a><\/li><li><a href=\"https:\/\/www.lirapopular.cl\/lirapopularxix\/2019\/09\/15\/carta-del-reo-acuna-al-publico-de-chillan\/\">Carta del reo Acu\u00f1a al p\u00fablico de Chill\u00e1n<\/a><\/li><li><a href=\"https:\/\/www.lirapopular.cl\/lirapopularxix\/2019\/09\/15\/carta-de-pesame-a-la-inconsolable-madre-del-ajusti-ciado-reo-jose-a-2o-acuna\/\">Carta de p\u00e9same a la inconsolable madre del ajusticiado reo Jos\u00e9 A. 2\u00ba Acu\u00f1a<\/a><\/li><li><a href=\"https:\/\/www.lirapopular.cl\/lirapopularxix\/2019\/09\/15\/la-ejecucion-del-reo\/\">La ejecuci\u00f3n del reo<\/a><\/li><\/ul>\n\n\n\n<div class=\"wp-block-image\"><figure class=\"alignright size-medium\"><a href=\"https:\/\/www.lirapopular.cl\/lirapopularxix\/wp-content\/uploads\/2019\/09\/586.jpg\"><img loading=\"lazy\" decoding=\"async\" width=\"300\" height=\"204\" src=\"https:\/\/www.lirapopular.cl\/lirapopularxix\/wp-content\/uploads\/2019\/09\/586-300x204.jpg\" alt=\"\" class=\"wp-image-3471\" srcset=\"https:\/\/www.lirapopular.cl\/lirapopularxix\/wp-content\/uploads\/2019\/09\/586-300x204.jpg 300w, https:\/\/www.lirapopular.cl\/lirapopularxix\/wp-content\/uploads\/2019\/09\/586-768x522.jpg 768w, https:\/\/www.lirapopular.cl\/lirapopularxix\/wp-content\/uploads\/2019\/09\/586.jpg 1000w\" sizes=\"auto, (max-width: 300px) 100vw, 300px\" \/><\/a><figcaption>Colecci\u00f3n Lira Popular de la<br>Universidad de Chile<\/figcaption><\/figure><\/div>\n\n\n\n<p>Nota: El 1er ejemplar tiene escrito a mano con l\u00e1piz rojo \u201c580\u201d<br>El 2\u00ba ejemplar tiene escrito a mano con l\u00e1piz rojo \u201c586\u201d<\/p>\n","protected":false},"excerpt":{"rendered":"<p>Autor: Antonio Contreras SuarezImpresor: Sin informaci\u00f3nTama\u00f1o: 51,6 x 34,8 cmClasificaci\u00f3n: 580 C819h Caja N\u00b011a, 586 C819e Caja N\u00b011a El horroroso crimen de parricidio en Chill\u00e1n Una entrevista del reo Acu\u00f1a Carta del reo Acu\u00f1a al p\u00fablico de Chill\u00e1n Carta de p\u00e9same a la inconsolable madre del ajusticiado reo Jos\u00e9 A. 2\u00ba Acu\u00f1a La ejecuci\u00f3n del [&hellip;]<\/p>\n","protected":false},"author":1,"featured_media":0,"parent":0,"menu_order":0,"comment_status":"closed","ping_status":"closed","template":"","meta":{"footnotes":""},"class_list":["post-3380","page","type-page","status-publish","hentry"],"jetpack_sharing_enabled":true,"_links":{"self":[{"href":"https:\/\/www.lirapopular.cl\/lirapopularxix\/wp-json\/wp\/v2\/pages\/3380","targetHints":{"allow":["GET"]}}],"collection":[{"href":"https:\/\/www.lirapopular.cl\/lirapopularxix\/wp-json\/wp\/v2\/pages"}],"about":[{"href":"https:\/\/www.lirapopular.cl\/lirapopularxix\/wp-json\/wp\/v2\/types\/page"}],"author":[{"embeddable":true,"href":"https:\/\/www.lirapopular.cl\/lirapopularxix\/wp-json\/wp\/v2\/users\/1"}],"replies":[{"embeddable":true,"href":"https:\/\/www.lirapopular.cl\/lirapopularxix\/wp-json\/wp\/v2\/comments?post=3380"}],"version-history":[{"count":0,"href":"https:\/\/www.lirapopular.cl\/lirapopularxix\/wp-json\/wp\/v2\/pages\/3380\/revisions"}],"wp:attachment":[{"href":"https:\/\/www.lirapopular.cl\/lirapopularxix\/wp-json\/wp\/v2\/media?parent=3380"}],"curies":[{"name":"wp","href":"https:\/\/api.w.org\/{rel}","templated":true}]}}