{"id":3234,"date":"2019-09-09T13:39:42","date_gmt":"2019-09-09T17:39:42","guid":{"rendered":"https:\/\/www.lirapopular.cl\/lirapopularxix\/?page_id=3234"},"modified":"2019-09-09T13:39:42","modified_gmt":"2019-09-09T17:39:42","slug":"fusilamiento-del-reo-manuel-pozo","status":"publish","type":"page","link":"https:\/\/www.lirapopular.cl\/lirapopularxix\/fusilamiento-del-reo-manuel-pozo\/","title":{"rendered":"FUSILAMIENTO DEL REO MANUEL POZO"},"content":{"rendered":"\n<div class=\"wp-block-image\"><figure class=\"alignright\"><a href=\"https:\/\/www.lirapopular.cl\/lirapopularxix\/wp-content\/uploads\/2019\/09\/697.jpg\"><img loading=\"lazy\" decoding=\"async\" width=\"214\" height=\"300\" src=\"https:\/\/www.lirapopular.cl\/lirapopularxix\/wp-content\/uploads\/2019\/09\/697-214x300.jpg\" alt=\"\" class=\"wp-image-3239\" srcset=\"https:\/\/www.lirapopular.cl\/lirapopularxix\/wp-content\/uploads\/2019\/09\/697-214x300.jpg 214w, https:\/\/www.lirapopular.cl\/lirapopularxix\/wp-content\/uploads\/2019\/09\/697.jpg 713w\" sizes=\"auto, (max-width: 214px) 100vw, 214px\" \/><\/a><figcaption>Colecci\u00f3n Lira Popular de la <br>Universidad de Chile<\/figcaption><\/figure><\/div>\n\n\n\n<p>Autor: Juan Carrasco Tenorio<br>Impresor: Sin informaci\u00f3n<br>Tama\u00f1o: 26,5 x 36,8 cm<br>Clasificaci\u00f3n: 697 C311f Caja N\u00b04a<\/p>\n\n\n\n<ul class=\"wp-block-list\"><li><a href=\"https:\/\/www.lirapopular.cl\/lirapopularxix\/2019\/09\/09\/fusilamiento-del-reo-manuel-pozo\/\">Fusilamiento del Reo Manuel Pozo<\/a><\/li><li><a href=\"https:\/\/www.lirapopular.cl\/lirapopularxix\/2019\/09\/09\/amor-puro-y-fino\/\">Amor puro y fino<\/a><\/li><li><a href=\"https:\/\/www.lirapopular.cl\/lirapopularxix\/2019\/09\/09\/amor-intenso-2\/\">Amor intenso<\/a><\/li><li><a href=\"https:\/\/www.lirapopular.cl\/lirapopularxix\/2019\/09\/09\/la-inconstancia-y-la-fidelidad\/\">La inconstancia y la fidelidad<\/a><\/li><\/ul>\n\n\n\n<p>Nota: Este ejemplar tiene escrito a mano con l\u00e1piz rojo \u201c697\u201d<br>Utiliza la imagen que tambi\u00e9n la encontramos en dos liras an\u00f3nimas: <a href=\"https:\/\/www.lirapopular.cl\/lirapopularxix\/fusilamiento-en-santiago-de-los-reos-tomas-bermal-y-jose-manuel-salas\/\">1<\/a> y <a href=\"https:\/\/www.lirapopular.cl\/lirapopularxix\/fusilamientoen-santiago-de-los-reos-jose-maria-nunez-yjuan-jose-oteiza\/\">2<\/a>.<\/p>\n","protected":false},"excerpt":{"rendered":"<p>Autor: Juan Carrasco TenorioImpresor: Sin informaci\u00f3nTama\u00f1o: 26,5 x 36,8 cmClasificaci\u00f3n: 697 C311f Caja N\u00b04a Fusilamiento del Reo Manuel Pozo Amor puro y fino Amor intenso La inconstancia y la fidelidad Nota: Este ejemplar tiene escrito a mano con l\u00e1piz rojo \u201c697\u201dUtiliza la imagen que tambi\u00e9n la encontramos en dos liras an\u00f3nimas: 1 y 2.<\/p>\n","protected":false},"author":1,"featured_media":0,"parent":0,"menu_order":0,"comment_status":"closed","ping_status":"closed","template":"","meta":{"footnotes":""},"class_list":["post-3234","page","type-page","status-publish","hentry"],"jetpack_sharing_enabled":true,"_links":{"self":[{"href":"https:\/\/www.lirapopular.cl\/lirapopularxix\/wp-json\/wp\/v2\/pages\/3234","targetHints":{"allow":["GET"]}}],"collection":[{"href":"https:\/\/www.lirapopular.cl\/lirapopularxix\/wp-json\/wp\/v2\/pages"}],"about":[{"href":"https:\/\/www.lirapopular.cl\/lirapopularxix\/wp-json\/wp\/v2\/types\/page"}],"author":[{"embeddable":true,"href":"https:\/\/www.lirapopular.cl\/lirapopularxix\/wp-json\/wp\/v2\/users\/1"}],"replies":[{"embeddable":true,"href":"https:\/\/www.lirapopular.cl\/lirapopularxix\/wp-json\/wp\/v2\/comments?post=3234"}],"version-history":[{"count":0,"href":"https:\/\/www.lirapopular.cl\/lirapopularxix\/wp-json\/wp\/v2\/pages\/3234\/revisions"}],"wp:attachment":[{"href":"https:\/\/www.lirapopular.cl\/lirapopularxix\/wp-json\/wp\/v2\/media?parent=3234"}],"curies":[{"name":"wp","href":"https:\/\/api.w.org\/{rel}","templated":true}]}}