{"id":27271,"date":"2022-05-05T16:54:25","date_gmt":"2022-05-05T20:54:25","guid":{"rendered":"https:\/\/www.lirapopular.cl\/lirapopularxix\/?page_id=27271"},"modified":"2022-05-05T16:54:25","modified_gmt":"2022-05-05T20:54:25","slug":"rolak-larranaga-romulo","status":"publish","type":"page","link":"https:\/\/www.lirapopular.cl\/lirapopularxix\/rolak-larranaga-romulo\/","title":{"rendered":"R\u00f3lak (R\u00f3mulo Larra\u00f1aga)"},"content":{"rendered":"\n<div class=\"wp-block-image\"><figure class=\"aligncenter size-full\"><img loading=\"lazy\" decoding=\"async\" width=\"1024\" height=\"634\" src=\"https:\/\/www.lirapopular.cl\/lirapopularxix\/wp-content\/uploads\/2022\/05\/Rolak-1.png\" alt=\"\" class=\"wp-image-27303\" srcset=\"https:\/\/www.lirapopular.cl\/lirapopularxix\/wp-content\/uploads\/2022\/05\/Rolak-1.png 1024w, https:\/\/www.lirapopular.cl\/lirapopularxix\/wp-content\/uploads\/2022\/05\/Rolak-1-300x186.png 300w, https:\/\/www.lirapopular.cl\/lirapopularxix\/wp-content\/uploads\/2022\/05\/Rolak-1-768x476.png 768w\" sizes=\"auto, (max-width: 1024px) 100vw, 1024px\" \/><\/figure><\/div>\n\n\n\n<figure class=\"wp-block-table is-style-stripes\"><table><tbody><tr><td>hombre<\/td><td>226<\/td><\/tr><tr><td>mujer<\/td><td>215<\/td><\/tr><tr><td>amor<\/td><td>214<\/td><\/tr><tr><td>corazon<\/td><td>150<\/td><\/tr><tr><td>dios<\/td><td>146<\/td><\/tr><tr><td>jente<\/td><td>141<\/td><\/tr><tr><td>casa<\/td><td>125<\/td><\/tr><tr><td>se\u00f1or<\/td><td>124<\/td><\/tr><tr><td>pueblo<\/td><td>123<\/td><\/tr><tr><td>verso<\/td><td>122<\/td><\/tr><tr><td>mundo<\/td><td>118<\/td><\/tr><tr><td>pobre<\/td><td>112<\/td><\/tr><tr><td>aquella<\/td><td>110<\/td><\/tr><tr><td>crimen<\/td><td>108<\/td><\/tr><tr><td>muerte<\/td><td>108<\/td><\/tr><tr><td>tiempo<\/td><td>108<\/td><\/tr><tr><td>vida<\/td><td>107<\/td><\/tr><tr><td>don<\/td><td>105<\/td><\/tr><tr><td>mano<\/td><td>104<\/td><\/tr><tr><td>calle<\/td><td>102<\/td><\/tr><tr><td>juez<\/td><td>102<\/td><\/tr><tr><td>san<\/td><td>99<\/td><\/tr><tr><td>grande<\/td><td>98<\/td><\/tr><tr><td>publicado<\/td><td>98<\/td><\/tr><tr><td>vi\u00f3<\/td><td>98<\/td><\/tr><tr><td>alma<\/td><td>97<\/td><\/tr><tr><td>momento<\/td><td>92<\/td><\/tr><tr><td>sangre<\/td><td>91<\/td><\/tr><tr><td>pena<\/td><td>89<\/td><\/tr><tr><td>noche<\/td><td>87<\/td><\/tr><tr><td>puso<\/td><td>87<\/td><\/tr><tr><td>pecho<\/td><td>86<\/td><\/tr><tr><td>caso<\/td><td>85<\/td><\/tr><tr><td>cuanto<\/td><td>85<\/td><\/tr><tr><td>hijo<\/td><td>85<\/td><\/tr><tr><td>vino<\/td><td>84<\/td><\/tr><tr><td>madre<\/td><td>83<\/td><\/tr><tr><td>cosa<\/td><td>80<\/td><\/tr><tr><td>mientras<\/td><td>79<\/td><\/tr><tr><td>lector<\/td><td>77<\/td><\/tr><tr><td>mil<\/td><td>77<\/td><\/tr><tr><td>puerta<\/td><td>77<\/td><\/tr><tr><td>suerte<\/td><td>76<\/td><\/tr><tr><td>bastante<\/td><td>75<\/td><\/tr><tr><td>frente<\/td><td>74<\/td><\/tr><tr><td>ma\u00f1ana<\/td><td>74<\/td><\/tr><tr><td>muerto<\/td><td>74<\/td><\/tr><tr><td>iba<\/td><td>73<\/td><\/tr><tr><td>quiso<\/td><td>72<\/td><\/tr><tr><td>tenia<\/td><td>72<\/td><\/tr><tr><td>triste<\/td><td>72<\/td><\/tr><tr><td>Chile<\/td><td>71<\/td><\/tr><tr><td>cierto<\/td><td>71<\/td><\/tr><tr><td>causa<\/td><td>70<\/td><\/tr><tr><td>fueron<\/td><td>69<\/td><\/tr><\/tbody><\/table><\/figure>\n","protected":false},"excerpt":{"rendered":"<p>hombre 226 mujer 215 amor 214 corazon 150 dios 146 jente 141 casa 125 se\u00f1or 124 pueblo 123 verso 122 mundo 118 pobre 112 aquella 110 crimen 108 muerte 108 tiempo 108 vida 107 don 105 mano 104 calle 102 juez 102 san 99 grande 98 publicado 98 vi\u00f3 98 alma 97 momento 92 sangre [&hellip;]<\/p>\n","protected":false},"author":1,"featured_media":0,"parent":0,"menu_order":0,"comment_status":"closed","ping_status":"closed","template":"","meta":{"footnotes":""},"class_list":["post-27271","page","type-page","status-publish","hentry"],"jetpack_sharing_enabled":true,"_links":{"self":[{"href":"https:\/\/www.lirapopular.cl\/lirapopularxix\/wp-json\/wp\/v2\/pages\/27271","targetHints":{"allow":["GET"]}}],"collection":[{"href":"https:\/\/www.lirapopular.cl\/lirapopularxix\/wp-json\/wp\/v2\/pages"}],"about":[{"href":"https:\/\/www.lirapopular.cl\/lirapopularxix\/wp-json\/wp\/v2\/types\/page"}],"author":[{"embeddable":true,"href":"https:\/\/www.lirapopular.cl\/lirapopularxix\/wp-json\/wp\/v2\/users\/1"}],"replies":[{"embeddable":true,"href":"https:\/\/www.lirapopular.cl\/lirapopularxix\/wp-json\/wp\/v2\/comments?post=27271"}],"version-history":[{"count":0,"href":"https:\/\/www.lirapopular.cl\/lirapopularxix\/wp-json\/wp\/v2\/pages\/27271\/revisions"}],"wp:attachment":[{"href":"https:\/\/www.lirapopular.cl\/lirapopularxix\/wp-json\/wp\/v2\/media?parent=27271"}],"curies":[{"name":"wp","href":"https:\/\/api.w.org\/{rel}","templated":true}]}}