{"id":26888,"date":"2021-11-23T20:29:21","date_gmt":"2021-11-24T00:29:21","guid":{"rendered":"https:\/\/www.lirapopular.cl\/lirapopularxix\/?page_id=26888"},"modified":"2021-11-23T20:29:21","modified_gmt":"2021-11-24T00:29:21","slug":"versos-populares-de-raimundo-navarro","status":"publish","type":"page","link":"https:\/\/www.lirapopular.cl\/lirapopularxix\/versos-populares-de-raimundo-navarro\/","title":{"rendered":"Versos Populares <br>DE RAIMUNDO NAVARRO FLORES, POETA POPULAR CAMPESINO"},"content":{"rendered":"\n<div class=\"wp-block-image is-style-default\"><figure class=\"alignright size-medium\"><a href=\"https:\/\/www.lirapopular.cl\/lirapopularxix\/wp-content\/uploads\/2021\/11\/LO0012001.jpg\"><img loading=\"lazy\" decoding=\"async\" width=\"211\" height=\"300\" src=\"https:\/\/www.lirapopular.cl\/lirapopularxix\/wp-content\/uploads\/2021\/11\/LO0012001-211x300.jpg\" alt=\"\" class=\"wp-image-26892\" srcset=\"https:\/\/www.lirapopular.cl\/lirapopularxix\/wp-content\/uploads\/2021\/11\/LO0012001-211x300.jpg 211w, https:\/\/www.lirapopular.cl\/lirapopularxix\/wp-content\/uploads\/2021\/11\/LO0012001.jpg 703w\" sizes=\"auto, (max-width: 211px) 100vw, 211px\" \/><\/a><figcaption>Archivo de Literatura Oral<br \/>Fondo Rodolfo Lenz<\/figcaption><\/figure><\/div>\n\n\n\n<p>Autor: Raimundo Navarro Flores.<br \/>Impresor: Sin informaci\u00f3n<br \/>Tama\u00f1o: 39 x 28 cm<br \/>Clasificaci\u00f3n: BN C\u00f3digo:&nbsp;LO0012001<\/p>\n\n\n\n<ul class=\"wp-block-list\"><li><a href=\"https:\/\/www.lirapopular.cl\/lirapopularxix\/2021\/11\/24\/les-cuentopienso-casarme\/\">Les cuento pienso casarme<\/a><\/li><li><a href=\"https:\/\/www.lirapopular.cl\/lirapopularxix\/2021\/11\/24\/por-la-mas-querida-prenda\/\">Por la m\u00e1s querida prenda<\/a><\/li><li><a href=\"https:\/\/www.lirapopular.cl\/lirapopularxix\/2021\/11\/24\/vaya-donde-sequiere-que-vaya\/\">Vaya donde se quiere que vaya<\/a><\/li><li><a href=\"https:\/\/www.lirapopular.cl\/lirapopularxix\/2021\/11\/24\/saludotesacratisima\/\">Sal\u00fadote Sacrat\u00edsima<\/a><\/li><\/ul>\n\n\n\n<p>Nota: Creemos que este autor est\u00e1 por error dentro del Fondo Rodolfo Lenz ya que Navarro public\u00f3 en el diario <em>El Siglo<\/em> en la d\u00e9cada del &#8217;50 y particip\u00f3 en el Primer Congreso Nacional de Poetas y Cantores Populares de Chile (1954). <br \/>Este ejemplar tiene escrito a mano con l\u00e1piz rojo \u201c-1-\u201d con grafito &#8220;A B C&#8221; analizando la d\u00e9cima.<br \/>Documento optimizado digitalmente.<\/p>\n","protected":false},"excerpt":{"rendered":"<p>Autor: Raimundo Navarro Flores.Impresor: Sin informaci\u00f3nTama\u00f1o: 39 x 28 cmClasificaci\u00f3n: BN C\u00f3digo:&nbsp;LO0012001 Les cuento pienso casarme Por la m\u00e1s querida prenda Vaya donde se quiere que vaya Sal\u00fadote Sacrat\u00edsima Nota: Creemos que este autor est\u00e1 por error dentro del Fondo Rodolfo Lenz ya que Navarro public\u00f3 en el diario El Siglo en la d\u00e9cada del [&hellip;]<\/p>\n","protected":false},"author":1,"featured_media":0,"parent":0,"menu_order":0,"comment_status":"closed","ping_status":"closed","template":"","meta":{"footnotes":""},"class_list":["post-26888","page","type-page","status-publish","hentry"],"jetpack_sharing_enabled":true,"_links":{"self":[{"href":"https:\/\/www.lirapopular.cl\/lirapopularxix\/wp-json\/wp\/v2\/pages\/26888","targetHints":{"allow":["GET"]}}],"collection":[{"href":"https:\/\/www.lirapopular.cl\/lirapopularxix\/wp-json\/wp\/v2\/pages"}],"about":[{"href":"https:\/\/www.lirapopular.cl\/lirapopularxix\/wp-json\/wp\/v2\/types\/page"}],"author":[{"embeddable":true,"href":"https:\/\/www.lirapopular.cl\/lirapopularxix\/wp-json\/wp\/v2\/users\/1"}],"replies":[{"embeddable":true,"href":"https:\/\/www.lirapopular.cl\/lirapopularxix\/wp-json\/wp\/v2\/comments?post=26888"}],"version-history":[{"count":0,"href":"https:\/\/www.lirapopular.cl\/lirapopularxix\/wp-json\/wp\/v2\/pages\/26888\/revisions"}],"wp:attachment":[{"href":"https:\/\/www.lirapopular.cl\/lirapopularxix\/wp-json\/wp\/v2\/media?parent=26888"}],"curies":[{"name":"wp","href":"https:\/\/api.w.org\/{rel}","templated":true}]}}