{"id":25804,"date":"2021-11-04T20:16:30","date_gmt":"2021-11-05T00:16:30","guid":{"rendered":"https:\/\/www.lirapopular.cl\/lirapopularxix\/?page_id=25804"},"modified":"2021-11-04T20:16:30","modified_gmt":"2021-11-05T00:16:30","slug":"el-guitarrero-popular-n-3","status":"publish","type":"page","link":"https:\/\/www.lirapopular.cl\/lirapopularxix\/el-guitarrero-popular-n-3\/","title":{"rendered":"El Guitarrero Popular-N.3"},"content":{"rendered":"\n<div class=\"wp-block-image\"><figure class=\"alignright size-medium\"><a href=\"https:\/\/www.lirapopular.cl\/lirapopularxix\/wp-content\/uploads\/2021\/11\/LO0012327.jpg\"><img decoding=\"async\" src=\"https:\/\/www.lirapopular.cl\/lirapopularxix\/wp-content\/uploads\/2021\/11\/LO0012327-207x300.jpg\" alt=\"\" class=\"wp-image-25807\"\/><\/a><figcaption>Archivo de Literatura Oral<br \/>Fondo Rodolfo Lenz<\/figcaption><\/figure><\/div>\n\n\n\n<p>Autor: An\u00f3nimo.<br \/>Impresor: Imp. \u00abEl Debate\u00bb \u2014 S. Francisco 183<br \/>Tama\u00f1o: 55 x 38 cm<br \/>Clasificaci\u00f3n: BN C\u00f3digo:\u00a0LO0012327<\/p>\n\n\n\n<ul class=\"wp-block-list\"><li><a href=\"https:\/\/www.lirapopular.cl\/lirapopularxix\/2021\/11\/05\/la-emancipacion-poli-tica-de-chileel-regocijo-popular\/\">La emancipacion pol\u00edtica de Chile. El regocijo popular<\/a><\/li><li><a href=\"https:\/\/www.lirapopular.cl\/lirapopularxix\/2021\/11\/05\/una-mujer-condenadaa-muerteel-cadalso-para-las-mujeres\/\">Una mujer condenada a muerte. El cadalso para las mujeres<\/a><\/li><li><a href=\"https:\/\/www.lirapopular.cl\/lirapopularxix\/2021\/11\/05\/lista-de-ninas-jovenespara-un-gran-conviteen-el-parque\/\">Lista de ni\u00f1as j\u00f3venes para un gran convite en el parque<\/a><\/li><li><a href=\"https:\/\/www.lirapopular.cl\/lirapopularxix\/2021\/11\/05\/cuecas-especialespara-celebrarlas-fiestas-patrias-2\/\">Cuecas especiales para celebrar las Fiestas Patrias<\/a><\/li><li><a href=\"https:\/\/www.lirapopular.cl\/lirapopularxix\/2021\/11\/05\/brindis-nuevos-para-el-18para-todos-los-gusto\/\">Brindis nuevos para el 18. Para todos los gustos<\/a><\/li><li><a href=\"https:\/\/www.lirapopular.cl\/lirapopularxix\/2021\/11\/05\/marsellesasocialistaen-honor-de-la-futura-liber-tad-de-los-rotos\/\">Marsellesa socialista en honor de la futura libertad de los rotos<\/a><\/li><\/ul>\n\n\n\n<p>Nota: Este ejemplar tiene escrito a mano con l\u00e1piz rojo \u201c-35-\u201d, marca con &#8220;x&#8221; en dos versos.<br \/>Por el estilo de los versos, errores e impresi\u00f3n es probable que pertenezca a Juan B. Peralta.<br \/>Documento optimizado digitalmente.<\/p>\n","protected":false},"excerpt":{"rendered":"<p>Autor: An\u00f3nimo.Impresor: Imp. \u00abEl Debate\u00bb \u2014 S. Francisco 183Tama\u00f1o: 55 x 38 cmClasificaci\u00f3n: BN C\u00f3digo:\u00a0LO0012327 La emancipacion pol\u00edtica de Chile. El regocijo popular Una mujer condenada a muerte. El cadalso para las mujeres Lista de ni\u00f1as j\u00f3venes para un gran convite en el parque Cuecas especiales para celebrar las Fiestas Patrias Brindis nuevos para el [&hellip;]<\/p>\n","protected":false},"author":1,"featured_media":0,"parent":0,"menu_order":0,"comment_status":"closed","ping_status":"closed","template":"","meta":{"footnotes":""},"class_list":["post-25804","page","type-page","status-publish","hentry"],"jetpack_sharing_enabled":true,"_links":{"self":[{"href":"https:\/\/www.lirapopular.cl\/lirapopularxix\/wp-json\/wp\/v2\/pages\/25804","targetHints":{"allow":["GET"]}}],"collection":[{"href":"https:\/\/www.lirapopular.cl\/lirapopularxix\/wp-json\/wp\/v2\/pages"}],"about":[{"href":"https:\/\/www.lirapopular.cl\/lirapopularxix\/wp-json\/wp\/v2\/types\/page"}],"author":[{"embeddable":true,"href":"https:\/\/www.lirapopular.cl\/lirapopularxix\/wp-json\/wp\/v2\/users\/1"}],"replies":[{"embeddable":true,"href":"https:\/\/www.lirapopular.cl\/lirapopularxix\/wp-json\/wp\/v2\/comments?post=25804"}],"version-history":[{"count":0,"href":"https:\/\/www.lirapopular.cl\/lirapopularxix\/wp-json\/wp\/v2\/pages\/25804\/revisions"}],"wp:attachment":[{"href":"https:\/\/www.lirapopular.cl\/lirapopularxix\/wp-json\/wp\/v2\/media?parent=25804"}],"curies":[{"name":"wp","href":"https:\/\/api.w.org\/{rel}","templated":true}]}}