{"id":25784,"date":"2021-11-04T16:35:10","date_gmt":"2021-11-04T20:35:10","guid":{"rendered":"https:\/\/www.lirapopular.cl\/lirapopularxix\/?page_id=25784"},"modified":"2021-11-04T16:35:10","modified_gmt":"2021-11-04T20:35:10","slug":"el-guitarrero-patriotico-publicacion-de-versos-sensacionales-2","status":"publish","type":"page","link":"https:\/\/www.lirapopular.cl\/lirapopularxix\/el-guitarrero-patriotico-publicacion-de-versos-sensacionales-2\/","title":{"rendered":"El Guitarrero Patri\u00f3tico <br>Publicacion de Versos Sensacionales"},"content":{"rendered":"\n<div class=\"wp-block-image\"><figure class=\"alignright size-medium\"><a href=\"https:\/\/www.lirapopular.cl\/lirapopularxix\/wp-content\/uploads\/2021\/11\/LO0012095.jpg\"><img loading=\"lazy\" decoding=\"async\" width=\"216\" height=\"300\" src=\"https:\/\/www.lirapopular.cl\/lirapopularxix\/wp-content\/uploads\/2021\/11\/LO0012095-216x300.jpg\" alt=\"\" class=\"wp-image-25785\" srcset=\"https:\/\/www.lirapopular.cl\/lirapopularxix\/wp-content\/uploads\/2021\/11\/LO0012095-216x300.jpg 216w, https:\/\/www.lirapopular.cl\/lirapopularxix\/wp-content\/uploads\/2021\/11\/LO0012095.jpg 721w\" sizes=\"auto, (max-width: 216px) 100vw, 216px\" \/><\/a><figcaption>Archivo de Literatura Oral<br \/>Fondo Rodolfo Lenz<\/figcaption><\/figure><\/div>\n\n\n\n<p>Autor: Juan Bautista Peralta.<br \/>Impresor: Sin informaci\u00f3n<br \/>Tama\u00f1o: 39 x 28 cm<br \/>Clasificaci\u00f3n: BN C\u00f3digo:\u00a0LO0012095<\/p>\n\n\n\n<ul class=\"wp-block-list\"><li><a href=\"https:\/\/www.lirapopular.cl\/lirapopularxix\/2021\/11\/04\/el-conato-militar-para-deponer-el-gobierno-2\/\">El conato militar para deponer el gobierno y reformar la constituci\u00f3n. \u00bfD\u00f3nde ir\u00edamos a parar?<\/a><\/li><li><a href=\"https:\/\/www.lirapopular.cl\/lirapopularxix\/2021\/11\/04\/el-triunfo-de-cortinezen-la-aviacionel-tremendo-susto-de-loscholos\/\">El triunfo de Cort\u00ednez en la aviaci\u00f3n y el tremendo susto de los cholos<\/a><\/li><li><a href=\"https:\/\/www.lirapopular.cl\/lirapopularxix\/2021\/11\/04\/cuecasen-honor-de-los-aviado-res-cortinez-y-godoy\/\">Cuecas en honor de los aviadores Cort\u00ednez y Godoy<\/a><\/li><li><a href=\"https:\/\/www.lirapopular.cl\/lirapopularxix\/2021\/11\/04\/fusilamiento-proximo-en-rengo-los-reos-dinamarca-y-fuentes\/\">Fusilamiento pr\u00f3ximo en Rengo. Los reos Dinamarca y Fuentes, condenados a la \u00faltima pena<\/a><\/li><\/ul>\n\n\n\n<p>Nota: Director Juan B. Peralta. San Alfonso 333. Precio 20 Centavos.<br \/>Este ejemplar tiene escrito a mano con l\u00e1piz rojo \u201c-3-\u201d, con un timbre \u201c380\u201d, con l\u00e1piz grafito \u201c1919\u201d.<br \/>Reutiliza palas de texto del n\u00famero hom\u00f3nimo, <a href=\"https:\/\/www.lirapopular.cl\/lirapopularxix\/el-guitarrero-patriotico-publicacion-de-versos-sensacionales\/\">ver<\/a>.<br \/>Documento optimizado digitalmente.<\/p>\n","protected":false},"excerpt":{"rendered":"<p>Autor: Juan Bautista Peralta.Impresor: Sin informaci\u00f3nTama\u00f1o: 39 x 28 cmClasificaci\u00f3n: BN C\u00f3digo:\u00a0LO0012095 El conato militar para deponer el gobierno y reformar la constituci\u00f3n. \u00bfD\u00f3nde ir\u00edamos a parar? El triunfo de Cort\u00ednez en la aviaci\u00f3n y el tremendo susto de los cholos Cuecas en honor de los aviadores Cort\u00ednez y Godoy Fusilamiento pr\u00f3ximo en Rengo. Los [&hellip;]<\/p>\n","protected":false},"author":1,"featured_media":0,"parent":0,"menu_order":0,"comment_status":"closed","ping_status":"closed","template":"","meta":{"footnotes":""},"class_list":["post-25784","page","type-page","status-publish","hentry"],"jetpack_sharing_enabled":true,"_links":{"self":[{"href":"https:\/\/www.lirapopular.cl\/lirapopularxix\/wp-json\/wp\/v2\/pages\/25784","targetHints":{"allow":["GET"]}}],"collection":[{"href":"https:\/\/www.lirapopular.cl\/lirapopularxix\/wp-json\/wp\/v2\/pages"}],"about":[{"href":"https:\/\/www.lirapopular.cl\/lirapopularxix\/wp-json\/wp\/v2\/types\/page"}],"author":[{"embeddable":true,"href":"https:\/\/www.lirapopular.cl\/lirapopularxix\/wp-json\/wp\/v2\/users\/1"}],"replies":[{"embeddable":true,"href":"https:\/\/www.lirapopular.cl\/lirapopularxix\/wp-json\/wp\/v2\/comments?post=25784"}],"version-history":[{"count":0,"href":"https:\/\/www.lirapopular.cl\/lirapopularxix\/wp-json\/wp\/v2\/pages\/25784\/revisions"}],"wp:attachment":[{"href":"https:\/\/www.lirapopular.cl\/lirapopularxix\/wp-json\/wp\/v2\/media?parent=25784"}],"curies":[{"name":"wp","href":"https:\/\/api.w.org\/{rel}","templated":true}]}}