{"id":25716,"date":"2021-11-03T16:40:37","date_gmt":"2021-11-03T20:40:37","guid":{"rendered":"https:\/\/www.lirapopular.cl\/lirapopularxix\/?page_id=25716"},"modified":"2021-11-03T16:40:37","modified_gmt":"2021-11-03T20:40:37","slug":"crimen-misterioso-de-calle-de-valparaiso","status":"publish","type":"page","link":"https:\/\/www.lirapopular.cl\/lirapopularxix\/crimen-misterioso-de-calle-de-valparaiso\/","title":{"rendered":"CRIMEN MISTERIOSO DE CALLE VALPARAISO<br>Contrapunto i cuecas de LOS CANDIDATOS"},"content":{"rendered":"<div class=\"wp-block-image\">\n<figure class=\"alignright size-medium\"><a href=\"https:\/\/www.lirapopular.cl\/lirapopularxix\/wp-content\/uploads\/2021\/11\/LO0012290.jpg\"><img loading=\"lazy\" decoding=\"async\" width=\"210\" height=\"300\" src=\"https:\/\/www.lirapopular.cl\/lirapopularxix\/wp-content\/uploads\/2021\/11\/LO0012290-210x300.jpg\" alt=\"\" class=\"wp-image-25720\" srcset=\"https:\/\/www.lirapopular.cl\/lirapopularxix\/wp-content\/uploads\/2021\/11\/LO0012290-210x300.jpg 210w, https:\/\/www.lirapopular.cl\/lirapopularxix\/wp-content\/uploads\/2021\/11\/LO0012290-718x1024.jpg 718w, https:\/\/www.lirapopular.cl\/lirapopularxix\/wp-content\/uploads\/2021\/11\/LO0012290-768x1095.jpg 768w, https:\/\/www.lirapopular.cl\/lirapopularxix\/wp-content\/uploads\/2021\/11\/LO0012290-1077x1536.jpg 1077w, https:\/\/www.lirapopular.cl\/lirapopularxix\/wp-content\/uploads\/2021\/11\/LO0012290-1436x2048.jpg 1436w, https:\/\/www.lirapopular.cl\/lirapopularxix\/wp-content\/uploads\/2021\/11\/LO0012290.jpg 1753w\" sizes=\"auto, (max-width: 210px) 100vw, 210px\" \/><\/a><figcaption>Archivo de Literatura Oral<br \/>Fondo Rodolfo Lenz<\/figcaption><\/figure>\n<\/div>\n\n\n<p>Autor: Pepe Mon, E. Sosa, An\u00f3nimo.<br \/>Impresor: Imprenta J. Gregorio Olivares. Maturana 884.\u2014Santiago.<br \/>Tama\u00f1o: 52 x 37 cm<br \/>Clasificaci\u00f3n: BN C\u00f3digo:\u00a0LO0012290.<\/p>\n\n\n\n<ul class=\"wp-block-list\"><li><a href=\"https:\/\/www.lirapopular.cl\/lirapopularxix\/2021\/11\/04\/contrapunto-de-los-dos-can-didatos-continuacion-2\/\">Contrapunto de los dos candidatos (continuaci\u00f3n)<\/a><\/li><li><a href=\"https:\/\/www.lirapopular.cl\/lirapopularxix\/2021\/11\/04\/cuecas-montinas-2\/\">Cuecas montinas<\/a><\/li><li><a href=\"https:\/\/www.lirapopular.cl\/lirapopularxix\/2021\/11\/04\/a-lo-divino-16\/\">A lo divino<\/a><\/li><li><a href=\"https:\/\/www.lirapopular.cl\/lirapopularxix\/2021\/11\/04\/el-marido-que-mato-a-la-mu-jer-i-a-la-suegra-por-celos-3\/\">El marido que mat\u00f3 a la mujer y a la suegra por celos<\/a><\/li><li><a href=\"https:\/\/www.lirapopular.cl\/lirapopularxix\/2021\/11\/04\/la-mujer-casada-con-sietemaridos-3\/\">La mujer casada con siete maridos<\/a><\/li><li><a href=\"https:\/\/www.lirapopular.cl\/lirapopularxix\/2021\/11\/04\/el-esquelelo-misterioso-en-lacalle-de-valparaiso\/\">El esqueleto misterioso en la calle de Valpara\u00edso<\/a><\/li><\/ul>\n\n\n\n<p>Nota: En el titular se us\u00f3 &#8220;G&#8221; en vez de &#8220;C&#8221; lo corregimos para evitar confusi\u00f3n en el \u00edndice.<br \/>Esta lira tambi\u00e9n fue publicada como &#8220;Crimen misteriosos de la calle Valpara\u00edso&#8221;, <a href=\"https:\/\/www.lirapopular.cl\/lirapopularxix\/el-crimen-misterioso-de-la-calle-valparaiso\/\">ver<\/a>, con cambio de autor.<br \/>Dos versos tienen firma, al resto los catalogo &#8220;an\u00f3nimos&#8221;.<br \/>Este ejemplar tiene escrito a mano con l\u00e1piz rojo \u201c-28-\u201d y con un timbre &#8220;390&#8221; (poco claro).<br \/>Documento optimizado digitalmente.<\/p>\n","protected":false},"excerpt":{"rendered":"<p>Autor: Pepe Mon, E. Sosa, An\u00f3nimo.Impresor: Imprenta J. Gregorio Olivares. Maturana 884.\u2014Santiago.Tama\u00f1o: 52 x 37 cmClasificaci\u00f3n: BN C\u00f3digo:\u00a0LO0012290. Contrapunto de los dos candidatos (continuaci\u00f3n) Cuecas montinas A lo divino El marido que mat\u00f3 a la mujer y a la suegra por celos La mujer casada con siete maridos El esqueleto misterioso en la calle de [&hellip;]<\/p>\n","protected":false},"author":1,"featured_media":0,"parent":0,"menu_order":0,"comment_status":"closed","ping_status":"closed","template":"","meta":{"footnotes":""},"class_list":["post-25716","page","type-page","status-publish","hentry"],"jetpack_sharing_enabled":true,"_links":{"self":[{"href":"https:\/\/www.lirapopular.cl\/lirapopularxix\/wp-json\/wp\/v2\/pages\/25716","targetHints":{"allow":["GET"]}}],"collection":[{"href":"https:\/\/www.lirapopular.cl\/lirapopularxix\/wp-json\/wp\/v2\/pages"}],"about":[{"href":"https:\/\/www.lirapopular.cl\/lirapopularxix\/wp-json\/wp\/v2\/types\/page"}],"author":[{"embeddable":true,"href":"https:\/\/www.lirapopular.cl\/lirapopularxix\/wp-json\/wp\/v2\/users\/1"}],"replies":[{"embeddable":true,"href":"https:\/\/www.lirapopular.cl\/lirapopularxix\/wp-json\/wp\/v2\/comments?post=25716"}],"version-history":[{"count":0,"href":"https:\/\/www.lirapopular.cl\/lirapopularxix\/wp-json\/wp\/v2\/pages\/25716\/revisions"}],"wp:attachment":[{"href":"https:\/\/www.lirapopular.cl\/lirapopularxix\/wp-json\/wp\/v2\/media?parent=25716"}],"curies":[{"name":"wp","href":"https:\/\/api.w.org\/{rel}","templated":true}]}}