{"id":25697,"date":"2021-11-02T16:42:55","date_gmt":"2021-11-02T20:42:55","guid":{"rendered":"https:\/\/www.lirapopular.cl\/lirapopularxix\/?page_id=25697"},"modified":"2021-11-02T16:42:55","modified_gmt":"2021-11-02T20:42:55","slug":"el-crimen-de-la-calle-fontecilla-detalles-completos","status":"publish","type":"page","link":"https:\/\/www.lirapopular.cl\/lirapopularxix\/el-crimen-de-la-calle-fontecilla-detalles-completos\/","title":{"rendered":"EL CR\u00cdMEN DE LA CALLE FONTECILLA <br>DETALLES COMPLETOS"},"content":{"rendered":"\n<div class=\"wp-block-image\"><figure class=\"alignright size-medium\"><a href=\"https:\/\/www.lirapopular.cl\/lirapopularxix\/wp-content\/uploads\/2021\/11\/LO0012118.jpg\"><img loading=\"lazy\" decoding=\"async\" width=\"207\" height=\"300\" src=\"https:\/\/www.lirapopular.cl\/lirapopularxix\/wp-content\/uploads\/2021\/11\/LO0012118-207x300.jpg\" alt=\"\" class=\"wp-image-25700\" srcset=\"https:\/\/www.lirapopular.cl\/lirapopularxix\/wp-content\/uploads\/2021\/11\/LO0012118-207x300.jpg 207w, https:\/\/www.lirapopular.cl\/lirapopularxix\/wp-content\/uploads\/2021\/11\/LO0012118.jpg 691w\" sizes=\"auto, (max-width: 207px) 100vw, 207px\" \/><\/a><figcaption>Archivo de Literatura Oral<br \/>Fondo Rodolfo Lenz<\/figcaption><\/figure><\/div>\n\n\n\n<p>Autor: Juan Bautista Peralta.\u2014 Calle Huemul 34.<br \/>Impresor: 18,379 \u2014 Imp. Cerv.<br \/>Tama\u00f1o: 56 x 38 cm<br \/>Clasificaci\u00f3n: BN C\u00f3digo:\u00a0LO0012118<\/p>\n\n\n\n<ul class=\"wp-block-list\"><li><a href=\"https:\/\/www.lirapopular.cl\/lirapopularxix\/2021\/11\/03\/el-crimen-de-la-calle-defontecilla-detallescompletos\/\">El cr\u00edmen de la calle Fontecilla. Detalles completos<\/a><\/li><li><a href=\"https:\/\/www.lirapopular.cl\/lirapopularxix\/2021\/11\/03\/detalles-sobre-el-crimende-la-calle-de-fontecilla\/\">Detalles sobre el crimen de la calle Fontecilla<\/a><\/li><li><a href=\"https:\/\/www.lirapopular.cl\/lirapopularxix\/2021\/11\/03\/la-fuga-de-matta-perezpersecucion-de-la-justicia-aultima-hora\/\">La fuga de Matta P\u00e9rez. Persecuci\u00f3n de la justicia, a \u00faltima hora<\/a><\/li><li><a href=\"https:\/\/www.lirapopular.cl\/lirapopularxix\/2021\/11\/03\/la-resurreccion-dejuan-tres-dedos-en-quillota\/\">La resurrecci\u00f3n de Juan Tres Dedos en Quillota<\/a><\/li><li><a href=\"https:\/\/www.lirapopular.cl\/lirapopularxix\/2021\/11\/03\/preparativos-de-unmeeting-de-protesta\/\">Preparativos de un meeting de protesta<\/a><\/li><li><a href=\"https:\/\/www.lirapopular.cl\/lirapopularxix\/2021\/11\/03\/algo-sobrenatural\/\">Algo sobrenatural<\/a><\/li><\/ul>\n\n\n\n<p>Nota: Este ejemplar tiene escrito a mano con l\u00e1piz rojo \u201c-26-\u201d y con un timbre &#8220;0247&#8221;.<br \/>Documento optimizado digitalmente.<\/p>\n","protected":false},"excerpt":{"rendered":"<p>Autor: Juan Bautista Peralta.\u2014 Calle Huemul 34.Impresor: 18,379 \u2014 Imp. Cerv.Tama\u00f1o: 56 x 38 cmClasificaci\u00f3n: BN C\u00f3digo:\u00a0LO0012118 El cr\u00edmen de la calle Fontecilla. Detalles completos Detalles sobre el crimen de la calle Fontecilla La fuga de Matta P\u00e9rez. Persecuci\u00f3n de la justicia, a \u00faltima hora La resurrecci\u00f3n de Juan Tres Dedos en Quillota Preparativos de [&hellip;]<\/p>\n","protected":false},"author":1,"featured_media":0,"parent":0,"menu_order":0,"comment_status":"closed","ping_status":"closed","template":"","meta":{"footnotes":""},"class_list":["post-25697","page","type-page","status-publish","hentry"],"jetpack_sharing_enabled":true,"_links":{"self":[{"href":"https:\/\/www.lirapopular.cl\/lirapopularxix\/wp-json\/wp\/v2\/pages\/25697","targetHints":{"allow":["GET"]}}],"collection":[{"href":"https:\/\/www.lirapopular.cl\/lirapopularxix\/wp-json\/wp\/v2\/pages"}],"about":[{"href":"https:\/\/www.lirapopular.cl\/lirapopularxix\/wp-json\/wp\/v2\/types\/page"}],"author":[{"embeddable":true,"href":"https:\/\/www.lirapopular.cl\/lirapopularxix\/wp-json\/wp\/v2\/users\/1"}],"replies":[{"embeddable":true,"href":"https:\/\/www.lirapopular.cl\/lirapopularxix\/wp-json\/wp\/v2\/comments?post=25697"}],"version-history":[{"count":0,"href":"https:\/\/www.lirapopular.cl\/lirapopularxix\/wp-json\/wp\/v2\/pages\/25697\/revisions"}],"wp:attachment":[{"href":"https:\/\/www.lirapopular.cl\/lirapopularxix\/wp-json\/wp\/v2\/media?parent=25697"}],"curies":[{"name":"wp","href":"https:\/\/api.w.org\/{rel}","templated":true}]}}