{"id":25405,"date":"2021-10-28T17:31:45","date_gmt":"2021-10-28T21:31:45","guid":{"rendered":"https:\/\/www.lirapopular.cl\/lirapopularxix\/?page_id=25405"},"modified":"2021-10-28T17:31:45","modified_gmt":"2021-10-28T21:31:45","slug":"alma-popular-las-ultimas-novedades","status":"publish","type":"page","link":"https:\/\/www.lirapopular.cl\/lirapopularxix\/alma-popular-las-ultimas-novedades\/","title":{"rendered":"ALMA POPULAR <br>LAS ULTIMAS NOVEDADES <br> PRECIO 020 CTVS. <br>Se prohibe la reimprecion de estos versos."},"content":{"rendered":"\n<div class=\"wp-block-image\"><figure class=\"alignright size-medium\"><a href=\"https:\/\/www.lirapopular.cl\/lirapopularxix\/wp-content\/uploads\/2021\/10\/LO0012298.jpg\"><img decoding=\"async\" src=\"https:\/\/www.lirapopular.cl\/lirapopularxix\/wp-content\/uploads\/2021\/10\/LO0012298-204x300.jpg\" alt=\"\" class=\"wp-image-25412\"\/><\/a><figcaption>Archivo de Literatura Oral<br \/>Fondo Rodolfo Lenz<\/figcaption><\/figure><\/div>\n\n\n\n<p>Autor: An\u00f3nimo.<br \/>Impresor: Imp. Varela Conferencia 966<br \/>Tama\u00f1o: 40 x 27 cm<br \/>Clasificaci\u00f3n: BN C\u00f3digo:\u00a0LO0012298<\/p>\n\n\n\n<ul class=\"wp-block-list\"><li><a href=\"https:\/\/www.lirapopular.cl\/lirapopularxix\/2021\/10\/28\/crimen-misterioso\/\">Crimen misterioso. Tres individuos asesinaron a golpes a la Srt. Maria Correa en el pueblo de Molina<\/a><\/li><li><a href=\"https:\/\/www.lirapopular.cl\/lirapopularxix\/2021\/10\/28\/a-santa-rosauna-plegaria-a-sus-virtudespara-honrar-a-sus-virtudee\/\">A Santa Rosa. Una plegaria a sus virtudes para honrar a sus virtudes<\/a><\/li><li><a href=\"https:\/\/www.lirapopular.cl\/lirapopularxix\/2021\/10\/28\/se-suspende-temporalmente-la-ejecucion\/\">Se suspende temporalmente la ejecucion del reo Juan Morales. Por resoluci\u00f3n de la Corte Suprema, para revisar el proceso<\/a><\/li><li><a href=\"https:\/\/www.lirapopular.cl\/lirapopularxix\/2021\/10\/28\/el-desaparecimientodel-obrero-jose-bas-cunan-zurita\/\">El desaparecimiento del obrero Jos\u00e9 Bascu\u00f1\u00e1n Zurita<\/a><\/li><\/ul>\n\n\n\n<p>Nota: Este ejemplar tiene escrito a mano con l\u00e1piz rojo \u201c-6-\u201d, con l\u00e1piz azul &#8220;11(458-11) 19&#8221; y dos timbres rojos &#8220;BIBLIOTECA NACIONAL SECCION CONTROL&#8221; &#8220;BIBLIOTECA NACIONAL CHILE &#8211; SECCION CHILE&#8221;.<br \/>Documento optimizado digitalmente.<\/p>\n","protected":false},"excerpt":{"rendered":"<p>Autor: An\u00f3nimo.Impresor: Imp. Varela Conferencia 966Tama\u00f1o: 40 x 27 cmClasificaci\u00f3n: BN C\u00f3digo:\u00a0LO0012298 Crimen misterioso. Tres individuos asesinaron a golpes a la Srt. Maria Correa en el pueblo de Molina A Santa Rosa. Una plegaria a sus virtudes para honrar a sus virtudes Se suspende temporalmente la ejecucion del reo Juan Morales. Por resoluci\u00f3n de la [&hellip;]<\/p>\n","protected":false},"author":1,"featured_media":0,"parent":0,"menu_order":0,"comment_status":"closed","ping_status":"closed","template":"","meta":{"footnotes":""},"class_list":["post-25405","page","type-page","status-publish","hentry"],"jetpack_sharing_enabled":true,"_links":{"self":[{"href":"https:\/\/www.lirapopular.cl\/lirapopularxix\/wp-json\/wp\/v2\/pages\/25405","targetHints":{"allow":["GET"]}}],"collection":[{"href":"https:\/\/www.lirapopular.cl\/lirapopularxix\/wp-json\/wp\/v2\/pages"}],"about":[{"href":"https:\/\/www.lirapopular.cl\/lirapopularxix\/wp-json\/wp\/v2\/types\/page"}],"author":[{"embeddable":true,"href":"https:\/\/www.lirapopular.cl\/lirapopularxix\/wp-json\/wp\/v2\/users\/1"}],"replies":[{"embeddable":true,"href":"https:\/\/www.lirapopular.cl\/lirapopularxix\/wp-json\/wp\/v2\/comments?post=25405"}],"version-history":[{"count":0,"href":"https:\/\/www.lirapopular.cl\/lirapopularxix\/wp-json\/wp\/v2\/pages\/25405\/revisions"}],"wp:attachment":[{"href":"https:\/\/www.lirapopular.cl\/lirapopularxix\/wp-json\/wp\/v2\/media?parent=25405"}],"curies":[{"name":"wp","href":"https:\/\/api.w.org\/{rel}","templated":true}]}}