{"id":2529,"date":"2019-08-13T13:01:07","date_gmt":"2019-08-13T17:01:07","guid":{"rendered":"https:\/\/www.lirapopular.cl\/lirapopularxix\/?page_id=2529"},"modified":"2019-08-13T13:01:07","modified_gmt":"2019-08-13T17:01:07","slug":"1887-2","status":"publish","type":"page","link":"https:\/\/www.lirapopular.cl\/lirapopularxix\/1887-2\/","title":{"rendered":"1887"},"content":{"rendered":"<div class=\"wp-block-image\">\n<figure class=\"alignright\"><a href=\"https:\/\/www.lirapopular.cl\/lirapopularxix\/wp-content\/uploads\/2019\/08\/486.jpg\"><img loading=\"lazy\" decoding=\"async\" width=\"198\" height=\"300\" src=\"https:\/\/www.lirapopular.cl\/lirapopularxix\/wp-content\/uploads\/2019\/08\/486-198x300.jpg\" alt=\"\" class=\"wp-image-2530\" srcset=\"https:\/\/www.lirapopular.cl\/lirapopularxix\/wp-content\/uploads\/2019\/08\/486-198x300.jpg 198w, https:\/\/www.lirapopular.cl\/lirapopularxix\/wp-content\/uploads\/2019\/08\/486.jpg 661w\" sizes=\"auto, (max-width: 198px) 100vw, 198px\" \/><\/a><figcaption>Colecci\u00f3n Lira Popular de la Universidad de Chile<\/figcaption><\/figure>\n<\/div>\n\n\n<p>Autor: Pedro Villegas<br>Impresor: Sin informaci\u00f3n<br>Tama\u00f1o: 21,1 x 32,3 cm<br>Clasificaci\u00f3n: 486 V732 Caja N\u00b03b, BN C\u00f3digo:&nbsp;LO0012016<\/p>\n\n\n\n<ul class=\"wp-block-list\"><li><a href=\"https:\/\/www.lirapopular.cl\/lirapopularxix\/2019\/08\/13\/1887\/\">Cuando las voces se oyeron<\/a><\/li><li><a href=\"https:\/\/www.lirapopular.cl\/lirapopularxix\/2019\/08\/13\/chile-ha-perdido-en-este-hombre\/\">Chile ha perdido en este hombre<\/a><\/li><li><a href=\"https:\/\/www.lirapopular.cl\/lirapopularxix\/2019\/08\/13\/consuelate-esposa-amable\/\">Consuelate esposa amable<\/a><\/li><\/ul>\n\n\n\n<p>Nota: El 1er ejemplar tiene escrito a mano con l\u00e1piz rojo \u201c486\u201d y texto manuscrito en el reverso: &#8220;Pedro Villegas<br>Concluido&#8221;.<br>El 2\u00ba ejemplar est\u00e1 pegado sobre una hoja y tiene escrito a mano con l\u00e1piz rojo \u201c-16-\u201d.<br>Los versos no tienen t\u00edtulo. Los hemos titulado con el primer verso.<br>Lira en homenaje al gran h\u00e9roe chileno Carlos Arnaldo Condell de la Haza. Valpara\u00edso, Regi\u00f3n de Valpara\u00edso; 14 de agosto de 1843 &#8211; Quilpu\u00e9, Regi\u00f3n de Valpara\u00edso; 24 de octubre de 1887<\/p>\n\n\n<div class=\"wp-block-image\">\n<figure class=\"alignright\"><a href=\"https:\/\/www.lirapopular.cl\/lirapopularxix\/wp-content\/uploads\/2019\/08\/486rev.jpg\"><img loading=\"lazy\" decoding=\"async\" width=\"197\" height=\"300\" src=\"https:\/\/www.lirapopular.cl\/lirapopularxix\/wp-content\/uploads\/2019\/08\/486rev-197x300.jpg\" alt=\"\" class=\"wp-image-2531\" srcset=\"https:\/\/www.lirapopular.cl\/lirapopularxix\/wp-content\/uploads\/2019\/08\/486rev-197x300.jpg 197w, https:\/\/www.lirapopular.cl\/lirapopularxix\/wp-content\/uploads\/2019\/08\/486rev.jpg 656w\" sizes=\"auto, (max-width: 197px) 100vw, 197px\" \/><\/a><figcaption>Reverso<\/figcaption><\/figure>\n<\/div>\n\n\n<p class=\"has-white-color has-text-color\">.<\/p>\n\n\n\n<p class=\"has-white-color has-text-color\">.<\/p>\n\n\n\n<p class=\"has-white-color has-text-color\">.<\/p>\n\n\n\n<p class=\"has-white-color has-text-color\">.<\/p>\n\n\n\n<p class=\"has-white-color has-text-color\">.<\/p>\n\n\n\n<p class=\"has-white-color has-text-color\">.<\/p>\n\n\n\n<p class=\"has-white-color has-text-color\">.<\/p>\n\n\n\n<p class=\"has-white-color has-text-color\">.<\/p>\n\n\n<div class=\"wp-block-image\">\n<figure class=\"alignright size-medium\"><img loading=\"lazy\" decoding=\"async\" width=\"693\" height=\"1000\" src=\"https:\/\/i0.wp.com\/https:\/\/www.lirapopular.cl\/lirapopularxix\/wp-content\/uploads\/2021\/11\/LO0012016.jpg?fit=208%2C300&amp;ssl=1\" alt=\"\" class=\"wp-image-26753\" srcset=\"https:\/\/www.lirapopular.cl\/lirapopularxix\/wp-content\/uploads\/2021\/11\/LO0012016.jpg 693w, https:\/\/www.lirapopular.cl\/lirapopularxix\/wp-content\/uploads\/2021\/11\/LO0012016-208x300.jpg 208w\" sizes=\"auto, (max-width: 693px) 100vw, 693px\" \/><figcaption>Archivo de Literatura Oral Fondo Rodolfo Lenz<\/figcaption><\/figure>\n<\/div>","protected":false},"excerpt":{"rendered":"<p>Autor: Pedro VillegasImpresor: Sin informaci\u00f3nTama\u00f1o: 21,1 x 32,3 cmClasificaci\u00f3n: 486 V732 Caja N\u00b03b, BN C\u00f3digo:&nbsp;LO0012016 Cuando las voces se oyeron Chile ha perdido en este hombre Consuelate esposa amable Nota: El 1er ejemplar tiene escrito a mano con l\u00e1piz rojo \u201c486\u201d y texto manuscrito en el reverso: &#8220;Pedro VillegasConcluido&#8221;.El 2\u00ba ejemplar est\u00e1 pegado sobre una [&hellip;]<\/p>\n","protected":false},"author":1,"featured_media":0,"parent":0,"menu_order":0,"comment_status":"closed","ping_status":"closed","template":"","meta":{"footnotes":""},"class_list":["post-2529","page","type-page","status-publish","hentry"],"jetpack_sharing_enabled":true,"_links":{"self":[{"href":"https:\/\/www.lirapopular.cl\/lirapopularxix\/wp-json\/wp\/v2\/pages\/2529","targetHints":{"allow":["GET"]}}],"collection":[{"href":"https:\/\/www.lirapopular.cl\/lirapopularxix\/wp-json\/wp\/v2\/pages"}],"about":[{"href":"https:\/\/www.lirapopular.cl\/lirapopularxix\/wp-json\/wp\/v2\/types\/page"}],"author":[{"embeddable":true,"href":"https:\/\/www.lirapopular.cl\/lirapopularxix\/wp-json\/wp\/v2\/users\/1"}],"replies":[{"embeddable":true,"href":"https:\/\/www.lirapopular.cl\/lirapopularxix\/wp-json\/wp\/v2\/comments?post=2529"}],"version-history":[{"count":0,"href":"https:\/\/www.lirapopular.cl\/lirapopularxix\/wp-json\/wp\/v2\/pages\/2529\/revisions"}],"wp:attachment":[{"href":"https:\/\/www.lirapopular.cl\/lirapopularxix\/wp-json\/wp\/v2\/media?parent=2529"}],"curies":[{"name":"wp","href":"https:\/\/api.w.org\/{rel}","templated":true}]}}