{"id":24563,"date":"2021-10-14T17:10:58","date_gmt":"2021-10-14T21:10:58","guid":{"rendered":"https:\/\/www.lirapopular.cl\/lirapopularxix\/?page_id=24563"},"modified":"2021-10-14T17:10:58","modified_gmt":"2021-10-14T21:10:58","slug":"la-lira-popular-num-69","status":"publish","type":"page","link":"https:\/\/www.lirapopular.cl\/lirapopularxix\/la-lira-popular-num-69\/","title":{"rendered":"LA LIRA POPULAR N\u00fam. 69"},"content":{"rendered":"\n<div class=\"wp-block-image\"><figure class=\"alignright size-medium\"><a href=\"https:\/\/www.lirapopular.cl\/lirapopularxix\/wp-content\/uploads\/2021\/10\/LO0012521.jpg\"><img loading=\"lazy\" decoding=\"async\" width=\"211\" height=\"300\" src=\"https:\/\/www.lirapopular.cl\/lirapopularxix\/wp-content\/uploads\/2021\/10\/LO0012521-211x300.jpg\" alt=\"\" class=\"wp-image-24564\" srcset=\"https:\/\/www.lirapopular.cl\/lirapopularxix\/wp-content\/uploads\/2021\/10\/LO0012521-211x300.jpg 211w, https:\/\/www.lirapopular.cl\/lirapopularxix\/wp-content\/uploads\/2021\/10\/LO0012521.jpg 704w\" sizes=\"auto, (max-width: 211px) 100vw, 211px\" \/><\/a><figcaption>Archivo de Literatura Oral<br \/>Colecci\u00f3n Alamiro de \u00c1vila<\/figcaption><\/figure><\/div>\n\n\n\n<p>Autor: Juan Bautista Peralta. Es propiedad de autor. Se proh\u00edbe la reimpresi\u00f3n de estas poes\u00edas. G\u00e1lvez 920.<br \/>Impresor: Imp. \u00abEl Debate\u00bb \u2014 S. Diego 291.<br \/>Tama\u00f1o: 55 x 38 cm<br \/>Clasificaci\u00f3n: BN C\u00f3digo:\u00a0LO0012521<\/p>\n\n\n\n<ul class=\"wp-block-list\"><li><a href=\"https:\/\/www.lirapopular.cl\/lirapopularxix\/2021\/10\/14\/enorme-serpiente-alarma-de-un-pueblo\/\">Enorme serpiente. Alarma de un pueblo. Gran combate de la sierpe con un cuerpo de artiller\u00eda. Interesantes detalles<\/a><\/li><li><a href=\"https:\/\/www.lirapopular.cl\/lirapopularxix\/2021\/10\/14\/el-gremio-de-panaderoshuelga-en-perspectiva\/\">El Gremio de Panaderos. Huelga en perspectiva<\/a><\/li><li><a href=\"https:\/\/www.lirapopular.cl\/lirapopularxix\/2021\/10\/14\/dos-horrendos-crimenes\/\">Dos horrendos cr\u00edmenes. Una mujer que mata a hachazos a su marido y un marido que da muerte a palos a su mujer y a su hijo pr\u00f3ximo a nacer<\/a><\/li><li><a href=\"https:\/\/www.lirapopular.cl\/lirapopularxix\/2021\/10\/14\/sobre-los-pelambres\/\">Sobre los pelambres<\/a><\/li><li><a href=\"https:\/\/www.lirapopular.cl\/lirapopularxix\/2021\/10\/14\/sobre-el-combate-del-cieloverso-por-el-paraiso-perdido\/\">Sobre el combate del cielo. Verso por el Para\u00edso perdido<\/a><\/li><li><a href=\"https:\/\/www.lirapopular.cl\/lirapopularxix\/2021\/10\/14\/continuacion-del-grancontrapunto-entre-el-huasoel-paco-i-el-sarjento\/\">Continuaci\u00f3n del gran contrapunto entre el huaso, el paco y el sargento<\/a><\/li><\/ul>\n\n\n\n<p>Nota: Este ejemplar tiene escrito a mano con plum\u00f3n \u201c195\u201d.<br \/>Documento optimizado digitalmente.<\/p>\n","protected":false},"excerpt":{"rendered":"<p>Autor: Juan Bautista Peralta. Es propiedad de autor. Se proh\u00edbe la reimpresi\u00f3n de estas poes\u00edas. G\u00e1lvez 920.Impresor: Imp. \u00abEl Debate\u00bb \u2014 S. Diego 291.Tama\u00f1o: 55 x 38 cmClasificaci\u00f3n: BN C\u00f3digo:\u00a0LO0012521 Enorme serpiente. Alarma de un pueblo. Gran combate de la sierpe con un cuerpo de artiller\u00eda. Interesantes detalles El Gremio de Panaderos. Huelga en perspectiva [&hellip;]<\/p>\n","protected":false},"author":1,"featured_media":0,"parent":0,"menu_order":0,"comment_status":"closed","ping_status":"closed","template":"","meta":{"footnotes":""},"class_list":["post-24563","page","type-page","status-publish","hentry"],"jetpack_sharing_enabled":true,"_links":{"self":[{"href":"https:\/\/www.lirapopular.cl\/lirapopularxix\/wp-json\/wp\/v2\/pages\/24563","targetHints":{"allow":["GET"]}}],"collection":[{"href":"https:\/\/www.lirapopular.cl\/lirapopularxix\/wp-json\/wp\/v2\/pages"}],"about":[{"href":"https:\/\/www.lirapopular.cl\/lirapopularxix\/wp-json\/wp\/v2\/types\/page"}],"author":[{"embeddable":true,"href":"https:\/\/www.lirapopular.cl\/lirapopularxix\/wp-json\/wp\/v2\/users\/1"}],"replies":[{"embeddable":true,"href":"https:\/\/www.lirapopular.cl\/lirapopularxix\/wp-json\/wp\/v2\/comments?post=24563"}],"version-history":[{"count":0,"href":"https:\/\/www.lirapopular.cl\/lirapopularxix\/wp-json\/wp\/v2\/pages\/24563\/revisions"}],"wp:attachment":[{"href":"https:\/\/www.lirapopular.cl\/lirapopularxix\/wp-json\/wp\/v2\/media?parent=24563"}],"curies":[{"name":"wp","href":"https:\/\/api.w.org\/{rel}","templated":true}]}}