{"id":23808,"date":"2021-10-02T14:22:33","date_gmt":"2021-10-02T18:22:33","guid":{"rendered":"https:\/\/www.lirapopular.cl\/lirapopularxix\/?page_id=23808"},"modified":"2021-10-02T14:22:33","modified_gmt":"2021-10-02T18:22:33","slug":"la-lira-popular-num-80","status":"publish","type":"page","link":"https:\/\/www.lirapopular.cl\/lirapopularxix\/la-lira-popular-num-80\/","title":{"rendered":"LA LIRA POPULAR NUM. 80 <br>A\u00f1o IV Santiago de Chile"},"content":{"rendered":"\n<div class=\"wp-block-image\"><figure class=\"alignright size-medium\"><a href=\"https:\/\/www.lirapopular.cl\/lirapopularxix\/wp-content\/uploads\/2021\/10\/LO0012530t.jpg\"><img loading=\"lazy\" decoding=\"async\" width=\"213\" height=\"300\" src=\"https:\/\/www.lirapopular.cl\/lirapopularxix\/wp-content\/uploads\/2021\/10\/LO0012530t-213x300.jpg\" alt=\"\" class=\"wp-image-23811\" srcset=\"https:\/\/www.lirapopular.cl\/lirapopularxix\/wp-content\/uploads\/2021\/10\/LO0012530t-213x300.jpg 213w, https:\/\/www.lirapopular.cl\/lirapopularxix\/wp-content\/uploads\/2021\/10\/LO0012530t.jpg 710w\" sizes=\"auto, (max-width: 213px) 100vw, 213px\" \/><\/a><figcaption>Archivo de Literatura Oral<br \/>Colecci\u00f3n Alamiro de \u00c1vila<\/figcaption><\/figure><\/div>\n\n\n\n<p>Autor: Juan Bautista Peralta. Es propiedad del autor.\u2014 Se proh\u00edbe la reimpresi\u00f3n de estas poes\u00edas. G\u00e1lvez 521<br \/>Impresor: \u00bfImpreso por B. Rojas Bella-vista 213?<br \/>Tama\u00f1o: 55&#215;39 cm<br \/>Clasificaci\u00f3n: BN C\u00f3digo: LO0012530 T<\/p>\n\n\n\n<ul class=\"wp-block-list\"><li><a href=\"https:\/\/www.lirapopular.cl\/lirapopularxix\/2021\/10\/02\/cronica-criminal-un-hombre-degollado\/\">Cr\u00f3nica criminal. Un hombre degollado en la calle de Bulnes y un crimen en Lo Hermida<\/a><\/li><li><a href=\"https:\/\/www.lirapopular.cl\/lirapopularxix\/2021\/10\/02\/la-perrera-en-santiago\/\">La perrera en Santiago. Alarma del vecindario. Los perros muertos de susto<\/a><\/li><li><a href=\"https:\/\/www.lirapopular.cl\/lirapopularxix\/2021\/10\/02\/el-matrimonio-del-diablo-en-petorca\/\">El matrimonio del diablo en Petorca. Telegramas especiales para la Lira Popular<\/a><\/li><li><a href=\"https:\/\/www.lirapopular.cl\/lirapopularxix\/2021\/10\/02\/castigo-del-cielo-un-joven-tragado\/\">Castigo del cielo. Un joven tragado por la tierra por haber maltratado e injuriado a su madre<\/a><\/li><li><a href=\"https:\/\/www.lirapopular.cl\/lirapopularxix\/2021\/10\/02\/verso-por-la-astronomia\/\">Verso por la astronom\u00eda<\/a><\/li><li><a href=\"https:\/\/www.lirapopular.cl\/lirapopularxix\/2021\/10\/02\/lo-que-somosen-el-mundo\/\">Lo que somos en el mundo<\/a><\/li><\/ul>\n\n\n\n<p>Nota: La Bib. Nacional clasifica este documento como \u00fanico a pesar que por el reverso est\u00e1 impresa la lira n\u00ba 71. Las distinguimos como LO0012530 T(iro) y LO0012530 R(etiro) para evitar confusiones.<br \/>Este ejemplar tiene escrito a mano con plum\u00f3n \u201c204\u201d.<br \/>Documento optimizado digitalmente.<\/p>\n","protected":false},"excerpt":{"rendered":"<p>Autor: Juan Bautista Peralta. Es propiedad del autor.\u2014 Se proh\u00edbe la reimpresi\u00f3n de estas poes\u00edas. G\u00e1lvez 521Impresor: \u00bfImpreso por B. Rojas Bella-vista 213?Tama\u00f1o: 55&#215;39 cmClasificaci\u00f3n: BN C\u00f3digo: LO0012530 T Cr\u00f3nica criminal. Un hombre degollado en la calle de Bulnes y un crimen en Lo Hermida La perrera en Santiago. Alarma del vecindario. Los perros muertos [&hellip;]<\/p>\n","protected":false},"author":1,"featured_media":0,"parent":0,"menu_order":0,"comment_status":"closed","ping_status":"closed","template":"","meta":{"footnotes":""},"class_list":["post-23808","page","type-page","status-publish","hentry"],"jetpack_sharing_enabled":true,"_links":{"self":[{"href":"https:\/\/www.lirapopular.cl\/lirapopularxix\/wp-json\/wp\/v2\/pages\/23808","targetHints":{"allow":["GET"]}}],"collection":[{"href":"https:\/\/www.lirapopular.cl\/lirapopularxix\/wp-json\/wp\/v2\/pages"}],"about":[{"href":"https:\/\/www.lirapopular.cl\/lirapopularxix\/wp-json\/wp\/v2\/types\/page"}],"author":[{"embeddable":true,"href":"https:\/\/www.lirapopular.cl\/lirapopularxix\/wp-json\/wp\/v2\/users\/1"}],"replies":[{"embeddable":true,"href":"https:\/\/www.lirapopular.cl\/lirapopularxix\/wp-json\/wp\/v2\/comments?post=23808"}],"version-history":[{"count":0,"href":"https:\/\/www.lirapopular.cl\/lirapopularxix\/wp-json\/wp\/v2\/pages\/23808\/revisions"}],"wp:attachment":[{"href":"https:\/\/www.lirapopular.cl\/lirapopularxix\/wp-json\/wp\/v2\/media?parent=23808"}],"curies":[{"name":"wp","href":"https:\/\/api.w.org\/{rel}","templated":true}]}}