{"id":23560,"date":"2021-09-29T14:18:37","date_gmt":"2021-09-29T18:18:37","guid":{"rendered":"https:\/\/www.lirapopular.cl\/lirapopularxix\/?page_id=23560"},"modified":"2021-09-29T14:18:37","modified_gmt":"2021-09-29T18:18:37","slug":"la-lira-popular-n-15","status":"publish","type":"page","link":"https:\/\/www.lirapopular.cl\/lirapopularxix\/la-lira-popular-n-15\/","title":{"rendered":"HORRIBLES DRAMAS <br>ASESINATOS I VIOLACIONES &#8211; LA LIRA POPULAR N. 15"},"content":{"rendered":"\n<div class=\"wp-block-image\"><figure class=\"alignright size-medium\"><a href=\"https:\/\/www.lirapopular.cl\/lirapopularxix\/wp-content\/uploads\/2021\/09\/LO0012473.jpg\"><img loading=\"lazy\" decoding=\"async\" width=\"210\" height=\"300\" src=\"https:\/\/www.lirapopular.cl\/lirapopularxix\/wp-content\/uploads\/2021\/09\/LO0012473-210x300.jpg\" alt=\"\" class=\"wp-image-23563\" srcset=\"https:\/\/www.lirapopular.cl\/lirapopularxix\/wp-content\/uploads\/2021\/09\/LO0012473-210x300.jpg 210w, https:\/\/www.lirapopular.cl\/lirapopularxix\/wp-content\/uploads\/2021\/09\/LO0012473.jpg 701w\" sizes=\"auto, (max-width: 210px) 100vw, 210px\" \/><\/a><figcaption>Archivo de Literatura Oral<br \/>Colecci\u00f3n Alamiro de \u00c1vila<\/figcaption><\/figure><\/div>\n\n\n\n<p>Autor: Juan Bautista Peralta. G\u00e1lvez 826.\u2014 Se proh\u00edbe la reimpresi\u00f3n.<br \/>Impresor: Sin informaci\u00f3n<br \/>Tama\u00f1o: 56&#215;39 cm<br \/>Clasificaci\u00f3n: BN C\u00f3digo: LO0012473<\/p>\n\n\n\n<ul class=\"wp-block-list\"><li><a href=\"https:\/\/www.lirapopular.cl\/lirapopularxix\/2021\/09\/29\/proxima-ejecucion-del-reo-queviolo-a-la-ninita-de-5-anos\/\">Pr\u00f3xima ejecuci\u00f3n del reo que viol\u00f3 a la ni\u00f1ita de 5 a\u00f1os<\/a><\/li><li><a href=\"https:\/\/www.lirapopular.cl\/lirapopularxix\/2021\/09\/29\/el-desnaturalizado-que-lefalto-el-respeto-a-la-madre\/\">El desnaturalizado que le falt\u00f3 el respeto a la madre<\/a><\/li><li><a href=\"https:\/\/www.lirapopular.cl\/lirapopularxix\/2021\/09\/29\/en-honor-de-arturo-prati-sus-companeros-de-sacrificio\/\">En honor de Arturo Prat y sus compa\u00f1eros de sacrificio<\/a><\/li><li><a href=\"https:\/\/www.lirapopular.cl\/lirapopularxix\/2021\/09\/29\/la-sena-de-mi-querida\/\">La se\u00f1a de mi querida<\/a><\/li><li><a href=\"https:\/\/www.lirapopular.cl\/lirapopularxix\/2021\/09\/29\/continuacion-del-pleito-delpaco-el-huaso-i-el-ajenciero\/\">Continuaci\u00f3n del pleito del paco, el huaso y el agenciero<\/a><\/li><li><a href=\"https:\/\/www.lirapopular.cl\/lirapopularxix\/2021\/09\/29\/sobre-el-novio-que-asesino-a-su-novia\/\">Sobre el novio que asesin\u00f3 a su novia por celos y una pr\u00f3xima ejecuci\u00f3n<\/a><\/li><\/ul>\n\n\n\n<p>Nota: Este ejemplar tiene escrito a mano con plum\u00f3n \u201c147\u201d. Por el reverso con bol\u00edgrafo &#8220;126&#8221;.<br \/>Documento optimizado digitalmente.<\/p>\n","protected":false},"excerpt":{"rendered":"<p>Autor: Juan Bautista Peralta. G\u00e1lvez 826.\u2014 Se proh\u00edbe la reimpresi\u00f3n.Impresor: Sin informaci\u00f3nTama\u00f1o: 56&#215;39 cmClasificaci\u00f3n: BN C\u00f3digo: LO0012473 Pr\u00f3xima ejecuci\u00f3n del reo que viol\u00f3 a la ni\u00f1ita de 5 a\u00f1os El desnaturalizado que le falt\u00f3 el respeto a la madre En honor de Arturo Prat y sus compa\u00f1eros de sacrificio La se\u00f1a de mi querida Continuaci\u00f3n [&hellip;]<\/p>\n","protected":false},"author":1,"featured_media":0,"parent":0,"menu_order":0,"comment_status":"closed","ping_status":"closed","template":"","meta":{"footnotes":""},"class_list":["post-23560","page","type-page","status-publish","hentry"],"jetpack_sharing_enabled":true,"_links":{"self":[{"href":"https:\/\/www.lirapopular.cl\/lirapopularxix\/wp-json\/wp\/v2\/pages\/23560","targetHints":{"allow":["GET"]}}],"collection":[{"href":"https:\/\/www.lirapopular.cl\/lirapopularxix\/wp-json\/wp\/v2\/pages"}],"about":[{"href":"https:\/\/www.lirapopular.cl\/lirapopularxix\/wp-json\/wp\/v2\/types\/page"}],"author":[{"embeddable":true,"href":"https:\/\/www.lirapopular.cl\/lirapopularxix\/wp-json\/wp\/v2\/users\/1"}],"replies":[{"embeddable":true,"href":"https:\/\/www.lirapopular.cl\/lirapopularxix\/wp-json\/wp\/v2\/comments?post=23560"}],"version-history":[{"count":0,"href":"https:\/\/www.lirapopular.cl\/lirapopularxix\/wp-json\/wp\/v2\/pages\/23560\/revisions"}],"wp:attachment":[{"href":"https:\/\/www.lirapopular.cl\/lirapopularxix\/wp-json\/wp\/v2\/media?parent=23560"}],"curies":[{"name":"wp","href":"https:\/\/api.w.org\/{rel}","templated":true}]}}