{"id":23198,"date":"2021-09-24T15:59:37","date_gmt":"2021-09-24T19:59:37","guid":{"rendered":"https:\/\/www.lirapopular.cl\/lirapopularxix\/?page_id=23198"},"modified":"2021-09-24T15:59:37","modified_gmt":"2021-09-24T19:59:37","slug":"la-lira-popular-num-56","status":"publish","type":"page","link":"https:\/\/www.lirapopular.cl\/lirapopularxix\/la-lira-popular-num-56\/","title":{"rendered":"LA LIRA POPULAR N\u00fam. 56 <br>El horrible drama de la calle de la Union <br>Los grandes cr\u00edmenes en Valpara\u00edso"},"content":{"rendered":"\n<div class=\"wp-block-image\"><figure class=\"alignright size-medium\"><a href=\"https:\/\/www.lirapopular.cl\/lirapopularxix\/wp-content\/uploads\/2021\/09\/LO0012509.jpg\"><img loading=\"lazy\" decoding=\"async\" width=\"215\" height=\"300\" src=\"https:\/\/www.lirapopular.cl\/lirapopularxix\/wp-content\/uploads\/2021\/09\/LO0012509-215x300.jpg\" alt=\"\" class=\"wp-image-23202\" srcset=\"https:\/\/www.lirapopular.cl\/lirapopularxix\/wp-content\/uploads\/2021\/09\/LO0012509-215x300.jpg 215w, https:\/\/www.lirapopular.cl\/lirapopularxix\/wp-content\/uploads\/2021\/09\/LO0012509.jpg 718w\" sizes=\"auto, (max-width: 215px) 100vw, 215px\" \/><\/a><figcaption>Archivo de Literatura Oral<br \/>Colecci\u00f3n Alamiro de \u00c1vila<\/figcaption><\/figure><\/div>\n\n\n\n<p>Autor: Juan Bautista Peralta. Es propiedad del autor \u2014Se proh\u00edbe la reimpresi\u00f3n de estas poes\u00edas. Galvez, 826<br \/>Impresor: Imp. \u00abEl Debate\u00bb\u2014S. Diego 291<br \/>Tama\u00f1o: 55&#215;39 cm<br \/>Clasificaci\u00f3n: BN C\u00f3digo: LO0012509<\/p>\n\n\n\n<ul class=\"wp-block-list\"><li><a href=\"https:\/\/www.lirapopular.cl\/lirapopularxix\/2021\/09\/25\/el-horrible-drama-de-lacalle-de-la-unionhorripilantes-detalles\/\">El horrible drama de la calle de la Uni\u00f3n. Horripilantes detalles<\/a><\/li><li><a href=\"https:\/\/www.lirapopular.cl\/lirapopularxix\/2021\/09\/25\/los-grandes-crimenes-en-valparaiso\/\">Los grandes cr\u00edmenes en Valparaiso. Una pobre mujer muerta a garrotazos. Siguen los esc\u00e1ndalos en la poblaci\u00f3n Vergara. Disolucion del batallon Maip\u00fa<\/a><\/li><li><a href=\"https:\/\/www.lirapopular.cl\/lirapopularxix\/2021\/09\/25\/el-fallo-arbitralen-las-cuestiones-de-limites\/\">El fallo arbitral en las cuestiones de l\u00edmites<\/a><\/li><li><a href=\"https:\/\/www.lirapopular.cl\/lirapopularxix\/2021\/09\/25\/tremendas-desgracias\/\">Tremendas desgracias<\/a><\/li><li><a href=\"https:\/\/www.lirapopular.cl\/lirapopularxix\/2021\/09\/25\/continuaciondel-canto-de-apuestaentre-el-guaso-talquino-i-lagran-poetiza-portena-juana-m-inostroza\/\">Continuaci\u00f3n del canto de apuesta entre el Guaso Talquino y la gran poetisa porte\u00f1a Juana M. Inostroza<\/a><\/li><\/ul>\n\n\n\n<p>Nota: Este ejemplar tiene escrito a mano con plum\u00f3n \u201c183\u201d. Por el reverso con bol\u00edgrafo &#8220;305&#8221;.<br \/>Documento optimizado digitalmente.<\/p>\n","protected":false},"excerpt":{"rendered":"<p>Autor: Juan Bautista Peralta. Es propiedad del autor \u2014Se proh\u00edbe la reimpresi\u00f3n de estas poes\u00edas. Galvez, 826Impresor: Imp. \u00abEl Debate\u00bb\u2014S. Diego 291Tama\u00f1o: 55&#215;39 cmClasificaci\u00f3n: BN C\u00f3digo: LO0012509 El horrible drama de la calle de la Uni\u00f3n. Horripilantes detalles Los grandes cr\u00edmenes en Valparaiso. Una pobre mujer muerta a garrotazos. Siguen los esc\u00e1ndalos en la poblaci\u00f3n [&hellip;]<\/p>\n","protected":false},"author":1,"featured_media":0,"parent":0,"menu_order":0,"comment_status":"closed","ping_status":"closed","template":"","meta":{"footnotes":""},"class_list":["post-23198","page","type-page","status-publish","hentry"],"jetpack_sharing_enabled":true,"_links":{"self":[{"href":"https:\/\/www.lirapopular.cl\/lirapopularxix\/wp-json\/wp\/v2\/pages\/23198","targetHints":{"allow":["GET"]}}],"collection":[{"href":"https:\/\/www.lirapopular.cl\/lirapopularxix\/wp-json\/wp\/v2\/pages"}],"about":[{"href":"https:\/\/www.lirapopular.cl\/lirapopularxix\/wp-json\/wp\/v2\/types\/page"}],"author":[{"embeddable":true,"href":"https:\/\/www.lirapopular.cl\/lirapopularxix\/wp-json\/wp\/v2\/users\/1"}],"replies":[{"embeddable":true,"href":"https:\/\/www.lirapopular.cl\/lirapopularxix\/wp-json\/wp\/v2\/comments?post=23198"}],"version-history":[{"count":0,"href":"https:\/\/www.lirapopular.cl\/lirapopularxix\/wp-json\/wp\/v2\/pages\/23198\/revisions"}],"wp:attachment":[{"href":"https:\/\/www.lirapopular.cl\/lirapopularxix\/wp-json\/wp\/v2\/media?parent=23198"}],"curies":[{"name":"wp","href":"https:\/\/api.w.org\/{rel}","templated":true}]}}