{"id":23169,"date":"2021-09-24T13:00:26","date_gmt":"2021-09-24T17:00:26","guid":{"rendered":"https:\/\/www.lirapopular.cl\/lirapopularxix\/?page_id=23169"},"modified":"2021-09-24T13:00:26","modified_gmt":"2021-09-24T17:00:26","slug":"el-fin-del-mundo-3","status":"publish","type":"page","link":"https:\/\/www.lirapopular.cl\/lirapopularxix\/el-fin-del-mundo-3\/","title":{"rendered":"EL FIN DEL MUNDO <br>UN NI\u00d1O DE 14 A\u00d1OS MATO AL HERMANO MENOR"},"content":{"rendered":"\n<div class=\"wp-block-image\"><figure class=\"alignright size-medium\"><a href=\"https:\/\/www.lirapopular.cl\/lirapopularxix\/wp-content\/uploads\/2021\/09\/LO0012658.jpg\"><img loading=\"lazy\" decoding=\"async\" width=\"211\" height=\"300\" src=\"https:\/\/www.lirapopular.cl\/lirapopularxix\/wp-content\/uploads\/2021\/09\/LO0012658-211x300.jpg\" alt=\"\" class=\"wp-image-23173\" srcset=\"https:\/\/www.lirapopular.cl\/lirapopularxix\/wp-content\/uploads\/2021\/09\/LO0012658-211x300.jpg 211w, https:\/\/www.lirapopular.cl\/lirapopularxix\/wp-content\/uploads\/2021\/09\/LO0012658.jpg 703w\" sizes=\"auto, (max-width: 211px) 100vw, 211px\" \/><\/a><figcaption>Archivo de Literatura Oral<br \/>Colecci\u00f3n Alamiro de \u00c1vila<\/figcaption><\/figure><\/div>\n\n\n\n<p>Autor: Liborio Salgado.<br \/>Impresor: Sin informaci\u00f3n<br \/>Tama\u00f1o: 54&#215;38 cm<br \/>Clasificaci\u00f3n: BN C\u00f3digo: LO0012658<\/p>\n\n\n\n<ul class=\"wp-block-list\"><li><a href=\"https:\/\/www.lirapopular.cl\/lirapopularxix\/2021\/09\/24\/pronosticos-de-falb\/\">Pron\u00f3stico de Falb<\/a><\/li><li><a href=\"https:\/\/www.lirapopular.cl\/lirapopularxix\/2021\/09\/24\/homicidio-i-suicidio\/\">Homicidio y suicidio<\/a><\/li><li><a href=\"https:\/\/www.lirapopular.cl\/lirapopularxix\/2021\/09\/24\/el-hijo-convertido\/\">El hijo convertido<\/a><\/li><li><a href=\"https:\/\/www.lirapopular.cl\/lirapopularxix\/2021\/09\/24\/celos-de-dos-amantes\/\">Celos de dos amantes<\/a><\/li><li><a href=\"https:\/\/www.lirapopular.cl\/lirapopularxix\/2021\/09\/24\/celos-de-las-aves\/\">Celos de las aves<\/a><\/li><li><a href=\"https:\/\/www.lirapopular.cl\/lirapopularxix\/2021\/09\/24\/literatura-18\/\">Literatura<\/a><\/li><\/ul>\n\n\n\n<p>Nota: Esta lira fue publicada en 1899, como dice en el primer verso. Este ejemplar tiene escrito a mano con plum\u00f3n \u201c332&#8243;.<br \/>Documento optimizado digitalmente.<\/p>\n","protected":false},"excerpt":{"rendered":"<p>Autor: Liborio Salgado.Impresor: Sin informaci\u00f3nTama\u00f1o: 54&#215;38 cmClasificaci\u00f3n: BN C\u00f3digo: LO0012658 Pron\u00f3stico de Falb Homicidio y suicidio El hijo convertido Celos de dos amantes Celos de las aves Literatura Nota: Esta lira fue publicada en 1899, como dice en el primer verso. Este ejemplar tiene escrito a mano con plum\u00f3n \u201c332&#8243;.Documento optimizado digitalmente.<\/p>\n","protected":false},"author":1,"featured_media":0,"parent":0,"menu_order":0,"comment_status":"closed","ping_status":"closed","template":"","meta":{"footnotes":""},"class_list":["post-23169","page","type-page","status-publish","hentry"],"jetpack_sharing_enabled":true,"_links":{"self":[{"href":"https:\/\/www.lirapopular.cl\/lirapopularxix\/wp-json\/wp\/v2\/pages\/23169","targetHints":{"allow":["GET"]}}],"collection":[{"href":"https:\/\/www.lirapopular.cl\/lirapopularxix\/wp-json\/wp\/v2\/pages"}],"about":[{"href":"https:\/\/www.lirapopular.cl\/lirapopularxix\/wp-json\/wp\/v2\/types\/page"}],"author":[{"embeddable":true,"href":"https:\/\/www.lirapopular.cl\/lirapopularxix\/wp-json\/wp\/v2\/users\/1"}],"replies":[{"embeddable":true,"href":"https:\/\/www.lirapopular.cl\/lirapopularxix\/wp-json\/wp\/v2\/comments?post=23169"}],"version-history":[{"count":0,"href":"https:\/\/www.lirapopular.cl\/lirapopularxix\/wp-json\/wp\/v2\/pages\/23169\/revisions"}],"wp:attachment":[{"href":"https:\/\/www.lirapopular.cl\/lirapopularxix\/wp-json\/wp\/v2\/media?parent=23169"}],"curies":[{"name":"wp","href":"https:\/\/api.w.org\/{rel}","templated":true}]}}