{"id":22650,"date":"2021-09-17T11:19:36","date_gmt":"2021-09-17T15:19:36","guid":{"rendered":"https:\/\/www.lirapopular.cl\/lirapopularxix\/?page_id=22650"},"modified":"2021-09-17T11:19:36","modified_gmt":"2021-09-17T15:19:36","slug":"contrapunto-de-un-huaso-i-un-caballero","status":"publish","type":"page","link":"https:\/\/www.lirapopular.cl\/lirapopularxix\/contrapunto-de-un-huaso-i-un-caballero\/","title":{"rendered":"CONTRAPUNTO DE UN HUASO I UN CABALLERO"},"content":{"rendered":"\n<div class=\"wp-block-image\"><figure class=\"alignright size-medium\"><a href=\"http:\/\/https:\/\/www.lirapopular.cl\/lirapopularxix\/wp-content\/uploads\/2021\/09\/495-1.jpg\"><img decoding=\"async\" src=\"http:\/\/https:\/\/www.lirapopular.cl\/lirapopularxix\/wp-content\/uploads\/2021\/09\/495-1-300x230.jpg\" alt=\"\" class=\"wp-image-22653\"\/><\/a><figcaption>Colecci\u00f3n Lira Popular de la<br \/>Universidad de Chile<\/figcaption><\/figure><\/div>\n\n\n\n<p>Autor: Pedro Villegas. Estos versos se venden al pie de la estatua de O&#8217;Higgins.<br \/>Impresor: Sin informaci\u00f3n<br \/>Tama\u00f1o: 26,1 x 34 cm<br \/>Clasificaci\u00f3n: 495 V732c Caja N\u00b03b<\/p>\n\n\n\n<ul class=\"wp-block-list\"><li><a href=\"https:\/\/www.lirapopular.cl\/lirapopularxix\/2021\/09\/17\/contrapunto-de-un-huasoi-un-caballero\/\">Contrapunto de un huaso y un caballero<\/a><\/li><li><a href=\"https:\/\/www.lirapopular.cl\/lirapopularxix\/2021\/09\/17\/contestacion-del-huaso-5\/\">Contestaci\u00f3n del huaso<\/a><\/li><li><a href=\"https:\/\/www.lirapopular.cl\/lirapopularxix\/2021\/09\/17\/a-donde-iremos\/\">Para d\u00f3nde iremos<\/a><\/li><li><a href=\"https:\/\/www.lirapopular.cl\/lirapopularxix\/2021\/09\/17\/una-mujer-mata-a-cincohijos\/\">Una mujer que mata a cinco hijos<\/a><\/li><\/ul>\n\n\n\n<p>Nota: Este ejemplar tiene escrito a mano con l\u00e1piz rojo \u201c495\u201d.<br \/>Documento optimizado digitalmente.<\/p>\n","protected":false},"excerpt":{"rendered":"<p>Autor: Pedro Villegas. Estos versos se venden al pie de la estatua de O&#8217;Higgins.Impresor: Sin informaci\u00f3nTama\u00f1o: 26,1 x 34 cmClasificaci\u00f3n: 495 V732c Caja N\u00b03b Contrapunto de un huaso y un caballero Contestaci\u00f3n del huaso Para d\u00f3nde iremos Una mujer que mata a cinco hijos Nota: Este ejemplar tiene escrito a mano con l\u00e1piz rojo \u201c495\u201d.Documento [&hellip;]<\/p>\n","protected":false},"author":1,"featured_media":0,"parent":0,"menu_order":0,"comment_status":"closed","ping_status":"closed","template":"","meta":{"footnotes":""},"class_list":["post-22650","page","type-page","status-publish","hentry"],"jetpack_sharing_enabled":true,"_links":{"self":[{"href":"https:\/\/www.lirapopular.cl\/lirapopularxix\/wp-json\/wp\/v2\/pages\/22650","targetHints":{"allow":["GET"]}}],"collection":[{"href":"https:\/\/www.lirapopular.cl\/lirapopularxix\/wp-json\/wp\/v2\/pages"}],"about":[{"href":"https:\/\/www.lirapopular.cl\/lirapopularxix\/wp-json\/wp\/v2\/types\/page"}],"author":[{"embeddable":true,"href":"https:\/\/www.lirapopular.cl\/lirapopularxix\/wp-json\/wp\/v2\/users\/1"}],"replies":[{"embeddable":true,"href":"https:\/\/www.lirapopular.cl\/lirapopularxix\/wp-json\/wp\/v2\/comments?post=22650"}],"version-history":[{"count":0,"href":"https:\/\/www.lirapopular.cl\/lirapopularxix\/wp-json\/wp\/v2\/pages\/22650\/revisions"}],"wp:attachment":[{"href":"https:\/\/www.lirapopular.cl\/lirapopularxix\/wp-json\/wp\/v2\/media?parent=22650"}],"curies":[{"name":"wp","href":"https:\/\/api.w.org\/{rel}","templated":true}]}}