{"id":22570,"date":"2021-09-16T09:59:28","date_gmt":"2021-09-16T13:59:28","guid":{"rendered":"https:\/\/www.lirapopular.cl\/lirapopularxix\/?page_id=22570"},"modified":"2021-09-16T09:59:28","modified_gmt":"2021-09-16T13:59:28","slug":"captura-de-pio-rios","status":"publish","type":"page","link":"https:\/\/www.lirapopular.cl\/lirapopularxix\/captura-de-pio-rios\/","title":{"rendered":"Captura de Pio Rios <br>el de la descuartizada"},"content":{"rendered":"\n<div class=\"wp-block-image\"><figure class=\"alignright size-medium\"><a href=\"http:\/\/https:\/\/www.lirapopular.cl\/lirapopularxix\/wp-content\/uploads\/2021\/09\/490-1.jpg\"><img decoding=\"async\" src=\"http:\/\/https:\/\/www.lirapopular.cl\/lirapopularxix\/wp-content\/uploads\/2021\/09\/490-1-300x218.jpg\" alt=\"\" class=\"wp-image-22574\"\/><\/a><figcaption>Colecci\u00f3n Lira Popular de la<br \/>Universidad de Chile<\/figcaption><\/figure><\/div>\n\n\n\n<p>Autor: Pedro Villegas.<br \/>Impresor: Impreso por P. Ramirez\u2014Ech\u00e1urren. 6.<br \/>Tama\u00f1o: 24,3 x 33,8 cm<br \/>Clasificaci\u00f3n: 490 V732r Caja N\u00b03b<\/p>\n\n\n\n<ul class=\"wp-block-list\"><li><a href=\"https:\/\/www.lirapopular.cl\/lirapopularxix\/2021\/09\/16\/un-nino-con-dos-bocas\/\">Un ni\u00f1o con dos bocas<\/a><\/li><li><a href=\"https:\/\/www.lirapopular.cl\/lirapopularxix\/2021\/09\/16\/captura-de-pio-riosel-de-la-descuartizada\/\">Captura de P\u00edo R\u00edos el de la descuartizada<\/a><\/li><li><a href=\"https:\/\/www.lirapopular.cl\/lirapopularxix\/2021\/09\/16\/amenazas-del-mapocho\/\">Amenazas del Mapocho<\/a><\/li><li><a href=\"https:\/\/www.lirapopular.cl\/lirapopularxix\/2021\/09\/16\/horas-largas\/\">Horas largas<\/a><\/li><\/ul>\n\n\n\n<p>Nota: Este ejemplar tiene escrito a mano con l\u00e1piz rojo \u201c490\u201d, con l\u00e1piz grafito &#8220;Maria Se&#8221;.<br \/>Documento optimizado digitalmente.<\/p>\n","protected":false},"excerpt":{"rendered":"<p>Autor: Pedro Villegas.Impresor: Impreso por P. Ramirez\u2014Ech\u00e1urren. 6.Tama\u00f1o: 24,3 x 33,8 cmClasificaci\u00f3n: 490 V732r Caja N\u00b03b Un ni\u00f1o con dos bocas Captura de P\u00edo R\u00edos el de la descuartizada Amenazas del Mapocho Horas largas Nota: Este ejemplar tiene escrito a mano con l\u00e1piz rojo \u201c490\u201d, con l\u00e1piz grafito &#8220;Maria Se&#8221;.Documento optimizado digitalmente.<\/p>\n","protected":false},"author":1,"featured_media":0,"parent":0,"menu_order":0,"comment_status":"closed","ping_status":"closed","template":"","meta":{"footnotes":""},"class_list":["post-22570","page","type-page","status-publish","hentry"],"jetpack_sharing_enabled":true,"_links":{"self":[{"href":"https:\/\/www.lirapopular.cl\/lirapopularxix\/wp-json\/wp\/v2\/pages\/22570","targetHints":{"allow":["GET"]}}],"collection":[{"href":"https:\/\/www.lirapopular.cl\/lirapopularxix\/wp-json\/wp\/v2\/pages"}],"about":[{"href":"https:\/\/www.lirapopular.cl\/lirapopularxix\/wp-json\/wp\/v2\/types\/page"}],"author":[{"embeddable":true,"href":"https:\/\/www.lirapopular.cl\/lirapopularxix\/wp-json\/wp\/v2\/users\/1"}],"replies":[{"embeddable":true,"href":"https:\/\/www.lirapopular.cl\/lirapopularxix\/wp-json\/wp\/v2\/comments?post=22570"}],"version-history":[{"count":0,"href":"https:\/\/www.lirapopular.cl\/lirapopularxix\/wp-json\/wp\/v2\/pages\/22570\/revisions"}],"wp:attachment":[{"href":"https:\/\/www.lirapopular.cl\/lirapopularxix\/wp-json\/wp\/v2\/media?parent=22570"}],"curies":[{"name":"wp","href":"https:\/\/api.w.org\/{rel}","templated":true}]}}