{"id":22491,"date":"2021-09-13T21:45:57","date_gmt":"2021-09-14T01:45:57","guid":{"rendered":"https:\/\/www.lirapopular.cl\/lirapopularxix\/?page_id=22491"},"modified":"2021-09-13T21:45:57","modified_gmt":"2021-09-14T01:45:57","slug":"biografia-de-un-enfermo","status":"publish","type":"page","link":"https:\/\/www.lirapopular.cl\/lirapopularxix\/biografia-de-un-enfermo\/","title":{"rendered":"BIOGRAFIA DE UN ENFERMO"},"content":{"rendered":"\n<div class=\"wp-block-image\"><figure class=\"alignright size-medium\"><a href=\"http:\/\/https:\/\/www.lirapopular.cl\/lirapopularxix\/wp-content\/uploads\/2021\/09\/660-1.jpg\"><img decoding=\"async\" src=\"http:\/\/https:\/\/www.lirapopular.cl\/lirapopularxix\/wp-content\/uploads\/2021\/09\/660-1-230x300.jpg\" alt=\"\" class=\"wp-image-22495\"\/><\/a><figcaption>Colecci\u00f3n Lira Popular de la<br \/>Universidad de Chile<\/figcaption><\/figure><\/div>\n\n\n\n<p>Autor: Propiedad de J. Vergara.<br \/>Impresor: Sin informaci\u00f3n<br \/>Tama\u00f1o: 35,8 x 27,8 cm<br \/>Clasificaci\u00f3n: 660 V494 Caja N\u00b03a<\/p>\n\n\n\n<ul class=\"wp-block-list\"><li><a href=\"https:\/\/www.lirapopular.cl\/lirapopularxix\/2021\/09\/14\/biografia-de-un-enfermo\/\">Biograf\u00eda de un enfermo<\/a><\/li><li><a href=\"https:\/\/www.lirapopular.cl\/lirapopularxix\/2021\/09\/14\/promisiones-de-un-enamorado\/\">Provisiones de un enamorado<\/a><\/li><li><a href=\"https:\/\/www.lirapopular.cl\/lirapopularxix\/2021\/09\/14\/caida-de-juana-rosa-rodriguez\/\">Ca\u00edda de Juana Rosa Rodr\u00edguez<\/a><\/li><li><a href=\"https:\/\/www.lirapopular.cl\/lirapopularxix\/2021\/09\/14\/datos-de-la-caida\/\">Datos de la ca\u00edda.<\/a><\/li><\/ul>\n\n\n\n<p>Nota: Este ejemplar tiene escrito a mano con l\u00e1piz rojo \u201c660\u201d.<br \/>Documento optimizado digitalmente.<\/p>\n","protected":false},"excerpt":{"rendered":"<p>Autor: Propiedad de J. Vergara.Impresor: Sin informaci\u00f3nTama\u00f1o: 35,8 x 27,8 cmClasificaci\u00f3n: 660 V494 Caja N\u00b03a Biograf\u00eda de un enfermo Provisiones de un enamorado Ca\u00edda de Juana Rosa Rodr\u00edguez Datos de la ca\u00edda. Nota: Este ejemplar tiene escrito a mano con l\u00e1piz rojo \u201c660\u201d.Documento optimizado digitalmente.<\/p>\n","protected":false},"author":1,"featured_media":0,"parent":0,"menu_order":0,"comment_status":"closed","ping_status":"closed","template":"","meta":{"footnotes":""},"class_list":["post-22491","page","type-page","status-publish","hentry"],"jetpack_sharing_enabled":true,"_links":{"self":[{"href":"https:\/\/www.lirapopular.cl\/lirapopularxix\/wp-json\/wp\/v2\/pages\/22491","targetHints":{"allow":["GET"]}}],"collection":[{"href":"https:\/\/www.lirapopular.cl\/lirapopularxix\/wp-json\/wp\/v2\/pages"}],"about":[{"href":"https:\/\/www.lirapopular.cl\/lirapopularxix\/wp-json\/wp\/v2\/types\/page"}],"author":[{"embeddable":true,"href":"https:\/\/www.lirapopular.cl\/lirapopularxix\/wp-json\/wp\/v2\/users\/1"}],"replies":[{"embeddable":true,"href":"https:\/\/www.lirapopular.cl\/lirapopularxix\/wp-json\/wp\/v2\/comments?post=22491"}],"version-history":[{"count":0,"href":"https:\/\/www.lirapopular.cl\/lirapopularxix\/wp-json\/wp\/v2\/pages\/22491\/revisions"}],"wp:attachment":[{"href":"https:\/\/www.lirapopular.cl\/lirapopularxix\/wp-json\/wp\/v2\/media?parent=22491"}],"curies":[{"name":"wp","href":"https:\/\/api.w.org\/{rel}","templated":true}]}}