{"id":224,"date":"2019-06-04T23:04:45","date_gmt":"2019-06-05T03:04:45","guid":{"rendered":"https:\/\/www.lirapopular.cl\/lirapopularxix\/?page_id=224"},"modified":"2019-06-04T23:04:45","modified_gmt":"2019-06-05T03:04:45","slug":"cantos-populares","status":"publish","type":"page","link":"https:\/\/www.lirapopular.cl\/lirapopularxix\/cantos-populares\/","title":{"rendered":"Cantos Populares"},"content":{"rendered":"\n<div class=\"wp-block-image\"><figure class=\"alignright\"><a href=\"https:\/\/www.lirapopular.cl\/lirapopularxix\/wp-content\/uploads\/2019\/06\/22.jpg\"><img loading=\"lazy\" decoding=\"async\" width=\"216\" height=\"300\" src=\"https:\/\/www.lirapopular.cl\/lirapopularxix\/wp-content\/uploads\/2019\/06\/22-216x300.jpg\" alt=\"\" class=\"wp-image-225\" srcset=\"https:\/\/www.lirapopular.cl\/lirapopularxix\/wp-content\/uploads\/2019\/06\/22-216x300.jpg 216w, https:\/\/www.lirapopular.cl\/lirapopularxix\/wp-content\/uploads\/2019\/06\/22.jpg 720w\" sizes=\"auto, (max-width: 216px) 100vw, 216px\" \/><\/a><figcaption>Colecci\u00f3n Lira Popular de la Universidad de Chile<\/figcaption><\/figure><\/div>\n\n\n\n<p>Autor: Emilio Oyarz\u00fan, Poeta nacional. O&#8217;Higgins N\u00ba12<br>Impresor: Imp. Penquista, Rengo 31<br>Tama\u00f1o: 38,5 x 27,2 cm.<br>Clasificaci\u00f3n: 22 OY98c Caja N\u00b0 9a<\/p>\n\n\n\n<ul class=\"wp-block-list\"><li><a href=\"https:\/\/www.lirapopular.cl\/lirapopularxix\/2019\/06\/05\/muerte-del-diabloporque-se-atoro-con-un-hueso\/\">Muerte del diablo<\/a><\/li><li><a href=\"https:\/\/www.lirapopular.cl\/lirapopularxix\/2019\/06\/05\/una-ilusion\/\">Una ilusi\u00f3n<\/a><\/li><li><a href=\"https:\/\/www.lirapopular.cl\/lirapopularxix\/2019\/06\/05\/la-desgracia-de-un-roto-enamorado\/\">La desgracia de un roto enamorado<\/a><\/li><li><a href=\"https:\/\/www.lirapopular.cl\/lirapopularxix\/2019\/06\/05\/drama-horrible-en-el-pueblo-de-bulnes-un-hijo-criminal-que-quema-al-padrea-la-madre-y-a-dos-hermanitas\/\">Drama horrible en el pueblo de B\u00falnes<\/a><\/li><\/ul>\n\n\n\n<p>Nota: Este ejemplar tiene escrito a mano con l\u00e1piz negro \u201c22\u201d<\/p>\n","protected":false},"excerpt":{"rendered":"<p>Autor: Emilio Oyarz\u00fan, Poeta nacional. O&#8217;Higgins N\u00ba12Impresor: Imp. Penquista, Rengo 31Tama\u00f1o: 38,5 x 27,2 cm.Clasificaci\u00f3n: 22 OY98c Caja N\u00b0 9a Muerte del diablo Una ilusi\u00f3n La desgracia de un roto enamorado Drama horrible en el pueblo de B\u00falnes Nota: Este ejemplar tiene escrito a mano con l\u00e1piz negro \u201c22\u201d<\/p>\n","protected":false},"author":1,"featured_media":0,"parent":0,"menu_order":0,"comment_status":"closed","ping_status":"closed","template":"","meta":{"footnotes":""},"class_list":["post-224","page","type-page","status-publish","hentry"],"jetpack_sharing_enabled":true,"_links":{"self":[{"href":"https:\/\/www.lirapopular.cl\/lirapopularxix\/wp-json\/wp\/v2\/pages\/224","targetHints":{"allow":["GET"]}}],"collection":[{"href":"https:\/\/www.lirapopular.cl\/lirapopularxix\/wp-json\/wp\/v2\/pages"}],"about":[{"href":"https:\/\/www.lirapopular.cl\/lirapopularxix\/wp-json\/wp\/v2\/types\/page"}],"author":[{"embeddable":true,"href":"https:\/\/www.lirapopular.cl\/lirapopularxix\/wp-json\/wp\/v2\/users\/1"}],"replies":[{"embeddable":true,"href":"https:\/\/www.lirapopular.cl\/lirapopularxix\/wp-json\/wp\/v2\/comments?post=224"}],"version-history":[{"count":0,"href":"https:\/\/www.lirapopular.cl\/lirapopularxix\/wp-json\/wp\/v2\/pages\/224\/revisions"}],"wp:attachment":[{"href":"https:\/\/www.lirapopular.cl\/lirapopularxix\/wp-json\/wp\/v2\/media?parent=224"}],"curies":[{"name":"wp","href":"https:\/\/api.w.org\/{rel}","templated":true}]}}