{"id":22231,"date":"2021-09-05T20:29:11","date_gmt":"2021-09-06T00:29:11","guid":{"rendered":"https:\/\/www.lirapopular.cl\/lirapopularxix\/?page_id=22231"},"modified":"2021-09-05T20:29:11","modified_gmt":"2021-09-06T00:29:11","slug":"la-llegada-del-sr-d-juan-castellon","status":"publish","type":"page","link":"https:\/\/www.lirapopular.cl\/lirapopularxix\/la-llegada-del-sr-d-juan-castellon\/","title":{"rendered":"La LLEGADA del SR. D. JUAN CASTELLON <br>Y SU GRANDE COMITIVA"},"content":{"rendered":"\n<div class=\"wp-block-image\"><figure class=\"alignright size-medium\"><a href=\"http:\/\/https:\/\/www.lirapopular.cl\/lirapopularxix\/wp-content\/uploads\/2021\/09\/651-1.jpg\"><img decoding=\"async\" src=\"http:\/\/https:\/\/www.lirapopular.cl\/lirapopularxix\/wp-content\/uploads\/2021\/09\/651-1-300x212.jpg\" alt=\"\" class=\"wp-image-22234\"\/><\/a><\/figure><\/div>\n\n\n\n<p>Autor: Juan de Dios Romero.<br \/>Impresor: Sin informaci\u00f3n<br \/>Tama\u00f1o: 25 x 35,5 cm<br \/>Clasificaci\u00f3n: 651 R763l Caja N\u00b03a<\/p>\n\n\n\n<ul class=\"wp-block-list\"><li><a href=\"https:\/\/www.lirapopular.cl\/lirapopularxix\/2021\/09\/06\/la-llegada-del-sr-d-juan-castellony-su-grande-comitiva\/\">La llegada del Sr. D. Juan Castell\u00f3n y su grande comitiva<\/a><\/li><li><a href=\"https:\/\/www.lirapopular.cl\/lirapopularxix\/2021\/09\/06\/triste-fin-del-dictadorbalmaceda\/\">Triste fin del dictador Balmaceda<\/a><\/li><li><a href=\"https:\/\/www.lirapopular.cl\/lirapopularxix\/2021\/09\/06\/triunfo-completo-de-la-oposicion\/\">Triunfo completo de la oposici\u00f3n<\/a><\/li><li><a href=\"https:\/\/www.lirapopular.cl\/lirapopularxix\/2021\/09\/06\/viva-el-triunfo-opositor\/\">Viva el triunfo opositor<\/a><\/li><\/ul>\n\n\n\n<p>Nota: Este ejemplar tiene escrito a mano con l\u00e1piz rojo \u201c651\u201d.<br \/>Documento optimizado digitalmente.<\/p>\n","protected":false},"excerpt":{"rendered":"<p>Autor: Juan de Dios Romero.Impresor: Sin informaci\u00f3nTama\u00f1o: 25 x 35,5 cmClasificaci\u00f3n: 651 R763l Caja N\u00b03a La llegada del Sr. D. Juan Castell\u00f3n y su grande comitiva Triste fin del dictador Balmaceda Triunfo completo de la oposici\u00f3n Viva el triunfo opositor Nota: Este ejemplar tiene escrito a mano con l\u00e1piz rojo \u201c651\u201d.Documento optimizado digitalmente.<\/p>\n","protected":false},"author":1,"featured_media":0,"parent":0,"menu_order":0,"comment_status":"closed","ping_status":"closed","template":"","meta":{"footnotes":""},"class_list":["post-22231","page","type-page","status-publish","hentry"],"jetpack_sharing_enabled":true,"_links":{"self":[{"href":"https:\/\/www.lirapopular.cl\/lirapopularxix\/wp-json\/wp\/v2\/pages\/22231","targetHints":{"allow":["GET"]}}],"collection":[{"href":"https:\/\/www.lirapopular.cl\/lirapopularxix\/wp-json\/wp\/v2\/pages"}],"about":[{"href":"https:\/\/www.lirapopular.cl\/lirapopularxix\/wp-json\/wp\/v2\/types\/page"}],"author":[{"embeddable":true,"href":"https:\/\/www.lirapopular.cl\/lirapopularxix\/wp-json\/wp\/v2\/users\/1"}],"replies":[{"embeddable":true,"href":"https:\/\/www.lirapopular.cl\/lirapopularxix\/wp-json\/wp\/v2\/comments?post=22231"}],"version-history":[{"count":0,"href":"https:\/\/www.lirapopular.cl\/lirapopularxix\/wp-json\/wp\/v2\/pages\/22231\/revisions"}],"wp:attachment":[{"href":"https:\/\/www.lirapopular.cl\/lirapopularxix\/wp-json\/wp\/v2\/media?parent=22231"}],"curies":[{"name":"wp","href":"https:\/\/api.w.org\/{rel}","templated":true}]}}