{"id":22172,"date":"2021-09-05T17:51:33","date_gmt":"2021-09-05T21:51:33","guid":{"rendered":"https:\/\/www.lirapopular.cl\/lirapopularxix\/?page_id=22172"},"modified":"2021-09-05T17:51:33","modified_gmt":"2021-09-05T21:51:33","slug":"las-quejas-del-pobre-roto-chileno","status":"publish","type":"page","link":"https:\/\/www.lirapopular.cl\/lirapopularxix\/las-quejas-del-pobre-roto-chileno\/","title":{"rendered":"Las quejas del pobre Roto Chileno"},"content":{"rendered":"\n<div class=\"wp-block-image\"><figure class=\"alignright size-medium\"><a href=\"http:\/\/https:\/\/www.lirapopular.cl\/lirapopularxix\/wp-content\/uploads\/2021\/09\/550-1.jpg\"><img decoding=\"async\" src=\"http:\/\/https:\/\/www.lirapopular.cl\/lirapopularxix\/wp-content\/uploads\/2021\/09\/550-1-285x300.jpg\" alt=\"\" class=\"wp-image-22175\"\/><\/a><figcaption>Colecci\u00f3n Lira Popular de la<br \/>Universidad de Chile<\/figcaption><\/figure><\/div>\n\n\n\n<p>Autor: Jos\u00e9 Dolores Rebolledo. Es propiedad del autor.<br \/>Impresor: Sin informaci\u00f3n<br \/>Tama\u00f1o: 39 x 37 cm<br \/>Clasificaci\u00f3n: 550 R291q Caja N\u00b010a<\/p>\n\n\n\n<ul class=\"wp-block-list\"><li><a href=\"https:\/\/www.lirapopular.cl\/lirapopularxix\/2021\/09\/05\/quejasdel-pobre-roto-chileno\/\">Quejas del pobre roto chileno<\/a><\/li><li><a href=\"https:\/\/www.lirapopular.cl\/lirapopularxix\/2021\/09\/05\/porfiado-amor-del-roto\/\">Porfiado amor del roto<\/a><\/li><li><a href=\"https:\/\/www.lirapopular.cl\/lirapopularxix\/2021\/09\/05\/el-casamiento-del-roto\/\">El casamiento del roto<\/a><\/li><li><a href=\"https:\/\/www.lirapopular.cl\/lirapopularxix\/2021\/09\/05\/fino-amor-hasta-la-muertedel-roto\/\">Fino amor hasta la muerte del roto<\/a><\/li><li><a href=\"https:\/\/www.lirapopular.cl\/lirapopularxix\/2021\/09\/05\/el-testamento-de-mi-abueladel-roto\/\">El testamento de mi abuela del roto<\/a><\/li><li><a href=\"https:\/\/www.lirapopular.cl\/lirapopularxix\/2021\/09\/05\/los-amores-del-roto\/\">Los amores del roto<\/a><\/li><\/ul>\n\n\n\n<p>Nota: Este ejemplar tiene escrito a mano con l\u00e1piz rojo \u201c550\u201d.<br \/>Documento optimizado digitalmente.<\/p>\n","protected":false},"excerpt":{"rendered":"<p>Autor: Jos\u00e9 Dolores Rebolledo. Es propiedad del autor.Impresor: Sin informaci\u00f3nTama\u00f1o: 39 x 37 cmClasificaci\u00f3n: 550 R291q Caja N\u00b010a Quejas del pobre roto chileno Porfiado amor del roto El casamiento del roto Fino amor hasta la muerte del roto El testamento de mi abuela del roto Los amores del roto Nota: Este ejemplar tiene escrito a [&hellip;]<\/p>\n","protected":false},"author":1,"featured_media":0,"parent":0,"menu_order":0,"comment_status":"closed","ping_status":"closed","template":"","meta":{"footnotes":""},"class_list":["post-22172","page","type-page","status-publish","hentry"],"jetpack_sharing_enabled":true,"_links":{"self":[{"href":"https:\/\/www.lirapopular.cl\/lirapopularxix\/wp-json\/wp\/v2\/pages\/22172","targetHints":{"allow":["GET"]}}],"collection":[{"href":"https:\/\/www.lirapopular.cl\/lirapopularxix\/wp-json\/wp\/v2\/pages"}],"about":[{"href":"https:\/\/www.lirapopular.cl\/lirapopularxix\/wp-json\/wp\/v2\/types\/page"}],"author":[{"embeddable":true,"href":"https:\/\/www.lirapopular.cl\/lirapopularxix\/wp-json\/wp\/v2\/users\/1"}],"replies":[{"embeddable":true,"href":"https:\/\/www.lirapopular.cl\/lirapopularxix\/wp-json\/wp\/v2\/comments?post=22172"}],"version-history":[{"count":0,"href":"https:\/\/www.lirapopular.cl\/lirapopularxix\/wp-json\/wp\/v2\/pages\/22172\/revisions"}],"wp:attachment":[{"href":"https:\/\/www.lirapopular.cl\/lirapopularxix\/wp-json\/wp\/v2\/media?parent=22172"}],"curies":[{"name":"wp","href":"https:\/\/api.w.org\/{rel}","templated":true}]}}