{"id":21990,"date":"2021-08-31T10:35:08","date_gmt":"2021-08-31T14:35:08","guid":{"rendered":"https:\/\/www.lirapopular.cl\/lirapopularxix\/?page_id=21990"},"modified":"2021-08-31T10:35:08","modified_gmt":"2021-08-31T14:35:08","slug":"terribles-crimenes","status":"publish","type":"page","link":"https:\/\/www.lirapopular.cl\/lirapopularxix\/terribles-crimenes\/","title":{"rendered":"TERRIBLES CRIMENES"},"content":{"rendered":"\n<div class=\"wp-block-image\"><figure class=\"alignright size-medium\"><a href=\"http:\/\/https:\/\/www.lirapopular.cl\/lirapopularxix\/wp-content\/uploads\/2021\/08\/404-1.jpg\"><img decoding=\"async\" src=\"http:\/\/https:\/\/www.lirapopular.cl\/lirapopularxix\/wp-content\/uploads\/2021\/08\/404-1-214x300.jpg\" alt=\"\" class=\"wp-image-21993\"\/><\/a><figcaption>Colecci\u00f3n Lira Popular de la<br \/>Universidad de Chile<\/figcaption><\/figure><\/div>\n\n\n\n<p>Autor: Juan Bautista Peralta. Huemul 34.<br \/>Impresor: Sin informaci\u00f3n<br \/>Tama\u00f1o: 37,5 x 53,1 cm<br \/>Clasificaci\u00f3n: 404 P426t Caja N\u00b05b, BN C\u00f3digo:\u00a0LO0012128<\/p>\n\n\n\n<ul class=\"wp-block-list\"><li><a href=\"https:\/\/www.lirapopular.cl\/lirapopularxix\/2021\/08\/31\/capilla-i-ejecuciondel-soldado-aburto\/\">Capilla y ejecuci\u00f3n del soldado Aburto<\/a><\/li><li><a href=\"https:\/\/www.lirapopular.cl\/lirapopularxix\/2021\/08\/31\/sentencia-el-muertedel-hijo-que-mato-al-padre\/\">Sentencia de muerte del hijo que mato al padre<\/a><\/li><li><a href=\"https:\/\/www.lirapopular.cl\/lirapopularxix\/2021\/08\/31\/cartade-apablaza-i-vergara\/\">Carta de Apablaza y Vergara<\/a><\/li><li><a href=\"https:\/\/www.lirapopular.cl\/lirapopularxix\/2021\/08\/31\/contestacion-4\/\">Contestaci\u00f3n<\/a><\/li><li><a href=\"https:\/\/www.lirapopular.cl\/lirapopularxix\/2021\/08\/31\/horrendo-crimen-en-talca\/\">Horrendo crimen en Talca<\/a><\/li><li><a href=\"https:\/\/www.lirapopular.cl\/lirapopularxix\/2021\/08\/31\/detallesy-declaracion-de-los-reos\/\">Detalles y declaraci\u00f3n de los reos<\/a><\/li><li><a href=\"https:\/\/www.lirapopular.cl\/lirapopularxix\/2021\/08\/31\/critica-situacion-de-chile\/\">Cr\u00edtica situaci\u00f3n de Chile.<\/a><\/li><\/ul>\n\n\n\n<p>Nota: El 1er ejemplar tiene escrito a mano con l\u00e1piz rojo \u201c404\u201d.<br \/>El 2\u00ba ejemplar tiene escrito a mano con l\u00e1piz rojo \u201c-36-\u201d, con grafito &#8220;26&#8221; y con un timbre &#8220;42&#8221;.<br \/>Documentos optimizados digitalmente.<\/p>\n\n\n\n<div class=\"wp-block-image is-style-default\"><figure class=\"alignright size-medium\"><a href=\"https:\/\/www.lirapopular.cl\/lirapopularxix\/wp-content\/uploads\/2021\/11\/LO0012128.jpg\"><img loading=\"lazy\" decoding=\"async\" width=\"201\" height=\"300\" src=\"https:\/\/www.lirapopular.cl\/lirapopularxix\/wp-content\/uploads\/2021\/11\/LO0012128-201x300.jpg\" alt=\"\" class=\"wp-image-26823\" srcset=\"https:\/\/www.lirapopular.cl\/lirapopularxix\/wp-content\/uploads\/2021\/11\/LO0012128-201x300.jpg 201w, https:\/\/www.lirapopular.cl\/lirapopularxix\/wp-content\/uploads\/2021\/11\/LO0012128.jpg 671w\" sizes=\"auto, (max-width: 201px) 100vw, 201px\" \/><\/a><figcaption>Archivo de Literatura Oral<br \/>Fondo Rodolfo Lenz<\/figcaption><\/figure><\/div>\n","protected":false},"excerpt":{"rendered":"<p>Autor: Juan Bautista Peralta. Huemul 34.Impresor: Sin informaci\u00f3nTama\u00f1o: 37,5 x 53,1 cmClasificaci\u00f3n: 404 P426t Caja N\u00b05b, BN C\u00f3digo:\u00a0LO0012128 Capilla y ejecuci\u00f3n del soldado Aburto Sentencia de muerte del hijo que mato al padre Carta de Apablaza y Vergara Contestaci\u00f3n Horrendo crimen en Talca Detalles y declaraci\u00f3n de los reos Cr\u00edtica situaci\u00f3n de Chile. Nota: El [&hellip;]<\/p>\n","protected":false},"author":1,"featured_media":0,"parent":0,"menu_order":0,"comment_status":"closed","ping_status":"closed","template":"","meta":{"footnotes":""},"class_list":["post-21990","page","type-page","status-publish","hentry"],"jetpack_sharing_enabled":true,"_links":{"self":[{"href":"https:\/\/www.lirapopular.cl\/lirapopularxix\/wp-json\/wp\/v2\/pages\/21990","targetHints":{"allow":["GET"]}}],"collection":[{"href":"https:\/\/www.lirapopular.cl\/lirapopularxix\/wp-json\/wp\/v2\/pages"}],"about":[{"href":"https:\/\/www.lirapopular.cl\/lirapopularxix\/wp-json\/wp\/v2\/types\/page"}],"author":[{"embeddable":true,"href":"https:\/\/www.lirapopular.cl\/lirapopularxix\/wp-json\/wp\/v2\/users\/1"}],"replies":[{"embeddable":true,"href":"https:\/\/www.lirapopular.cl\/lirapopularxix\/wp-json\/wp\/v2\/comments?post=21990"}],"version-history":[{"count":0,"href":"https:\/\/www.lirapopular.cl\/lirapopularxix\/wp-json\/wp\/v2\/pages\/21990\/revisions"}],"wp:attachment":[{"href":"https:\/\/www.lirapopular.cl\/lirapopularxix\/wp-json\/wp\/v2\/media?parent=21990"}],"curies":[{"name":"wp","href":"https:\/\/api.w.org\/{rel}","templated":true}]}}