{"id":21718,"date":"2021-08-23T19:42:48","date_gmt":"2021-08-23T23:42:48","guid":{"rendered":"https:\/\/www.lirapopular.cl\/lirapopularxix\/?page_id=21718"},"modified":"2021-08-23T19:42:48","modified_gmt":"2021-08-23T23:42:48","slug":"triunfo-de-don-federico-errazuriz","status":"publish","type":"page","link":"https:\/\/www.lirapopular.cl\/lirapopularxix\/triunfo-de-don-federico-errazuriz\/","title":{"rendered":"TRIUNFO DE DON FEDERICO ERR\u00c1ZURIZ <br>Las promesas del nuevo Presidente"},"content":{"rendered":"\n<div class=\"wp-block-image\"><figure class=\"alignright size-medium\"><a href=\"https:\/\/www.lirapopular.cl\/lirapopularxix\/wp-content\/uploads\/2021\/08\/392.jpg\"><img loading=\"lazy\" decoding=\"async\" width=\"223\" height=\"300\" src=\"https:\/\/www.lirapopular.cl\/lirapopularxix\/wp-content\/uploads\/2021\/08\/392-223x300.jpg\" alt=\"\" class=\"wp-image-21715\" srcset=\"https:\/\/www.lirapopular.cl\/lirapopularxix\/wp-content\/uploads\/2021\/08\/392-223x300.jpg 223w, https:\/\/www.lirapopular.cl\/lirapopularxix\/wp-content\/uploads\/2021\/08\/392.jpg 744w\" sizes=\"auto, (max-width: 223px) 100vw, 223px\" \/><\/a><figcaption>Colecci\u00f3n Lira Popular de la<br \/>Universidad de Chile<\/figcaption><\/figure><\/div>\n\n\n\n<p>Autor: Juan Bautista Peralta.\u2013 Calle Huemul 34.<br \/>Impresor: 18,103\u2013 Imp. C.<br \/>Tama\u00f1o: 37,4 x 51 cm<br \/>Clasificaci\u00f3n: 392 P426t Caja N\u00b05b, BN C\u00f3digo:\u00a0LO0012112<\/p>\n\n\n\n<ul class=\"wp-block-list\"><li><a href=\"https:\/\/www.lirapopular.cl\/lirapopularxix\/2021\/08\/23\/triunfo-de-don-federicoerrazuriz\/\">Triunfo de don Federico Err\u00e1zuriz<\/a><\/li><li><a href=\"https:\/\/www.lirapopular.cl\/lirapopularxix\/2021\/08\/23\/las-promesas-del-nuevopresidente\/\">Las promesas del nuevo presidente<\/a><\/li><li><a href=\"https:\/\/www.lirapopular.cl\/lirapopularxix\/2021\/08\/23\/sobre-el-pillaje-ensantiago\/\">Sobre el pillaje en Santiago<\/a><\/li><li><a href=\"https:\/\/www.lirapopular.cl\/lirapopularxix\/2021\/08\/23\/un-ataque-a-los-monopo-lios-en-chile\/\">Un ataque a los monopolios en Chile<\/a><\/li><li><a href=\"https:\/\/www.lirapopular.cl\/lirapopularxix\/2021\/08\/23\/la-conversion-de-mariamagdalena\/\">La conversi\u00f3n de Mar\u00eda Magdalena.<\/a><\/li><\/ul>\n\n\n\n<p>Nota: El 1er ejemplar tiene escrito a mano con l\u00e1piz rojo \u201c392\u201d.<br \/>El 2\u00ba ejemplar tiene escrito a mano con l\u00e1piz rojo \u201c-20-\u201d, con grafito &#8220;Hern D R Lenz (texto ilegible)&#8221; &#8220;yo 20&#8221;, &#8220;5&#8221;, &#8220;1896&#8221; y con un timbre &#8220;0242&#8221;.<br \/>Documentos optimizados digitalmente.<\/p>\n\n\n\n<div class=\"wp-block-image is-style-default\"><figure class=\"alignright size-medium\"><a href=\"https:\/\/www.lirapopular.cl\/lirapopularxix\/wp-content\/uploads\/2021\/11\/LO0012112.jpg\"><img loading=\"lazy\" decoding=\"async\" width=\"212\" height=\"300\" src=\"https:\/\/www.lirapopular.cl\/lirapopularxix\/wp-content\/uploads\/2021\/11\/LO0012112-212x300.jpg\" alt=\"\" class=\"wp-image-26825\" srcset=\"https:\/\/www.lirapopular.cl\/lirapopularxix\/wp-content\/uploads\/2021\/11\/LO0012112-212x300.jpg 212w, https:\/\/www.lirapopular.cl\/lirapopularxix\/wp-content\/uploads\/2021\/11\/LO0012112.jpg 708w\" sizes=\"auto, (max-width: 212px) 100vw, 212px\" \/><\/a><figcaption>Archivo de Literatura Oral<br \/>Fondo Rodolfo Lenz<\/figcaption><\/figure><\/div>\n","protected":false},"excerpt":{"rendered":"<p>Autor: Juan Bautista Peralta.\u2013 Calle Huemul 34.Impresor: 18,103\u2013 Imp. C.Tama\u00f1o: 37,4 x 51 cmClasificaci\u00f3n: 392 P426t Caja N\u00b05b, BN C\u00f3digo:\u00a0LO0012112 Triunfo de don Federico Err\u00e1zuriz Las promesas del nuevo presidente Sobre el pillaje en Santiago Un ataque a los monopolios en Chile La conversi\u00f3n de Mar\u00eda Magdalena. Nota: El 1er ejemplar tiene escrito a mano [&hellip;]<\/p>\n","protected":false},"author":1,"featured_media":0,"parent":0,"menu_order":0,"comment_status":"closed","ping_status":"closed","template":"","meta":{"footnotes":""},"class_list":["post-21718","page","type-page","status-publish","hentry"],"jetpack_sharing_enabled":true,"_links":{"self":[{"href":"https:\/\/www.lirapopular.cl\/lirapopularxix\/wp-json\/wp\/v2\/pages\/21718","targetHints":{"allow":["GET"]}}],"collection":[{"href":"https:\/\/www.lirapopular.cl\/lirapopularxix\/wp-json\/wp\/v2\/pages"}],"about":[{"href":"https:\/\/www.lirapopular.cl\/lirapopularxix\/wp-json\/wp\/v2\/types\/page"}],"author":[{"embeddable":true,"href":"https:\/\/www.lirapopular.cl\/lirapopularxix\/wp-json\/wp\/v2\/users\/1"}],"replies":[{"embeddable":true,"href":"https:\/\/www.lirapopular.cl\/lirapopularxix\/wp-json\/wp\/v2\/comments?post=21718"}],"version-history":[{"count":0,"href":"https:\/\/www.lirapopular.cl\/lirapopularxix\/wp-json\/wp\/v2\/pages\/21718\/revisions"}],"wp:attachment":[{"href":"https:\/\/www.lirapopular.cl\/lirapopularxix\/wp-json\/wp\/v2\/media?parent=21718"}],"curies":[{"name":"wp","href":"https:\/\/api.w.org\/{rel}","templated":true}]}}