{"id":2151,"date":"2019-08-02T17:21:21","date_gmt":"2019-08-02T21:21:21","guid":{"rendered":"https:\/\/www.lirapopular.cl\/lirapopularxix\/?page_id=2151"},"modified":"2019-08-02T17:21:21","modified_gmt":"2019-08-02T21:21:21","slug":"el-crimen-de-la-calle-fontecilla-matta-perez-y-sara-bell-detalles-completos","status":"publish","type":"page","link":"https:\/\/www.lirapopular.cl\/lirapopularxix\/el-crimen-de-la-calle-fontecilla-matta-perez-y-sara-bell-detalles-completos\/","title":{"rendered":"El Cr\u00edmen de la calle Fontecilla<br>MATTA, P\u00c9REZ Y SARA BELL &#8211; DETALLES COMPLETOS"},"content":{"rendered":"\n<div class=\"wp-block-image\"><figure class=\"alignright\"><a href=\"https:\/\/www.lirapopular.cl\/lirapopularxix\/wp-content\/uploads\/2019\/08\/552.jpg\"><img decoding=\"async\" src=\"https:\/\/www.lirapopular.cl\/lirapopularxix\/wp-content\/uploads\/2019\/08\/552-213x300.jpg\" alt=\"\" class=\"wp-image-2152\"\/><\/a><figcaption>Colecci\u00f3n Lira Popular de la <br>Universidad de Chile<\/figcaption><\/figure><\/div>\n\n\n\n<p>Autor: Rosa Aravena<br>Impresor: Sin informaci\u00f3n<br>Tama\u00f1o: 53 x 37 cm<br>Clasificaci\u00f3n: 552 A663c Caja N\u00b010a<br>BN C\u00f3digo:&nbsp;LO0012072<\/p>\n\n\n\n<ul class=\"wp-block-list\"><li><a href=\"https:\/\/www.lirapopular.cl\/lirapopularxix\/2019\/08\/02\/el-cran-crimen-de-la-calle-fontecilla-el-abogado-que-mata-luis-matta-perez-y-sara-bell-fuga-del-asesino\/\">El gran crimen de la calle Fontecilla. El abogado que mata a la querida. Luis Matta Perez y Sara Bell. Fuga del asesino<\/a><\/li><li><a href=\"https:\/\/www.lirapopular.cl\/lirapopularxix\/2019\/08\/02\/la-triste-situacion-de-los-obreros-chilenos\/\">La triste situaci\u00f3n de los obreros chilenos<\/a><\/li><li><a href=\"https:\/\/www.lirapopular.cl\/lirapopularxix\/2019\/08\/02\/versos-de-anjeles\/\">Versos de \u00e1ngeles<\/a><\/li><li><a href=\"https:\/\/www.lirapopular.cl\/lirapopularxix\/2019\/08\/02\/versos-de-puro-amor\/\">Versos de puro amor<\/a><\/li><\/ul>\n\n\n\n<p>Nota: El 1er ejemplar tiene escrito a mano con l\u00e1piz rojo \u201c552\u201d<br>El 2\u00ba ejemplar tiene escrito a mano con l\u00e1piz rojo \u201c14\u201d, con l\u00e1piz grafito &#8220;3&#8221; y con timbre &#8220;58&#8221;<br>Documentos optimizados digitalmente<\/p>\n\n\n\n<div class=\"wp-block-image\"><figure class=\"alignright size-medium\"><a href=\"https:\/\/www.lirapopular.cl\/lirapopularxix\/wp-content\/uploads\/2020\/06\/LO0012072.jpg\"><img decoding=\"async\" src=\"https:\/\/www.lirapopular.cl\/lirapopularxix\/wp-content\/uploads\/2020\/06\/LO0012072-208x300.jpg\" alt=\"\" class=\"wp-image-10136\"\/><\/a><figcaption>Archivo de Literatura Oral<br>Fondo Rodolfo Lenz<\/figcaption><\/figure><\/div>\n","protected":false},"excerpt":{"rendered":"<p>Autor: Rosa AravenaImpresor: Sin informaci\u00f3nTama\u00f1o: 53 x 37 cmClasificaci\u00f3n: 552 A663c Caja N\u00b010aBN C\u00f3digo:&nbsp;LO0012072 El gran crimen de la calle Fontecilla. El abogado que mata a la querida. Luis Matta Perez y Sara Bell. Fuga del asesino La triste situaci\u00f3n de los obreros chilenos Versos de \u00e1ngeles Versos de puro amor Nota: El 1er ejemplar [&hellip;]<\/p>\n","protected":false},"author":1,"featured_media":0,"parent":0,"menu_order":0,"comment_status":"closed","ping_status":"closed","template":"","meta":{"footnotes":""},"class_list":["post-2151","page","type-page","status-publish","hentry"],"jetpack_sharing_enabled":true,"_links":{"self":[{"href":"https:\/\/www.lirapopular.cl\/lirapopularxix\/wp-json\/wp\/v2\/pages\/2151","targetHints":{"allow":["GET"]}}],"collection":[{"href":"https:\/\/www.lirapopular.cl\/lirapopularxix\/wp-json\/wp\/v2\/pages"}],"about":[{"href":"https:\/\/www.lirapopular.cl\/lirapopularxix\/wp-json\/wp\/v2\/types\/page"}],"author":[{"embeddable":true,"href":"https:\/\/www.lirapopular.cl\/lirapopularxix\/wp-json\/wp\/v2\/users\/1"}],"replies":[{"embeddable":true,"href":"https:\/\/www.lirapopular.cl\/lirapopularxix\/wp-json\/wp\/v2\/comments?post=2151"}],"version-history":[{"count":0,"href":"https:\/\/www.lirapopular.cl\/lirapopularxix\/wp-json\/wp\/v2\/pages\/2151\/revisions"}],"wp:attachment":[{"href":"https:\/\/www.lirapopular.cl\/lirapopularxix\/wp-json\/wp\/v2\/media?parent=2151"}],"curies":[{"name":"wp","href":"https:\/\/api.w.org\/{rel}","templated":true}]}}