{"id":21296,"date":"2021-08-14T21:53:19","date_gmt":"2021-08-15T01:53:19","guid":{"rendered":"https:\/\/www.lirapopular.cl\/lirapopularxix\/?page_id=21296"},"modified":"2021-08-14T21:53:19","modified_gmt":"2021-08-15T01:53:19","slug":"ejecucion-de-belarmino-ponce","status":"publish","type":"page","link":"https:\/\/www.lirapopular.cl\/lirapopularxix\/ejecucion-de-belarmino-ponce\/","title":{"rendered":"Ejecucion de Belarmino Ponce"},"content":{"rendered":"\n<div class=\"wp-block-image\"><figure class=\"alignright size-medium\"><a href=\"http:\/\/https:\/\/www.lirapopular.cl\/lirapopularxix\/wp-content\/uploads\/2021\/08\/542-1.jpg\"><img decoding=\"async\" src=\"http:\/\/https:\/\/www.lirapopular.cl\/lirapopularxix\/wp-content\/uploads\/2021\/08\/542-1-300x221.jpg\" alt=\"\" class=\"wp-image-21300\"\/><\/a><figcaption>Colecci\u00f3n Lira Popular de la<br \/>Universidad de Chile<\/figcaption><\/figure><\/div>\n\n\n\n<p>Autor: Juan de Dios Peralta.<br \/>Impresor: Impreso por P. Ram\u00edrez.\u2013Ech\u00e1urren 6.<br \/>Tama\u00f1o: 23,5 x 33 cm<br \/>Clasificaci\u00f3n: 542 P426e Caja N\u00b01a<\/p>\n\n\n\n<ul class=\"wp-block-list\"><li><a href=\"https:\/\/www.lirapopular.cl\/lirapopularxix\/2021\/08\/14\/ejecucion-de-belarmino-ponce\/\">Ejecuci\u00f3n de Belarmino Ponce<\/a><\/li><li><a href=\"https:\/\/www.lirapopular.cl\/lirapopularxix\/2021\/08\/14\/plegaria-del-reo\/\">Plegaria del reo<\/a><\/li><li><a href=\"https:\/\/www.lirapopular.cl\/lirapopularxix\/2021\/08\/14\/asesinato-i-fuga\/\">Asesinato y fuga<\/a><\/li><li><a href=\"https:\/\/www.lirapopular.cl\/lirapopularxix\/2021\/08\/14\/depredaciones\/\">Depredaciones<\/a><\/li><\/ul>\n\n\n\n<p>Nota: Este ejemplar tiene escrito a mano con l\u00e1piz rojo \u201c542\u201d.<br \/>Usa el mismo grabado que lira 541 P426n Caja N\u00b01a, <a href=\"https:\/\/www.lirapopular.cl\/lirapopularxix\/ejecucion-del-reo-lobos\/\">ver<\/a> y 544 P426s Caja N\u00b01a, <a href=\"https:\/\/www.lirapopular.cl\/lirapopularxix\/ejecucion-del-reo-acuna\/\">ver<\/a>.<br \/>Documento optimizado digitalmente.<\/p>\n","protected":false},"excerpt":{"rendered":"<p>Autor: Juan de Dios Peralta.Impresor: Impreso por P. Ram\u00edrez.\u2013Ech\u00e1urren 6.Tama\u00f1o: 23,5 x 33 cmClasificaci\u00f3n: 542 P426e Caja N\u00b01a Ejecuci\u00f3n de Belarmino Ponce Plegaria del reo Asesinato y fuga Depredaciones Nota: Este ejemplar tiene escrito a mano con l\u00e1piz rojo \u201c542\u201d.Usa el mismo grabado que lira 541 P426n Caja N\u00b01a, ver y 544 P426s Caja N\u00b01a, [&hellip;]<\/p>\n","protected":false},"author":1,"featured_media":0,"parent":0,"menu_order":0,"comment_status":"closed","ping_status":"closed","template":"","meta":{"footnotes":""},"class_list":["post-21296","page","type-page","status-publish","hentry"],"jetpack_sharing_enabled":true,"_links":{"self":[{"href":"https:\/\/www.lirapopular.cl\/lirapopularxix\/wp-json\/wp\/v2\/pages\/21296","targetHints":{"allow":["GET"]}}],"collection":[{"href":"https:\/\/www.lirapopular.cl\/lirapopularxix\/wp-json\/wp\/v2\/pages"}],"about":[{"href":"https:\/\/www.lirapopular.cl\/lirapopularxix\/wp-json\/wp\/v2\/types\/page"}],"author":[{"embeddable":true,"href":"https:\/\/www.lirapopular.cl\/lirapopularxix\/wp-json\/wp\/v2\/users\/1"}],"replies":[{"embeddable":true,"href":"https:\/\/www.lirapopular.cl\/lirapopularxix\/wp-json\/wp\/v2\/comments?post=21296"}],"version-history":[{"count":0,"href":"https:\/\/www.lirapopular.cl\/lirapopularxix\/wp-json\/wp\/v2\/pages\/21296\/revisions"}],"wp:attachment":[{"href":"https:\/\/www.lirapopular.cl\/lirapopularxix\/wp-json\/wp\/v2\/media?parent=21296"}],"curies":[{"name":"wp","href":"https:\/\/api.w.org\/{rel}","templated":true}]}}