{"id":20830,"date":"2021-08-05T21:05:05","date_gmt":"2021-08-06T01:05:05","guid":{"rendered":"https:\/\/www.lirapopular.cl\/lirapopularxix\/?page_id=20830"},"modified":"2021-08-05T21:05:05","modified_gmt":"2021-08-06T01:05:05","slug":"llegada-de-don-salvador-donoso","status":"publish","type":"page","link":"https:\/\/www.lirapopular.cl\/lirapopularxix\/llegada-de-don-salvador-donoso\/","title":{"rendered":"Llegada de don Salvador Donoso."},"content":{"rendered":"\n<div class=\"wp-block-image\"><figure class=\"alignright size-medium\"><a href=\"http:\/\/https:\/\/www.lirapopular.cl\/lirapopularxix\/wp-content\/uploads\/2021\/08\/614-1.jpg\"><img decoding=\"async\" src=\"http:\/\/https:\/\/www.lirapopular.cl\/lirapopularxix\/wp-content\/uploads\/2021\/08\/614-1-232x300.jpg\" alt=\"\" class=\"wp-image-20833\"\/><\/a><figcaption>Colecci\u00f3n Lira Popular de la<br \/>Universidad de Chile<\/figcaption><\/figure><\/div>\n\n\n\n<p>Autor: Es propiedad de Modesto.<br \/>Impresor: Sin informaci\u00f3n<br \/>Tama\u00f1o: 25,6 x 33 cm<br \/>Clasificaci\u00f3n: 614 M691l Caja N\u00b02a<\/p>\n\n\n\n<ul class=\"wp-block-list\"><li><a href=\"https:\/\/www.lirapopular.cl\/lirapopularxix\/2021\/08\/06\/llegada-de-don-salvador-donoso\/\">Llegada de don Salvador Donoso<\/a><\/li><li><a href=\"https:\/\/www.lirapopular.cl\/lirapopularxix\/2021\/08\/06\/milagro-de-s-jose-y-maria\/\">Milagro de S. Jos\u00e9 y Mar\u00eda <\/a><\/li><li><a href=\"https:\/\/www.lirapopular.cl\/lirapopularxix\/2021\/08\/06\/gloria-al-pontifice-romano\/\">Gloria al pont\u00edfice romano<\/a><\/li><li><a href=\"https:\/\/www.lirapopular.cl\/lirapopularxix\/2021\/08\/06\/a-la-virjen-del-carmen\/\">A la virgen del Carmen<\/a><\/li><\/ul>\n\n\n\n<p>Nota: Este ejemplar tiene escrito a mano con l\u00e1piz rojo \u201c614\u201d.<br \/>Documento optimizado digitalmente.<\/p>\n","protected":false},"excerpt":{"rendered":"<p>Autor: Es propiedad de Modesto.Impresor: Sin informaci\u00f3nTama\u00f1o: 25,6 x 33 cmClasificaci\u00f3n: 614 M691l Caja N\u00b02a Llegada de don Salvador Donoso Milagro de S. Jos\u00e9 y Mar\u00eda Gloria al pont\u00edfice romano A la virgen del Carmen Nota: Este ejemplar tiene escrito a mano con l\u00e1piz rojo \u201c614\u201d.Documento optimizado digitalmente.<\/p>\n","protected":false},"author":1,"featured_media":0,"parent":0,"menu_order":0,"comment_status":"closed","ping_status":"closed","template":"","meta":{"footnotes":""},"class_list":["post-20830","page","type-page","status-publish","hentry"],"jetpack_sharing_enabled":true,"_links":{"self":[{"href":"https:\/\/www.lirapopular.cl\/lirapopularxix\/wp-json\/wp\/v2\/pages\/20830","targetHints":{"allow":["GET"]}}],"collection":[{"href":"https:\/\/www.lirapopular.cl\/lirapopularxix\/wp-json\/wp\/v2\/pages"}],"about":[{"href":"https:\/\/www.lirapopular.cl\/lirapopularxix\/wp-json\/wp\/v2\/types\/page"}],"author":[{"embeddable":true,"href":"https:\/\/www.lirapopular.cl\/lirapopularxix\/wp-json\/wp\/v2\/users\/1"}],"replies":[{"embeddable":true,"href":"https:\/\/www.lirapopular.cl\/lirapopularxix\/wp-json\/wp\/v2\/comments?post=20830"}],"version-history":[{"count":0,"href":"https:\/\/www.lirapopular.cl\/lirapopularxix\/wp-json\/wp\/v2\/pages\/20830\/revisions"}],"wp:attachment":[{"href":"https:\/\/www.lirapopular.cl\/lirapopularxix\/wp-json\/wp\/v2\/media?parent=20830"}],"curies":[{"name":"wp","href":"https:\/\/api.w.org\/{rel}","templated":true}]}}