{"id":20806,"date":"2021-08-04T20:22:48","date_gmt":"2021-08-05T00:22:48","guid":{"rendered":"https:\/\/www.lirapopular.cl\/lirapopularxix\/?page_id=20806"},"modified":"2021-08-04T20:22:48","modified_gmt":"2021-08-05T00:22:48","slug":"tentativa-de-asesinato-al-coronel-canto","status":"publish","type":"page","link":"https:\/\/www.lirapopular.cl\/lirapopularxix\/tentativa-de-asesinato-al-coronel-canto\/","title":{"rendered":"TENTATIVA DE ASESINATO AL CORONEL CANTO"},"content":{"rendered":"\n<div class=\"wp-block-image\"><figure class=\"alignright size-medium\"><a href=\"http:\/\/https:\/\/www.lirapopular.cl\/lirapopularxix\/wp-content\/uploads\/2021\/08\/613-1.jpg\"><img decoding=\"async\" src=\"http:\/\/https:\/\/www.lirapopular.cl\/lirapopularxix\/wp-content\/uploads\/2021\/08\/613-1-227x300.jpg\" alt=\"\" class=\"wp-image-20809\"\/><\/a><figcaption>Colecci\u00f3n Lira Popular de la<br \/>Universidad de Chile<\/figcaption><\/figure><\/div>\n\n\n\n<p>Autor: Modesto<br \/>Impresor: Sin informaci\u00f3n<br \/>Tama\u00f1o: 24,5 x 37 cm<br \/>Clasificaci\u00f3n: 613 M691 Caja N\u00b02a<\/p>\n\n\n\n<ul class=\"wp-block-list\"><li><a href=\"https:\/\/www.lirapopular.cl\/lirapopularxix\/2021\/08\/05\/tentativa-de-asesinato-al-coronel-canto\/\">Tentativa de asesinato al coronel Canto<\/a><\/li><li><a href=\"https:\/\/www.lirapopular.cl\/lirapopularxix\/2021\/08\/05\/amor-por-fuerza-2\/\">Amor por fuerza<\/a><\/li><li><a href=\"https:\/\/www.lirapopular.cl\/lirapopularxix\/2021\/08\/05\/el-juicio-final-3\/\">El juicio final<\/a><\/li><li><a href=\"https:\/\/www.lirapopular.cl\/lirapopularxix\/2021\/08\/05\/el-chinito\/\">El chinito<\/a><\/li><li><a href=\"https:\/\/www.lirapopular.cl\/lirapopularxix\/2021\/08\/05\/el-borracho\/\">El borracho<\/a><\/li><\/ul>\n\n\n\n<p>Nota: Este ejemplar tiene escrito a mano con l\u00e1piz rojo \u201c613\u201d.<br \/>Documento optimizado digitalmente.<\/p>\n","protected":false},"excerpt":{"rendered":"<p>Autor: ModestoImpresor: Sin informaci\u00f3nTama\u00f1o: 24,5 x 37 cmClasificaci\u00f3n: 613 M691 Caja N\u00b02a Tentativa de asesinato al coronel Canto Amor por fuerza El juicio final El chinito El borracho Nota: Este ejemplar tiene escrito a mano con l\u00e1piz rojo \u201c613\u201d.Documento optimizado digitalmente.<\/p>\n","protected":false},"author":1,"featured_media":0,"parent":0,"menu_order":0,"comment_status":"closed","ping_status":"closed","template":"","meta":{"footnotes":""},"class_list":["post-20806","page","type-page","status-publish","hentry"],"jetpack_sharing_enabled":true,"_links":{"self":[{"href":"https:\/\/www.lirapopular.cl\/lirapopularxix\/wp-json\/wp\/v2\/pages\/20806","targetHints":{"allow":["GET"]}}],"collection":[{"href":"https:\/\/www.lirapopular.cl\/lirapopularxix\/wp-json\/wp\/v2\/pages"}],"about":[{"href":"https:\/\/www.lirapopular.cl\/lirapopularxix\/wp-json\/wp\/v2\/types\/page"}],"author":[{"embeddable":true,"href":"https:\/\/www.lirapopular.cl\/lirapopularxix\/wp-json\/wp\/v2\/users\/1"}],"replies":[{"embeddable":true,"href":"https:\/\/www.lirapopular.cl\/lirapopularxix\/wp-json\/wp\/v2\/comments?post=20806"}],"version-history":[{"count":0,"href":"https:\/\/www.lirapopular.cl\/lirapopularxix\/wp-json\/wp\/v2\/pages\/20806\/revisions"}],"wp:attachment":[{"href":"https:\/\/www.lirapopular.cl\/lirapopularxix\/wp-json\/wp\/v2\/media?parent=20806"}],"curies":[{"name":"wp","href":"https:\/\/api.w.org\/{rel}","templated":true}]}}