{"id":20393,"date":"2021-07-21T20:14:43","date_gmt":"2021-07-22T00:14:43","guid":{"rendered":"https:\/\/www.lirapopular.cl\/lirapopularxix\/?page_id=20393"},"modified":"2021-07-21T20:14:43","modified_gmt":"2021-07-22T00:14:43","slug":"renido-combate-en-santiago","status":"publish","type":"page","link":"https:\/\/www.lirapopular.cl\/lirapopularxix\/renido-combate-en-santiago\/","title":{"rendered":"RE\u00d1IDO COMBATE EN SANTIAGO <br>ENTRE LA POLICIA <br>Y LOS ULTIMOS ASESINOS DE SAN JUAN"},"content":{"rendered":"\n<div class=\"wp-block-image\"><figure class=\"alignright size-medium\"><a href=\"https:\/\/www.lirapopular.cl\/lirapopularxix\/wp-content\/uploads\/2021\/07\/243.jpg\"><img decoding=\"async\" src=\"https:\/\/www.lirapopular.cl\/lirapopularxix\/wp-content\/uploads\/2021\/07\/243-213x300.jpg\" alt=\"\" class=\"wp-image-20394\"\/><\/a><figcaption>Colecci\u00f3n Lira Popular de la<br \/>Universidad de Chile<\/figcaption><\/figure><\/div>\n\n\n\n<p>Autor: R\u00f3lak.<br \/>Impresor: Imp. La Estrella de Chile, San Diego 75 <br \/>Tama\u00f1o: 54,8 x 37,5 cm<br \/>Clasificaci\u00f3n: 243 R774r Caja N\u00b09<\/p>\n\n\n\n<ul class=\"wp-block-list\"><li><a href=\"https:\/\/www.lirapopular.cl\/lirapopularxix\/2021\/07\/22\/renido-combate-en-santiago\/\">Re\u00f1ido combate en Santiago entre la polic\u00eda y los \u00faltimos asesinos de San Juan<\/a><\/li><li><a href=\"https:\/\/www.lirapopular.cl\/lirapopularxix\/2021\/07\/22\/contestaciona-los-sucesos-del-dia\/\">Contestaci\u00f3n a Los Sucesos del D\u00eda.<\/a><\/li><\/ul>\n\n\n\n<p>Nota: Documento optimizado digitalmente.<\/p>\n","protected":false},"excerpt":{"rendered":"<p>Autor: R\u00f3lak.Impresor: Imp. La Estrella de Chile, San Diego 75 Tama\u00f1o: 54,8 x 37,5 cmClasificaci\u00f3n: 243 R774r Caja N\u00b09 Re\u00f1ido combate en Santiago entre la polic\u00eda y los \u00faltimos asesinos de San Juan Contestaci\u00f3n a Los Sucesos del D\u00eda. Nota: Documento optimizado digitalmente.<\/p>\n","protected":false},"author":1,"featured_media":0,"parent":0,"menu_order":0,"comment_status":"closed","ping_status":"closed","template":"","meta":{"footnotes":""},"class_list":["post-20393","page","type-page","status-publish","hentry"],"jetpack_sharing_enabled":true,"_links":{"self":[{"href":"https:\/\/www.lirapopular.cl\/lirapopularxix\/wp-json\/wp\/v2\/pages\/20393","targetHints":{"allow":["GET"]}}],"collection":[{"href":"https:\/\/www.lirapopular.cl\/lirapopularxix\/wp-json\/wp\/v2\/pages"}],"about":[{"href":"https:\/\/www.lirapopular.cl\/lirapopularxix\/wp-json\/wp\/v2\/types\/page"}],"author":[{"embeddable":true,"href":"https:\/\/www.lirapopular.cl\/lirapopularxix\/wp-json\/wp\/v2\/users\/1"}],"replies":[{"embeddable":true,"href":"https:\/\/www.lirapopular.cl\/lirapopularxix\/wp-json\/wp\/v2\/comments?post=20393"}],"version-history":[{"count":0,"href":"https:\/\/www.lirapopular.cl\/lirapopularxix\/wp-json\/wp\/v2\/pages\/20393\/revisions"}],"wp:attachment":[{"href":"https:\/\/www.lirapopular.cl\/lirapopularxix\/wp-json\/wp\/v2\/media?parent=20393"}],"curies":[{"name":"wp","href":"https:\/\/api.w.org\/{rel}","templated":true}]}}