{"id":2038,"date":"2019-07-30T18:33:52","date_gmt":"2019-07-30T22:33:52","guid":{"rendered":"https:\/\/www.lirapopular.cl\/lirapopularxix\/?page_id=2038"},"modified":"2019-07-30T18:33:52","modified_gmt":"2019-07-30T22:33:52","slug":"el-nacimiento","status":"publish","type":"page","link":"https:\/\/www.lirapopular.cl\/lirapopularxix\/el-nacimiento\/","title":{"rendered":"El nacimiento"},"content":{"rendered":"\n<div class=\"wp-block-image\"><figure class=\"alignright\"><a href=\"https:\/\/www.lirapopular.cl\/lirapopularxix\/wp-content\/uploads\/2019\/07\/824.jpg\"><img decoding=\"async\" src=\"https:\/\/www.lirapopular.cl\/lirapopularxix\/wp-content\/uploads\/2019\/07\/824-300x217.jpg\" alt=\"\" class=\"wp-image-2039\"\/><\/a><figcaption>Colecci\u00f3n Lira Popular de la Universidad de Chile<\/figcaption><\/figure><\/div>\n\n\n\n<p>Autor: Es propiedad de Nicacio Garcia<br>Impresor: Sin informaci\u00f3n.<br>Tama\u00f1o: 27,3 x 37,5 cm<br>Clasificaci\u00f3n: 824 N118 Caja N\u00b07a<\/p>\n\n\n\n<ul class=\"wp-block-list\"><li><a href=\"https:\/\/www.lirapopular.cl\/lirapopularxix\/2019\/07\/30\/el-nacimiento\/\">El nacimiento<\/a><\/li><li><a href=\"https:\/\/www.lirapopular.cl\/lirapopularxix\/2019\/07\/30\/la-pasion\/\">La pasi\u00f3n<\/a><\/li><li><a href=\"https:\/\/www.lirapopular.cl\/lirapopularxix\/2019\/07\/30\/la-verdad\/\">La verdad<\/a><\/li><li><a href=\"https:\/\/www.lirapopular.cl\/lirapopularxix\/2019\/07\/30\/la-pasion-2\/\">La pasi\u00f3n<\/a><\/li><\/ul>\n\n\n\n<p>Nota: Este ejemplar tiene escrito a mano con l\u00e1piz rojo \u201c824\u201d<\/p>\n\n\n\n<p>En los versos aparece escrito a mano &#8220;Garc\u00eda&#8221;<\/p>\n","protected":false},"excerpt":{"rendered":"<p>Autor: Es propiedad de Nicacio GarciaImpresor: Sin informaci\u00f3n.Tama\u00f1o: 27,3 x 37,5 cmClasificaci\u00f3n: 824 N118 Caja N\u00b07a El nacimiento La pasi\u00f3n La verdad La pasi\u00f3n Nota: Este ejemplar tiene escrito a mano con l\u00e1piz rojo \u201c824\u201d En los versos aparece escrito a mano &#8220;Garc\u00eda&#8221;<\/p>\n","protected":false},"author":1,"featured_media":0,"parent":0,"menu_order":0,"comment_status":"closed","ping_status":"closed","template":"","meta":{"footnotes":""},"class_list":["post-2038","page","type-page","status-publish","hentry"],"jetpack_sharing_enabled":true,"_links":{"self":[{"href":"https:\/\/www.lirapopular.cl\/lirapopularxix\/wp-json\/wp\/v2\/pages\/2038","targetHints":{"allow":["GET"]}}],"collection":[{"href":"https:\/\/www.lirapopular.cl\/lirapopularxix\/wp-json\/wp\/v2\/pages"}],"about":[{"href":"https:\/\/www.lirapopular.cl\/lirapopularxix\/wp-json\/wp\/v2\/types\/page"}],"author":[{"embeddable":true,"href":"https:\/\/www.lirapopular.cl\/lirapopularxix\/wp-json\/wp\/v2\/users\/1"}],"replies":[{"embeddable":true,"href":"https:\/\/www.lirapopular.cl\/lirapopularxix\/wp-json\/wp\/v2\/comments?post=2038"}],"version-history":[{"count":0,"href":"https:\/\/www.lirapopular.cl\/lirapopularxix\/wp-json\/wp\/v2\/pages\/2038\/revisions"}],"wp:attachment":[{"href":"https:\/\/www.lirapopular.cl\/lirapopularxix\/wp-json\/wp\/v2\/media?parent=2038"}],"curies":[{"name":"wp","href":"https:\/\/api.w.org\/{rel}","templated":true}]}}