{"id":20365,"date":"2021-07-21T19:17:55","date_gmt":"2021-07-21T23:17:55","guid":{"rendered":"https:\/\/www.lirapopular.cl\/lirapopularxix\/?page_id=20365"},"modified":"2021-07-21T19:17:55","modified_gmt":"2021-07-21T23:17:55","slug":"el-crimen-de-la-estacion","status":"publish","type":"page","link":"https:\/\/www.lirapopular.cl\/lirapopularxix\/el-crimen-de-la-estacion\/","title":{"rendered":"EL CRIMEN DE LA ESTACION<br>UN CAD\u00c1VER BAJO EL CARRO"},"content":{"rendered":"\n<div class=\"wp-block-image\"><figure class=\"alignright size-medium\"><a href=\"https:\/\/www.lirapopular.cl\/lirapopularxix\/wp-content\/uploads\/2021\/07\/242.jpg\"><img loading=\"lazy\" decoding=\"async\" width=\"300\" height=\"220\" src=\"https:\/\/www.lirapopular.cl\/lirapopularxix\/wp-content\/uploads\/2021\/07\/242-300x220.jpg\" alt=\"\" class=\"wp-image-20368\" srcset=\"https:\/\/www.lirapopular.cl\/lirapopularxix\/wp-content\/uploads\/2021\/07\/242-300x220.jpg 300w, https:\/\/www.lirapopular.cl\/lirapopularxix\/wp-content\/uploads\/2021\/07\/242-768x563.jpg 768w, https:\/\/www.lirapopular.cl\/lirapopularxix\/wp-content\/uploads\/2021\/07\/242.jpg 1000w\" sizes=\"auto, (max-width: 300px) 100vw, 300px\" \/><\/a><figcaption>Colecci\u00f3n Lira Popular de la<br \/>Universidad de Chile<\/figcaption><\/figure><\/div>\n\n\n\n<p>Autor: Adolfo Reyes.<br \/>Impresor: Sin informaci\u00f3n<br \/>Tama\u00f1o: 53 x 37 cm<br \/>Clasificaci\u00f3n: 242 R774c Caja N\u00b09<\/p>\n\n\n\n<ul class=\"wp-block-list\"><li><a href=\"https:\/\/www.lirapopular.cl\/lirapopularxix\/2021\/07\/21\/el-crimen-de-la-estacionun-cadaver-bajo-un-carro\/\">El crimen de la estaci\u00f3n. Un cad\u00e1ver bajo el carro<\/a><\/li><li><a href=\"https:\/\/www.lirapopular.cl\/lirapopularxix\/2021\/07\/21\/la-catastrofedel-tren-del-suruna-nina-se-salta-los-sesos\/\">La cat\u00e1strofe del tren del sur. Una ni\u00f1a se salta los sesos<\/a><\/li><li><a href=\"https:\/\/www.lirapopular.cl\/lirapopularxix\/2021\/07\/21\/la-guerracon-la-arjentina-2\/\">La guerra con la Argentina<\/a><\/li><li><a href=\"https:\/\/www.lirapopular.cl\/lirapopularxix\/2021\/07\/21\/un-joven-enamorado-2\/\">Un joven enamorado<\/a><\/li><li><a href=\"https:\/\/www.lirapopular.cl\/lirapopularxix\/2021\/07\/21\/la-mujer-revoltosa-2\/\">La mujer revoltosa<\/a><\/li><\/ul>\n\n\n\n<p>Nota: Este ejemplar tiene escrito a mano con l\u00e1piz grafito \u201c224\/242\u201d.<br \/>Utiliza mismo grabado que esta lira, <a href=\"https:\/\/www.lirapopular.cl\/lirapopularxix\/la-cantinera-irene-morales\/\">ver<\/a>.<br \/>Textos manuscritos:<br \/>Nombre del autor tachado con pluma y reemplazado por &#8220;R\u00f3lak&#8221;.<br \/>Dos veces &#8220;De Reyes&#8221;<br \/>Documento optimizado digitalmente.<\/p>\n","protected":false},"excerpt":{"rendered":"<p>Autor: Adolfo Reyes.Impresor: Sin informaci\u00f3nTama\u00f1o: 53 x 37 cmClasificaci\u00f3n: 242 R774c Caja N\u00b09 El crimen de la estaci\u00f3n. Un cad\u00e1ver bajo el carro La cat\u00e1strofe del tren del sur. Una ni\u00f1a se salta los sesos La guerra con la Argentina Un joven enamorado La mujer revoltosa Nota: Este ejemplar tiene escrito a mano con l\u00e1piz [&hellip;]<\/p>\n","protected":false},"author":1,"featured_media":0,"parent":0,"menu_order":0,"comment_status":"closed","ping_status":"closed","template":"","meta":{"footnotes":""},"class_list":["post-20365","page","type-page","status-publish","hentry"],"jetpack_sharing_enabled":true,"_links":{"self":[{"href":"https:\/\/www.lirapopular.cl\/lirapopularxix\/wp-json\/wp\/v2\/pages\/20365","targetHints":{"allow":["GET"]}}],"collection":[{"href":"https:\/\/www.lirapopular.cl\/lirapopularxix\/wp-json\/wp\/v2\/pages"}],"about":[{"href":"https:\/\/www.lirapopular.cl\/lirapopularxix\/wp-json\/wp\/v2\/types\/page"}],"author":[{"embeddable":true,"href":"https:\/\/www.lirapopular.cl\/lirapopularxix\/wp-json\/wp\/v2\/users\/1"}],"replies":[{"embeddable":true,"href":"https:\/\/www.lirapopular.cl\/lirapopularxix\/wp-json\/wp\/v2\/comments?post=20365"}],"version-history":[{"count":0,"href":"https:\/\/www.lirapopular.cl\/lirapopularxix\/wp-json\/wp\/v2\/pages\/20365\/revisions"}],"wp:attachment":[{"href":"https:\/\/www.lirapopular.cl\/lirapopularxix\/wp-json\/wp\/v2\/media?parent=20365"}],"curies":[{"name":"wp","href":"https:\/\/api.w.org\/{rel}","templated":true}]}}