{"id":202,"date":"2019-06-04T22:38:12","date_gmt":"2019-06-05T02:38:12","guid":{"rendered":"https:\/\/www.lirapopular.cl\/lirapopularxix\/?page_id=202"},"modified":"2019-06-04T22:38:12","modified_gmt":"2019-06-05T02:38:12","slug":"versos-populares-los-judas-de-la-mancomunal-e-instrumentosde-la-burguesia-ante-el-pueblo-de-tarapaca","status":"publish","type":"page","link":"https:\/\/www.lirapopular.cl\/lirapopularxix\/versos-populares-los-judas-de-la-mancomunal-e-instrumentosde-la-burguesia-ante-el-pueblo-de-tarapaca\/","title":{"rendered":"Versos Populares <br>Los judas de la Mancomunal e instrumentos<br>de la Burguesia ante el pueblo de Tarapac\u00e1"},"content":{"rendered":"\n<div class=\"wp-block-image\"><figure class=\"alignright\"><a href=\"https:\/\/www.lirapopular.cl\/lirapopularxix\/wp-content\/uploads\/2019\/06\/25.jpg\"><img loading=\"lazy\" decoding=\"async\" width=\"222\" height=\"300\" src=\"https:\/\/www.lirapopular.cl\/lirapopularxix\/wp-content\/uploads\/2019\/06\/25-222x300.jpg\" alt=\"\" class=\"wp-image-208\" srcset=\"https:\/\/www.lirapopular.cl\/lirapopularxix\/wp-content\/uploads\/2019\/06\/25-222x300.jpg 222w, https:\/\/www.lirapopular.cl\/lirapopularxix\/wp-content\/uploads\/2019\/06\/25.jpg 739w\" sizes=\"auto, (max-width: 222px) 100vw, 222px\" \/><\/a><figcaption>Colecci\u00f3n Lira Popular de la Universidad de Chile<\/figcaption><\/figure><\/div>\n\n\n\n<p>Autor: Poeta Costino<br>Impresor: Sin informaci\u00f3n<br>Tama\u00f1o: 37 x 26,7 cm<br>Clasificaci\u00f3n: 25 C842v Caja N\u00b0 9a<\/p>\n\n\n\n<ul class=\"wp-block-list\"><li><a href=\"https:\/\/www.lirapopular.cl\/lirapopularxix\/2019\/06\/04\/en-este-rico-tarapaca\/\">En este rico Tarapac\u00e1<\/a><\/li><li><a href=\"https:\/\/www.lirapopular.cl\/lirapopularxix\/2019\/06\/04\/hay-que-tenerlos-en-lista\/\">Hay que tenerlos en la lista<\/a><\/li><li><a href=\"https:\/\/www.lirapopular.cl\/lirapopularxix\/2019\/06\/04\/al-dinero-la-codicia\/\">Al dinero la codicia<\/a><\/li><li><a href=\"https:\/\/www.lirapopular.cl\/lirapopularxix\/2019\/06\/04\/por-la-llegada-del-zenteno\/\">Por la llegada del Zenteno<\/a><\/li><\/ul>\n\n\n\n<p>Notas: <br>Este ejemplar tiene escrito a mano con l\u00e1piz azul \u201c25\u201d<br>Los versos no tienen t\u00edtulo, usamos la primera l\u00ednea.<\/p>\n","protected":false},"excerpt":{"rendered":"<p>Autor: Poeta CostinoImpresor: Sin informaci\u00f3nTama\u00f1o: 37 x 26,7 cmClasificaci\u00f3n: 25 C842v Caja N\u00b0 9a En este rico Tarapac\u00e1 Hay que tenerlos en la lista Al dinero la codicia Por la llegada del Zenteno Notas: Este ejemplar tiene escrito a mano con l\u00e1piz azul \u201c25\u201dLos versos no tienen t\u00edtulo, usamos la primera l\u00ednea.<\/p>\n","protected":false},"author":1,"featured_media":0,"parent":0,"menu_order":0,"comment_status":"closed","ping_status":"closed","template":"","meta":{"footnotes":""},"class_list":["post-202","page","type-page","status-publish","hentry"],"jetpack_sharing_enabled":true,"_links":{"self":[{"href":"https:\/\/www.lirapopular.cl\/lirapopularxix\/wp-json\/wp\/v2\/pages\/202","targetHints":{"allow":["GET"]}}],"collection":[{"href":"https:\/\/www.lirapopular.cl\/lirapopularxix\/wp-json\/wp\/v2\/pages"}],"about":[{"href":"https:\/\/www.lirapopular.cl\/lirapopularxix\/wp-json\/wp\/v2\/types\/page"}],"author":[{"embeddable":true,"href":"https:\/\/www.lirapopular.cl\/lirapopularxix\/wp-json\/wp\/v2\/users\/1"}],"replies":[{"embeddable":true,"href":"https:\/\/www.lirapopular.cl\/lirapopularxix\/wp-json\/wp\/v2\/comments?post=202"}],"version-history":[{"count":0,"href":"https:\/\/www.lirapopular.cl\/lirapopularxix\/wp-json\/wp\/v2\/pages\/202\/revisions"}],"wp:attachment":[{"href":"https:\/\/www.lirapopular.cl\/lirapopularxix\/wp-json\/wp\/v2\/media?parent=202"}],"curies":[{"name":"wp","href":"https:\/\/api.w.org\/{rel}","templated":true}]}}