{"id":20177,"date":"2021-07-12T11:43:47","date_gmt":"2021-07-12T15:43:47","guid":{"rendered":"https:\/\/www.lirapopular.cl\/lirapopularxix\/?page_id=20177"},"modified":"2021-07-12T11:43:47","modified_gmt":"2021-07-12T15:43:47","slug":"una-nina-chilena-envenenada","status":"publish","type":"page","link":"https:\/\/www.lirapopular.cl\/lirapopularxix\/una-nina-chilena-envenenada\/","title":{"rendered":"UNA NI\u00d1A CHILENA <br>ENVENENADA <br>POR OFICIALES PERUANOS"},"content":{"rendered":"\n<div class=\"wp-block-image\"><figure class=\"alignright size-medium\"><a href=\"https:\/\/www.lirapopular.cl\/lirapopularxix\/wp-content\/uploads\/2021\/07\/224.jpg\"><img loading=\"lazy\" decoding=\"async\" width=\"201\" height=\"300\" src=\"https:\/\/www.lirapopular.cl\/lirapopularxix\/wp-content\/uploads\/2021\/07\/224-201x300.jpg\" alt=\"\" class=\"wp-image-20181\" srcset=\"https:\/\/www.lirapopular.cl\/lirapopularxix\/wp-content\/uploads\/2021\/07\/224-201x300.jpg 201w, https:\/\/www.lirapopular.cl\/lirapopularxix\/wp-content\/uploads\/2021\/07\/224.jpg 671w\" sizes=\"auto, (max-width: 201px) 100vw, 201px\" \/><\/a><figcaption>Colecci\u00f3n Lira Popular de la<br \/>Universidad de Chile<\/figcaption><\/figure><\/div>\n\n\n\n<p>Autor: R\u00f3lak.<br \/>Impresor: Sin informaci\u00f3n<br \/>Tama\u00f1o: 49,5 x 31,6 cm<br \/>Clasificaci\u00f3n: 224 R774n Caja N\u00b09<\/p>\n\n\n\n<ul class=\"wp-block-list\"><li><a href=\"https:\/\/www.lirapopular.cl\/lirapopularxix\/2021\/07\/12\/dos-bandidos-que-serobaron-dos-ninas\/\">Dos bandidos que se robaron dos ni\u00f1as<\/a><\/li><li><a href=\"https:\/\/www.lirapopular.cl\/lirapopularxix\/2021\/07\/12\/una-nina-chilena-envenenada-por-oficiales-peruanos\/\">Una ni\u00f1a chilena envenenada por oficiales peruanos:<\/a><\/li><li><a href=\"https:\/\/www.lirapopular.cl\/lirapopularxix\/2021\/07\/12\/la-boletera-del-asensor-quese-destrozo-la-cabeza\/\">La boletera del ascensor que se destroz\u00f3 la cabeza<\/a><\/li><li><a href=\"https:\/\/www.lirapopular.cl\/lirapopularxix\/2021\/07\/12\/el-enamorado\/\">El enamorado<\/a><\/li><li><a href=\"https:\/\/www.lirapopular.cl\/lirapopularxix\/2021\/07\/12\/el-puentede-las-almas\/\">El puente de las almas<\/a><\/li><li><a href=\"https:\/\/www.lirapopular.cl\/lirapopularxix\/2021\/07\/12\/desafioa-una-dama\/\">Desaf\u00edo a una dama<\/a><\/li><li><a href=\"https:\/\/www.lirapopular.cl\/lirapopularxix\/2021\/07\/12\/mi-pregunta-pasada\/\">Mi pregunta pasada<\/a><\/li><\/ul>\n\n\n\n<p>Nota: Este ejemplar tiene escrito a mano con l\u00e1piz rojo \u201c215\/224\u201d.<br \/>Documento optimizado digitalmente.<\/p>\n","protected":false},"excerpt":{"rendered":"<p>Autor: R\u00f3lak.Impresor: Sin informaci\u00f3nTama\u00f1o: 49,5 x 31,6 cmClasificaci\u00f3n: 224 R774n Caja N\u00b09 Dos bandidos que se robaron dos ni\u00f1as Una ni\u00f1a chilena envenenada por oficiales peruanos: La boletera del ascensor que se destroz\u00f3 la cabeza El enamorado El puente de las almas Desaf\u00edo a una dama Mi pregunta pasada Nota: Este ejemplar tiene escrito a [&hellip;]<\/p>\n","protected":false},"author":1,"featured_media":0,"parent":0,"menu_order":0,"comment_status":"closed","ping_status":"closed","template":"","meta":{"footnotes":""},"class_list":["post-20177","page","type-page","status-publish","hentry"],"jetpack_sharing_enabled":true,"_links":{"self":[{"href":"https:\/\/www.lirapopular.cl\/lirapopularxix\/wp-json\/wp\/v2\/pages\/20177","targetHints":{"allow":["GET"]}}],"collection":[{"href":"https:\/\/www.lirapopular.cl\/lirapopularxix\/wp-json\/wp\/v2\/pages"}],"about":[{"href":"https:\/\/www.lirapopular.cl\/lirapopularxix\/wp-json\/wp\/v2\/types\/page"}],"author":[{"embeddable":true,"href":"https:\/\/www.lirapopular.cl\/lirapopularxix\/wp-json\/wp\/v2\/users\/1"}],"replies":[{"embeddable":true,"href":"https:\/\/www.lirapopular.cl\/lirapopularxix\/wp-json\/wp\/v2\/comments?post=20177"}],"version-history":[{"count":0,"href":"https:\/\/www.lirapopular.cl\/lirapopularxix\/wp-json\/wp\/v2\/pages\/20177\/revisions"}],"wp:attachment":[{"href":"https:\/\/www.lirapopular.cl\/lirapopularxix\/wp-json\/wp\/v2\/media?parent=20177"}],"curies":[{"name":"wp","href":"https:\/\/api.w.org\/{rel}","templated":true}]}}