{"id":19006,"date":"2021-05-11T15:52:53","date_gmt":"2021-05-11T19:52:53","guid":{"rendered":"https:\/\/www.lirapopular.cl\/lirapopularxix\/?page_id=19006"},"modified":"2021-05-11T15:52:53","modified_gmt":"2021-05-11T19:52:53","slug":"drama-de-amor-2","status":"publish","type":"page","link":"https:\/\/www.lirapopular.cl\/lirapopularxix\/drama-de-amor-2\/","title":{"rendered":"DRAMA DE AMOR <br>La Venganza de un Padre"},"content":{"rendered":"<div class=\"wp-block-image\">\n<figure class=\"alignright size-medium\"><a href=\"https:\/\/www.lirapopular.cl\/lirapopularxix\/wp-content\/uploads\/2021\/05\/806.jpg\"><img decoding=\"async\" src=\"https:\/\/www.lirapopular.cl\/lirapopularxix\/wp-content\/uploads\/2021\/05\/806-300x225.jpg\" alt=\"\" class=\"wp-image-19007\"\/><\/a><figcaption class=\"wp-element-caption\">Colecci\u00f3n Lira Popular de la<br \/>Universidad de Chile<\/figcaption><\/figure>\n<\/div>\n\n\n<p>Autor: R\u00f3lak.<br \/>Impresor: Calle del Cequi\u00f3n, n\u00fam. 11<br \/>Tama\u00f1o: 27,7 x 37 cm<br \/>Clasificaci\u00f3n: 806 R774d Caja N\u00b07a<\/p>\n\n\n\n<ul class=\"wp-block-list\">\n<li><a href=\"https:\/\/www.lirapopular.cl\/lirapopularxix\/2021\/05\/11\/drama-de-amorla-venganza-de-un-padre\/\">Drama de amor. La venganza de un padre<\/a><\/li>\n\n\n\n<li><a href=\"https:\/\/www.lirapopular.cl\/lirapopularxix\/2021\/05\/11\/sangriento-dramaen-la-calle-de-san-miguel\/\">Sangriento drama en la calle de San Miguel<\/a><\/li>\n\n\n\n<li><a href=\"https:\/\/www.lirapopular.cl\/lirapopularxix\/2021\/05\/11\/aventuras-de-unhuasocontadas-por-el-mismo-continuacion\/\">Aventuras de un huaso.<\/a><\/li>\n<\/ul>\n\n\n\n<p>Nota: Este ejemplar tiene escrito a mano con l\u00e1piz rojo \u201c806\u201d, texto manuscrito: &#8220;del arjentino hernandez&#8221;.<br \/>Documento optimizado digitalmente.<\/p>\n","protected":false},"excerpt":{"rendered":"<p>Autor: R\u00f3lak.Impresor: Calle del Cequi\u00f3n, n\u00fam. 11Tama\u00f1o: 27,7 x 37 cmClasificaci\u00f3n: 806 R774d Caja N\u00b07a Nota: Este ejemplar tiene escrito a mano con l\u00e1piz rojo \u201c806\u201d, texto manuscrito: &#8220;del arjentino hernandez&#8221;.Documento optimizado digitalmente.<\/p>\n","protected":false},"author":1,"featured_media":0,"parent":0,"menu_order":0,"comment_status":"closed","ping_status":"closed","template":"","meta":{"footnotes":""},"class_list":["post-19006","page","type-page","status-publish","hentry"],"jetpack_sharing_enabled":true,"_links":{"self":[{"href":"https:\/\/www.lirapopular.cl\/lirapopularxix\/wp-json\/wp\/v2\/pages\/19006","targetHints":{"allow":["GET"]}}],"collection":[{"href":"https:\/\/www.lirapopular.cl\/lirapopularxix\/wp-json\/wp\/v2\/pages"}],"about":[{"href":"https:\/\/www.lirapopular.cl\/lirapopularxix\/wp-json\/wp\/v2\/types\/page"}],"author":[{"embeddable":true,"href":"https:\/\/www.lirapopular.cl\/lirapopularxix\/wp-json\/wp\/v2\/users\/1"}],"replies":[{"embeddable":true,"href":"https:\/\/www.lirapopular.cl\/lirapopularxix\/wp-json\/wp\/v2\/comments?post=19006"}],"version-history":[{"count":0,"href":"https:\/\/www.lirapopular.cl\/lirapopularxix\/wp-json\/wp\/v2\/pages\/19006\/revisions"}],"wp:attachment":[{"href":"https:\/\/www.lirapopular.cl\/lirapopularxix\/wp-json\/wp\/v2\/media?parent=19006"}],"curies":[{"name":"wp","href":"https:\/\/api.w.org\/{rel}","templated":true}]}}