{"id":18684,"date":"2021-04-22T18:47:04","date_gmt":"2021-04-22T22:47:04","guid":{"rendered":"https:\/\/www.lirapopular.cl\/lirapopularxix\/?page_id=18684"},"modified":"2021-04-22T18:47:04","modified_gmt":"2021-04-22T22:47:04","slug":"los-dos-inmigrante-horrible-asesinato","status":"publish","type":"page","link":"https:\/\/www.lirapopular.cl\/lirapopularxix\/los-dos-inmigrante-horrible-asesinato\/","title":{"rendered":"LOS DOS INMIGRANTE <BR>HORRIBLE ASESINATO"},"content":{"rendered":"\n<div class=\"wp-block-image\"><figure class=\"alignright size-medium\"><a href=\"http:\/\/https:\/\/www.lirapopular.cl\/lirapopularxix\/wp-content\/uploads\/2021\/04\/787-1.jpg\"><img decoding=\"async\" src=\"http:\/\/https:\/\/www.lirapopular.cl\/lirapopularxix\/wp-content\/uploads\/2021\/04\/787-1-300x215.jpg\" alt=\"\" class=\"wp-image-18685\"\/><\/a><figcaption>Colecci\u00f3n Lira Popular de la<br \/>Universidad de Chile<\/figcaption><\/figure><\/div>\n\n\n\n<p>Autor: R\u00f3lak.<br \/>Impresor: Sin informaci\u00f3n<br \/>Tama\u00f1o: 26,8 x 37,2 cm<br \/>Clasificaci\u00f3n: 787 R774i Caja N\u00b06a<\/p>\n\n\n\n<ul class=\"wp-block-list\"><li><a href=\"https:\/\/www.lirapopular.cl\/lirapopularxix\/2021\/04\/22\/los-dos-inmigrantehorrible-asesinato-2\/\">Los dos inmigrantes. Horrible asesinato<\/a><\/li><li><a href=\"https:\/\/www.lirapopular.cl\/lirapopularxix\/2021\/04\/22\/desesperasionde-un-amante-2\/\">Desesperaci\u00f3n de un amante<\/a><\/li><li><a href=\"https:\/\/www.lirapopular.cl\/lirapopularxix\/2021\/04\/22\/repiqueteo-de-amor\/\">Repiqueteo de amor<\/a><\/li><li><a href=\"https:\/\/www.lirapopular.cl\/lirapopularxix\/2021\/04\/22\/las-tres-pasiones\/\">Las tres pasiones.<\/a><\/li><\/ul>\n\n\n\n<p>Nota: Este ejemplar tiene escrito a mano con l\u00e1piz rojo \u201c787\u201d.<br \/>Tambi\u00e9n la public\u00f3 Rolak con peque\u00f1as diferencias, <a href=\"https:\/\/www.lirapopular.cl\/lirapopularxix\/los-dos-inmigrante\/\">ver<\/a>.<br \/>Esta lira fue publicada en parte por Adolfo Reyes, <a href=\"https:\/\/www.lirapopular.cl\/lirapopularxix\/los-dos-inmigrantehorrible-asesinato\/\">ver<\/a>.<br \/>Documento optimizado digitalmente.<\/p>\n","protected":false},"excerpt":{"rendered":"<p>Autor: R\u00f3lak.Impresor: Sin informaci\u00f3nTama\u00f1o: 26,8 x 37,2 cmClasificaci\u00f3n: 787 R774i Caja N\u00b06a Los dos inmigrantes. Horrible asesinato Desesperaci\u00f3n de un amante Repiqueteo de amor Las tres pasiones. Nota: Este ejemplar tiene escrito a mano con l\u00e1piz rojo \u201c787\u201d.Tambi\u00e9n la public\u00f3 Rolak con peque\u00f1as diferencias, ver.Esta lira fue publicada en parte por Adolfo Reyes, ver.Documento optimizado [&hellip;]<\/p>\n","protected":false},"author":1,"featured_media":0,"parent":0,"menu_order":0,"comment_status":"closed","ping_status":"closed","template":"","meta":{"footnotes":""},"class_list":["post-18684","page","type-page","status-publish","hentry"],"jetpack_sharing_enabled":true,"_links":{"self":[{"href":"https:\/\/www.lirapopular.cl\/lirapopularxix\/wp-json\/wp\/v2\/pages\/18684","targetHints":{"allow":["GET"]}}],"collection":[{"href":"https:\/\/www.lirapopular.cl\/lirapopularxix\/wp-json\/wp\/v2\/pages"}],"about":[{"href":"https:\/\/www.lirapopular.cl\/lirapopularxix\/wp-json\/wp\/v2\/types\/page"}],"author":[{"embeddable":true,"href":"https:\/\/www.lirapopular.cl\/lirapopularxix\/wp-json\/wp\/v2\/users\/1"}],"replies":[{"embeddable":true,"href":"https:\/\/www.lirapopular.cl\/lirapopularxix\/wp-json\/wp\/v2\/comments?post=18684"}],"version-history":[{"count":0,"href":"https:\/\/www.lirapopular.cl\/lirapopularxix\/wp-json\/wp\/v2\/pages\/18684\/revisions"}],"wp:attachment":[{"href":"https:\/\/www.lirapopular.cl\/lirapopularxix\/wp-json\/wp\/v2\/media?parent=18684"}],"curies":[{"name":"wp","href":"https:\/\/api.w.org\/{rel}","templated":true}]}}