{"id":18614,"date":"2021-04-20T20:52:16","date_gmt":"2021-04-21T00:52:16","guid":{"rendered":"https:\/\/www.lirapopular.cl\/lirapopularxix\/?page_id=18614"},"modified":"2021-04-20T20:52:16","modified_gmt":"2021-04-21T00:52:16","slug":"la-mujer-asesinada-por-un-nino-de-15-anos","status":"publish","type":"page","link":"https:\/\/www.lirapopular.cl\/lirapopularxix\/la-mujer-asesinada-por-un-nino-de-15-anos\/","title":{"rendered":"LA MUJER ASESINADA <BR>POR UN NI\u00d1O DE 15 A\u00d1OS"},"content":{"rendered":"\n<div class=\"wp-block-image\"><figure class=\"alignright size-medium\"><a href=\"http:\/\/https:\/\/www.lirapopular.cl\/lirapopularxix\/wp-content\/uploads\/2021\/04\/783-1.jpg\"><img decoding=\"async\" src=\"http:\/\/https:\/\/www.lirapopular.cl\/lirapopularxix\/wp-content\/uploads\/2021\/04\/783-1-300x214.jpg\" alt=\"\" class=\"wp-image-18615\"\/><\/a><\/figure><\/div>\n\n\n\n<p>Autor: R\u00f3lak.<br \/>Impresor: Sin informaci\u00f3n<br \/>Tama\u00f1o: 26,8 x 37 cm<br \/>Clasificaci\u00f3n: 783 R774m Caja N\u00b06a<\/p>\n\n\n\n<ul class=\"wp-block-list\"><li><a href=\"https:\/\/www.lirapopular.cl\/lirapopularxix\/2021\/04\/21\/la-mujer-asesinadapor-un-nino-de-15-anos\/\">La mujer asesinada por un ni\u00f1o de 15 a\u00f1os<\/a><\/li><li><a href=\"https:\/\/www.lirapopular.cl\/lirapopularxix\/2021\/04\/21\/el-apunaleadode-la-providencia\/\">El apu\u00f1alado de la Providencia<\/a><\/li><li><a href=\"https:\/\/www.lirapopular.cl\/lirapopularxix\/2021\/04\/21\/el-suicidadodonde-una-chuca\/\">El suicidado donde una chuca<\/a><\/li><li><a href=\"https:\/\/www.lirapopular.cl\/lirapopularxix\/2021\/04\/21\/rolakadaso-sea-bromas-de-rolac\/\">\u00a1Rolakadas! o sea, bromas de Rolac<\/a><\/li><\/ul>\n\n\n\n<p>Nota: Este ejemplar tiene escrito a mano con l\u00e1piz rojo \u201c783\u201d.<br \/>Documento optimizado digitalmente.<\/p>\n","protected":false},"excerpt":{"rendered":"<p>Autor: R\u00f3lak.Impresor: Sin informaci\u00f3nTama\u00f1o: 26,8 x 37 cmClasificaci\u00f3n: 783 R774m Caja N\u00b06a La mujer asesinada por un ni\u00f1o de 15 a\u00f1os El apu\u00f1alado de la Providencia El suicidado donde una chuca \u00a1Rolakadas! o sea, bromas de Rolac Nota: Este ejemplar tiene escrito a mano con l\u00e1piz rojo \u201c783\u201d.Documento optimizado digitalmente.<\/p>\n","protected":false},"author":1,"featured_media":0,"parent":0,"menu_order":0,"comment_status":"closed","ping_status":"closed","template":"","meta":{"footnotes":""},"class_list":["post-18614","page","type-page","status-publish","hentry"],"jetpack_sharing_enabled":true,"_links":{"self":[{"href":"https:\/\/www.lirapopular.cl\/lirapopularxix\/wp-json\/wp\/v2\/pages\/18614","targetHints":{"allow":["GET"]}}],"collection":[{"href":"https:\/\/www.lirapopular.cl\/lirapopularxix\/wp-json\/wp\/v2\/pages"}],"about":[{"href":"https:\/\/www.lirapopular.cl\/lirapopularxix\/wp-json\/wp\/v2\/types\/page"}],"author":[{"embeddable":true,"href":"https:\/\/www.lirapopular.cl\/lirapopularxix\/wp-json\/wp\/v2\/users\/1"}],"replies":[{"embeddable":true,"href":"https:\/\/www.lirapopular.cl\/lirapopularxix\/wp-json\/wp\/v2\/comments?post=18614"}],"version-history":[{"count":0,"href":"https:\/\/www.lirapopular.cl\/lirapopularxix\/wp-json\/wp\/v2\/pages\/18614\/revisions"}],"wp:attachment":[{"href":"https:\/\/www.lirapopular.cl\/lirapopularxix\/wp-json\/wp\/v2\/media?parent=18614"}],"curies":[{"name":"wp","href":"https:\/\/api.w.org\/{rel}","templated":true}]}}