{"id":18021,"date":"2021-04-05T21:45:57","date_gmt":"2021-04-06T01:45:57","guid":{"rendered":"https:\/\/www.lirapopular.cl\/lirapopularxix\/?page_id=18021"},"modified":"2021-04-05T21:45:57","modified_gmt":"2021-04-06T01:45:57","slug":"degradacion-del-sub-teniente-nebel","status":"publish","type":"page","link":"https:\/\/www.lirapopular.cl\/lirapopularxix\/degradacion-del-sub-teniente-nebel\/","title":{"rendered":"DEGRADACI\u00d3N <br>DEL SUB-TENIENTE NEBEL"},"content":{"rendered":"\n<div class=\"wp-block-image\"><figure class=\"alignright size-medium\"><a href=\"https:\/\/www.lirapopular.cl\/lirapopularxix\/wp-content\/uploads\/2021\/04\/742.jpg\"><img loading=\"lazy\" decoding=\"async\" width=\"300\" height=\"218\" src=\"https:\/\/www.lirapopular.cl\/lirapopularxix\/wp-content\/uploads\/2021\/04\/742-300x218.jpg\" alt=\"\" class=\"wp-image-18022\" srcset=\"https:\/\/www.lirapopular.cl\/lirapopularxix\/wp-content\/uploads\/2021\/04\/742-300x218.jpg 300w, https:\/\/www.lirapopular.cl\/lirapopularxix\/wp-content\/uploads\/2021\/04\/742-768x558.jpg 768w, https:\/\/www.lirapopular.cl\/lirapopularxix\/wp-content\/uploads\/2021\/04\/742.jpg 1000w\" sizes=\"auto, (max-width: 300px) 100vw, 300px\" \/><\/a><figcaption>Colecci\u00f3n Lira Popular de la<br \/>Universidad de Chile<\/figcaption><\/figure><\/div>\n\n\n\n<p>Autor: R\u00f3lak. Cequi\u00f3n N\u00fam. 11<br \/>Impresor: Sin informaci\u00f3n<br \/>Tama\u00f1o: 28,5 x 37,3 cm<br \/>Clasificaci\u00f3n: 742 R774d Caja N\u00b05a, BN C\u00f3digo:&nbsp;LO0012063<\/p>\n\n\n\n<ul class=\"wp-block-list\"><li><a href=\"https:\/\/www.lirapopular.cl\/lirapopularxix\/2021\/04\/06\/degradaciondel-sub-teniente-nebel\/\">Degradaci\u00f3n del Sub-Teniente Nebel<\/a><\/li><li><a href=\"https:\/\/www.lirapopular.cl\/lirapopularxix\/2021\/04\/06\/el-burro-milagroso\/\">El burro milagroso<\/a><\/li><li><a href=\"https:\/\/www.lirapopular.cl\/lirapopularxix\/2021\/04\/06\/industria-espanola\/\">Industria espa\u00f1ola<\/a><\/li><li><a href=\"https:\/\/www.lirapopular.cl\/lirapopularxix\/2021\/04\/06\/queja-del-ruisenor-2\/\">Queja del ruise\u00f1or.<\/a><\/li><\/ul>\n\n\n\n<p>Nota: abril 1890. Dataci\u00f3n de las liras populares de la Colecci\u00f3n Lenz. Carolina Tapia.<br \/>El 1er ejemplar tiene escrito a mano con l\u00e1piz rojo \u201c742\u201d. Marca con &#8220;X&#8221; sobre verso de otro autor.<br \/>El 2\u00ba ejemplar tiene escrito a mano con l\u00e1piz azul \u201c31\u201d y numerados con grafito los versos.<br \/>Documentos optimizados digitalmente.<\/p>\n\n\n\n<div class=\"wp-block-image\"><figure class=\"alignright size-medium\"><a href=\"https:\/\/www.lirapopular.cl\/lirapopularxix\/wp-content\/uploads\/2021\/10\/LO0012063.jpg\"><img loading=\"lazy\" decoding=\"async\" width=\"300\" height=\"229\" src=\"https:\/\/www.lirapopular.cl\/lirapopularxix\/wp-content\/uploads\/2021\/10\/LO0012063-300x229.jpg\" alt=\"\" class=\"wp-image-25546\" srcset=\"https:\/\/www.lirapopular.cl\/lirapopularxix\/wp-content\/uploads\/2021\/10\/LO0012063-300x229.jpg 300w, https:\/\/www.lirapopular.cl\/lirapopularxix\/wp-content\/uploads\/2021\/10\/LO0012063-768x585.jpg 768w, https:\/\/www.lirapopular.cl\/lirapopularxix\/wp-content\/uploads\/2021\/10\/LO0012063.jpg 1000w\" sizes=\"auto, (max-width: 300px) 100vw, 300px\" \/><\/a><figcaption>Archivo de Literatura Oral<br \/>Fondo Rodolfo Lenz<\/figcaption><\/figure><\/div>\n","protected":false},"excerpt":{"rendered":"<p>Autor: R\u00f3lak. Cequi\u00f3n N\u00fam. 11Impresor: Sin informaci\u00f3nTama\u00f1o: 28,5 x 37,3 cmClasificaci\u00f3n: 742 R774d Caja N\u00b05a, BN C\u00f3digo:&nbsp;LO0012063 Degradaci\u00f3n del Sub-Teniente Nebel El burro milagroso Industria espa\u00f1ola Queja del ruise\u00f1or. Nota: abril 1890. Dataci\u00f3n de las liras populares de la Colecci\u00f3n Lenz. Carolina Tapia.El 1er ejemplar tiene escrito a mano con l\u00e1piz rojo \u201c742\u201d. Marca con [&hellip;]<\/p>\n","protected":false},"author":1,"featured_media":0,"parent":0,"menu_order":0,"comment_status":"closed","ping_status":"closed","template":"","meta":{"footnotes":""},"class_list":["post-18021","page","type-page","status-publish","hentry"],"jetpack_sharing_enabled":true,"_links":{"self":[{"href":"https:\/\/www.lirapopular.cl\/lirapopularxix\/wp-json\/wp\/v2\/pages\/18021","targetHints":{"allow":["GET"]}}],"collection":[{"href":"https:\/\/www.lirapopular.cl\/lirapopularxix\/wp-json\/wp\/v2\/pages"}],"about":[{"href":"https:\/\/www.lirapopular.cl\/lirapopularxix\/wp-json\/wp\/v2\/types\/page"}],"author":[{"embeddable":true,"href":"https:\/\/www.lirapopular.cl\/lirapopularxix\/wp-json\/wp\/v2\/users\/1"}],"replies":[{"embeddable":true,"href":"https:\/\/www.lirapopular.cl\/lirapopularxix\/wp-json\/wp\/v2\/comments?post=18021"}],"version-history":[{"count":0,"href":"https:\/\/www.lirapopular.cl\/lirapopularxix\/wp-json\/wp\/v2\/pages\/18021\/revisions"}],"wp:attachment":[{"href":"https:\/\/www.lirapopular.cl\/lirapopularxix\/wp-json\/wp\/v2\/media?parent=18021"}],"curies":[{"name":"wp","href":"https:\/\/api.w.org\/{rel}","templated":true}]}}