{"id":17672,"date":"2021-03-17T09:21:08","date_gmt":"2021-03-17T13:21:08","guid":{"rendered":"https:\/\/www.lirapopular.cl\/lirapopularxix\/?page_id=17672"},"modified":"2021-03-17T09:21:08","modified_gmt":"2021-03-17T13:21:08","slug":"la-que-se-quemo","status":"publish","type":"page","link":"https:\/\/www.lirapopular.cl\/lirapopularxix\/la-que-se-quemo\/","title":{"rendered":"LA QUE SE QUEMO &#8211; COMBATE DE PACOS I OPERARIOS"},"content":{"rendered":"\n<div class=\"wp-block-image\"><figure class=\"alignright size-medium\"><a href=\"https:\/\/www.lirapopular.cl\/lirapopularxix\/wp-content\/uploads\/2021\/03\/LO0012552.jpg\"><img decoding=\"async\" src=\"https:\/\/www.lirapopular.cl\/lirapopularxix\/wp-content\/uploads\/2021\/03\/LO0012552-210x300.jpg\" alt=\"\" class=\"wp-image-17675\"\/><\/a><figcaption>Archivo de Literatura Oral<br>Colecci\u00f3n Alamiro de \u00c1vila<\/figcaption><\/figure><\/div>\n\n\n\n<p>Autor: Adolfo Reyes.<br>Impresor: Imprenta J. Gregorio Olivares, Maturana 884.\u2013Santiago<br>Tama\u00f1o: 55 x 39 cm<br>Clasificaci\u00f3n: BN C\u00f3digo:\u00a0LO0012552<\/p>\n\n\n\n<ul class=\"wp-block-list\"><li><a href=\"https:\/\/www.lirapopular.cl\/lirapopularxix\/2021\/03\/17\/el-guardian-de-las-barrancascasi-ultimado-en-fundo-coronel\/\">El guardi\u00e1n de las Barrancas casi ultimado en Fundo Coronel<\/a><\/li><li><a href=\"https:\/\/www.lirapopular.cl\/lirapopularxix\/2021\/03\/17\/el-comerciante-de-ninas\/\">El comerciante de ni\u00f1as<\/a><\/li><li><a href=\"https:\/\/www.lirapopular.cl\/lirapopularxix\/2021\/03\/17\/el-asunto-de-las-carretasdel-galpon-de-la-vega\/\">El asunto de las carretas del Galp\u00f3n de la Vega<\/a><\/li><li><a href=\"https:\/\/www.lirapopular.cl\/lirapopularxix\/2021\/03\/17\/el-huaso-enfermo\/\">El huaso enfermo<\/a><\/li><li><a href=\"https:\/\/www.lirapopular.cl\/lirapopularxix\/2021\/03\/17\/la-nina-quemada-viva-enmaipu\/\">La ni\u00f1a quemada viva en Maip\u00fa<\/a><\/li><li><a href=\"https:\/\/www.lirapopular.cl\/lirapopularxix\/2021\/03\/17\/gran-combate-entre-guardia-nes-i-operarios\/\">Gran combate entre guardianes y operarios<\/a><\/li><\/ul>\n\n\n\n<p>Nota: Este ejemplar tiene escrito a mano con plum\u00f3n \u201c226\u201d, por el reverso &#8220;307&#8221;.<br>Documento optimizado digitalmente.<\/p>\n","protected":false},"excerpt":{"rendered":"<p>Autor: Adolfo Reyes.Impresor: Imprenta J. Gregorio Olivares, Maturana 884.\u2013SantiagoTama\u00f1o: 55 x 39 cmClasificaci\u00f3n: BN C\u00f3digo:\u00a0LO0012552 El guardi\u00e1n de las Barrancas casi ultimado en Fundo Coronel El comerciante de ni\u00f1as El asunto de las carretas del Galp\u00f3n de la Vega El huaso enfermo La ni\u00f1a quemada viva en Maip\u00fa Gran combate entre guardianes y operarios Nota: [&hellip;]<\/p>\n","protected":false},"author":1,"featured_media":0,"parent":0,"menu_order":0,"comment_status":"closed","ping_status":"closed","template":"","meta":{"footnotes":""},"class_list":["post-17672","page","type-page","status-publish","hentry"],"jetpack_sharing_enabled":true,"_links":{"self":[{"href":"https:\/\/www.lirapopular.cl\/lirapopularxix\/wp-json\/wp\/v2\/pages\/17672","targetHints":{"allow":["GET"]}}],"collection":[{"href":"https:\/\/www.lirapopular.cl\/lirapopularxix\/wp-json\/wp\/v2\/pages"}],"about":[{"href":"https:\/\/www.lirapopular.cl\/lirapopularxix\/wp-json\/wp\/v2\/types\/page"}],"author":[{"embeddable":true,"href":"https:\/\/www.lirapopular.cl\/lirapopularxix\/wp-json\/wp\/v2\/users\/1"}],"replies":[{"embeddable":true,"href":"https:\/\/www.lirapopular.cl\/lirapopularxix\/wp-json\/wp\/v2\/comments?post=17672"}],"version-history":[{"count":0,"href":"https:\/\/www.lirapopular.cl\/lirapopularxix\/wp-json\/wp\/v2\/pages\/17672\/revisions"}],"wp:attachment":[{"href":"https:\/\/www.lirapopular.cl\/lirapopularxix\/wp-json\/wp\/v2\/media?parent=17672"}],"curies":[{"name":"wp","href":"https:\/\/api.w.org\/{rel}","templated":true}]}}