{"id":17011,"date":"2021-03-03T17:14:06","date_gmt":"2021-03-03T21:14:06","guid":{"rendered":"https:\/\/www.lirapopular.cl\/lirapopularxix\/?page_id=17011"},"modified":"2021-03-03T17:14:06","modified_gmt":"2021-03-03T21:14:06","slug":"el-gran-crimen-los-tres-ninitos","status":"publish","type":"page","link":"https:\/\/www.lirapopular.cl\/lirapopularxix\/el-gran-crimen-los-tres-ninitos\/","title":{"rendered":"EL GRAN CRIMEN <BR>LOS TRES NI\u00d1ITOS ASESINADOS POR HAMBRE <br>RETRATO DE LAS VICTIMAS"},"content":{"rendered":"\n<div class=\"wp-block-image\"><figure class=\"alignright size-medium\"><a href=\"https:\/\/www.lirapopular.cl\/lirapopularxix\/wp-content\/uploads\/2021\/03\/Lira_182M.jpg\"><img loading=\"lazy\" decoding=\"async\" width=\"214\" height=\"300\" src=\"https:\/\/www.lirapopular.cl\/lirapopularxix\/wp-content\/uploads\/2021\/03\/Lira_182M-214x300.jpg\" alt=\"\" class=\"wp-image-17014\" srcset=\"https:\/\/www.lirapopular.cl\/lirapopularxix\/wp-content\/uploads\/2021\/03\/Lira_182M-214x300.jpg 214w, https:\/\/www.lirapopular.cl\/lirapopularxix\/wp-content\/uploads\/2021\/03\/Lira_182M.jpg 713w\" sizes=\"auto, (max-width: 214px) 100vw, 214px\" \/><\/a><figcaption>Colecci\u00f3n Lira Popular de la<br>Universidad de Chile<\/figcaption><\/figure><\/div>\n\n\n\n<p>Autor: Adolfo Reyes.<br>Impresor: Sin informaci\u00f3n<br>Tama\u00f1o: 72 x 51,2 cm<br>Clasificaci\u00f3n: 182 T153g Caja N\u00b08<\/p>\n\n\n\n<ul class=\"wp-block-list\"><li><a href=\"https:\/\/www.lirapopular.cl\/lirapopularxix\/2021\/03\/04\/el-crimende-la-calle-maiputres-ninitos-asesinados-por-hambre\/\">El crimen de la calle Maip\u00fa. Tres ni\u00f1itos asesinados por hambre<\/a><\/li><li><a href=\"https:\/\/www.lirapopular.cl\/lirapopularxix\/2021\/03\/04\/tristes-detallesdel-gran-crimende-la-calle-de-maipu-2\/\">Tristes detalles del gran crimen de la calle de Maip\u00fa<\/a><\/li><li><a href=\"https:\/\/www.lirapopular.cl\/lirapopularxix\/2021\/03\/04\/descripcion-i-estadode-las-victimas-2\/\">Descripci\u00f3n y estado de las v\u00edctimas<\/a><\/li><li><a href=\"https:\/\/www.lirapopular.cl\/lirapopularxix\/2021\/03\/04\/el-gran-crimende-la-calle-riquelme-2\/\">El gran crimen de la calle Riquelme<\/a><\/li><li><a href=\"https:\/\/www.lirapopular.cl\/lirapopularxix\/2021\/03\/04\/los-tres-asesinosdel-italiano-fredicondenados-a-muerte\/\">Los tres asesinos del italiano Freddi condenados a muerte<\/a><\/li><li><a href=\"https:\/\/www.lirapopular.cl\/lirapopularxix\/2021\/03\/04\/un-padre-inhumanosaca-los-ojos-a-su-hijo-2\/\">Un padre inhumano saca los ojos a su hijo<\/a><\/li><li><a href=\"https:\/\/www.lirapopular.cl\/lirapopularxix\/2021\/03\/04\/el-crimen-de-talcahallazgo-del-cadaver\/\">El crimen de Talca, hallazgo del cad\u00e1ver<\/a><\/li><li><a href=\"https:\/\/www.lirapopular.cl\/lirapopularxix\/2021\/03\/04\/el-ajenciero-que-matoal-padre-en-talca\/\">El agenciero que mat\u00f3 al padre en Talca.<\/a><\/li><\/ul>\n\n\n\n<p>Nota: Sobre varios versos aparecen textos manuscritos confirmando de son de Reyes.<br>Documento optimizado digitalmente.<\/p>\n","protected":false},"excerpt":{"rendered":"<p>Autor: Adolfo Reyes.Impresor: Sin informaci\u00f3nTama\u00f1o: 72 x 51,2 cmClasificaci\u00f3n: 182 T153g Caja N\u00b08 El crimen de la calle Maip\u00fa. Tres ni\u00f1itos asesinados por hambre Tristes detalles del gran crimen de la calle de Maip\u00fa Descripci\u00f3n y estado de las v\u00edctimas El gran crimen de la calle Riquelme Los tres asesinos del italiano Freddi condenados a [&hellip;]<\/p>\n","protected":false},"author":1,"featured_media":0,"parent":0,"menu_order":0,"comment_status":"closed","ping_status":"closed","template":"","meta":{"footnotes":""},"class_list":["post-17011","page","type-page","status-publish","hentry"],"jetpack_sharing_enabled":true,"_links":{"self":[{"href":"https:\/\/www.lirapopular.cl\/lirapopularxix\/wp-json\/wp\/v2\/pages\/17011","targetHints":{"allow":["GET"]}}],"collection":[{"href":"https:\/\/www.lirapopular.cl\/lirapopularxix\/wp-json\/wp\/v2\/pages"}],"about":[{"href":"https:\/\/www.lirapopular.cl\/lirapopularxix\/wp-json\/wp\/v2\/types\/page"}],"author":[{"embeddable":true,"href":"https:\/\/www.lirapopular.cl\/lirapopularxix\/wp-json\/wp\/v2\/users\/1"}],"replies":[{"embeddable":true,"href":"https:\/\/www.lirapopular.cl\/lirapopularxix\/wp-json\/wp\/v2\/comments?post=17011"}],"version-history":[{"count":0,"href":"https:\/\/www.lirapopular.cl\/lirapopularxix\/wp-json\/wp\/v2\/pages\/17011\/revisions"}],"wp:attachment":[{"href":"https:\/\/www.lirapopular.cl\/lirapopularxix\/wp-json\/wp\/v2\/media?parent=17011"}],"curies":[{"name":"wp","href":"https:\/\/api.w.org\/{rel}","templated":true}]}}