{"id":16978,"date":"2021-03-03T16:33:33","date_gmt":"2021-03-03T20:33:33","guid":{"rendered":"https:\/\/www.lirapopular.cl\/lirapopularxix\/?page_id=16978"},"modified":"2021-03-03T16:33:33","modified_gmt":"2021-03-03T20:33:33","slug":"los-dieziocho-reos-politicos","status":"publish","type":"page","link":"https:\/\/www.lirapopular.cl\/lirapopularxix\/los-dieziocho-reos-politicos\/","title":{"rendered":"LOS DIEZIOCHO REOS POL\u00cdTICOS <BR>Condenados a muerte"},"content":{"rendered":"\n<div class=\"wp-block-image\"><figure class=\"alignright size-medium\"><a href=\"https:\/\/www.lirapopular.cl\/lirapopularxix\/wp-content\/uploads\/2021\/03\/Lira_181M.jpg\"><img loading=\"lazy\" decoding=\"async\" width=\"206\" height=\"300\" src=\"https:\/\/www.lirapopular.cl\/lirapopularxix\/wp-content\/uploads\/2021\/03\/Lira_181M-206x300.jpg\" alt=\"\" class=\"wp-image-16979\" srcset=\"https:\/\/www.lirapopular.cl\/lirapopularxix\/wp-content\/uploads\/2021\/03\/Lira_181M-206x300.jpg 206w, https:\/\/www.lirapopular.cl\/lirapopularxix\/wp-content\/uploads\/2021\/03\/Lira_181M.jpg 688w\" sizes=\"auto, (max-width: 206px) 100vw, 206px\" \/><\/a><figcaption>Colecci\u00f3n Lira Popular de la<br>Universidad de Chile<\/figcaption><\/figure><\/div>\n\n\n\n<p>Autor: Adolfo Reyes.<br>Impresor: Imprenta \u00abErcilla\u00bb Bandera 21-K<br>Tama\u00f1o: 76 x 53,5 cm<br>Clasificaci\u00f3n: 181 T153d Caja N\u00b08<\/p>\n\n\n\n<ul class=\"wp-block-list\"><li><a href=\"https:\/\/www.lirapopular.cl\/lirapopularxix\/2021\/03\/03\/los-dieziocho-reos-politicoscondenados-a-muerte\/\">Los dieciocho reos pol\u00edticos condenados a muerte<\/a><\/li><li><a href=\"https:\/\/www.lirapopular.cl\/lirapopularxix\/2021\/03\/03\/contra-punto-de-un-yanke-conun-chileno\/\">Contrapunto de un yankee con un chileno<\/a><\/li><li><a href=\"https:\/\/www.lirapopular.cl\/lirapopularxix\/2021\/03\/03\/brindis-de-un-balmacedista\/\">Brindis de un balmacedista<\/a><\/li><li><a href=\"https:\/\/www.lirapopular.cl\/lirapopularxix\/2021\/03\/03\/el-joven-que-mato-a-la-queridaporque-le-jugo-la-talquina\/\">El joven que mat\u00f3 a la querida porque le hizo la talquina<\/a><\/li><li><a href=\"https:\/\/www.lirapopular.cl\/lirapopularxix\/2021\/03\/03\/verso-edrujulo\/\">Verso esdr\u00fajulo<\/a><\/li><li><a href=\"https:\/\/www.lirapopular.cl\/lirapopularxix\/2021\/03\/03\/a-mis-colegas\/\">A mis colegas<\/a><\/li><li><a href=\"https:\/\/www.lirapopular.cl\/lirapopularxix\/2021\/03\/03\/las-muchachas-elegantes\/\">Las muchachas elegantes<\/a><\/li><li><a href=\"https:\/\/www.lirapopular.cl\/lirapopularxix\/2021\/03\/03\/plegariaa-maria-santisima\/\">Plegaria a Mar\u00eda Sant\u00edsima<\/a><\/li><li><a href=\"https:\/\/www.lirapopular.cl\/lirapopularxix\/2021\/03\/03\/quintillas-2\/\">Quintillas<\/a><\/li><li><a href=\"https:\/\/www.lirapopular.cl\/lirapopularxix\/2021\/03\/03\/otra-quintilla\/\">Otra quintilla<\/a><\/li><li><a href=\"https:\/\/www.lirapopular.cl\/lirapopularxix\/2021\/03\/03\/remedio-eficazpara-castigar-a-los-maridos-celosos\/\">Remedio eficaz para castigar a los maridos celosos<\/a><\/li><li><a href=\"https:\/\/www.lirapopular.cl\/lirapopularxix\/2021\/03\/03\/horrorosa-escenael-joven-que-se-ahorco-por-elamor-de-una-nina\/\">Horrorosa escena. El joven que se ahorc\u00f3 por el amor de una ni\u00f1a<\/a><\/li><\/ul>\n\n\n\n<p>Nota: Documento optimizado digitalmente.<\/p>\n","protected":false},"excerpt":{"rendered":"<p>Autor: Adolfo Reyes.Impresor: Imprenta \u00abErcilla\u00bb Bandera 21-KTama\u00f1o: 76 x 53,5 cmClasificaci\u00f3n: 181 T153d Caja N\u00b08 Los dieciocho reos pol\u00edticos condenados a muerte Contrapunto de un yankee con un chileno Brindis de un balmacedista El joven que mat\u00f3 a la querida porque le hizo la talquina Verso esdr\u00fajulo A mis colegas Las muchachas elegantes Plegaria a [&hellip;]<\/p>\n","protected":false},"author":1,"featured_media":0,"parent":0,"menu_order":0,"comment_status":"closed","ping_status":"closed","template":"","meta":{"footnotes":""},"class_list":["post-16978","page","type-page","status-publish","hentry"],"jetpack_sharing_enabled":true,"_links":{"self":[{"href":"https:\/\/www.lirapopular.cl\/lirapopularxix\/wp-json\/wp\/v2\/pages\/16978","targetHints":{"allow":["GET"]}}],"collection":[{"href":"https:\/\/www.lirapopular.cl\/lirapopularxix\/wp-json\/wp\/v2\/pages"}],"about":[{"href":"https:\/\/www.lirapopular.cl\/lirapopularxix\/wp-json\/wp\/v2\/types\/page"}],"author":[{"embeddable":true,"href":"https:\/\/www.lirapopular.cl\/lirapopularxix\/wp-json\/wp\/v2\/users\/1"}],"replies":[{"embeddable":true,"href":"https:\/\/www.lirapopular.cl\/lirapopularxix\/wp-json\/wp\/v2\/comments?post=16978"}],"version-history":[{"count":0,"href":"https:\/\/www.lirapopular.cl\/lirapopularxix\/wp-json\/wp\/v2\/pages\/16978\/revisions"}],"wp:attachment":[{"href":"https:\/\/www.lirapopular.cl\/lirapopularxix\/wp-json\/wp\/v2\/media?parent=16978"}],"curies":[{"name":"wp","href":"https:\/\/api.w.org\/{rel}","templated":true}]}}