{"id":16690,"date":"2021-02-25T19:05:33","date_gmt":"2021-02-25T23:05:33","guid":{"rendered":"https:\/\/www.lirapopular.cl\/lirapopularxix\/?page_id=16690"},"modified":"2021-02-25T19:05:33","modified_gmt":"2021-02-25T23:05:33","slug":"el-gran-crimen-de-talca","status":"publish","type":"page","link":"https:\/\/www.lirapopular.cl\/lirapopularxix\/el-gran-crimen-de-talca\/","title":{"rendered":"EL GRAN CRIMEN DE TALCA <br>Laura Gonzalez ultimada por Rodriguez. La hija que apu\u00f1ale\u00f3 a la madre"},"content":{"rendered":"<div class=\"wp-block-image\">\n<figure class=\"alignright size-medium\"><a href=\"https:\/\/www.lirapopular.cl\/lirapopularxix\/wp-content\/uploads\/2021\/02\/Lira_170M.jpg\"><img loading=\"lazy\" decoding=\"async\" width=\"220\" height=\"300\" src=\"https:\/\/www.lirapopular.cl\/lirapopularxix\/wp-content\/uploads\/2021\/02\/Lira_170M-220x300.jpg\" alt=\"\" class=\"wp-image-16691\" srcset=\"https:\/\/www.lirapopular.cl\/lirapopularxix\/wp-content\/uploads\/2021\/02\/Lira_170M-220x300.jpg 220w, https:\/\/www.lirapopular.cl\/lirapopularxix\/wp-content\/uploads\/2021\/02\/Lira_170M.jpg 732w\" sizes=\"auto, (max-width: 220px) 100vw, 220px\" \/><\/a><figcaption class=\"wp-element-caption\">Colecci\u00f3n Lira Popular de la<br>Universidad de Chile<\/figcaption><\/figure>\n<\/div>\n\n\n<p>Autor: Adolfo Reyes. Calle de Los Andes n\u00fam. 129, Santiago.<br>Impresor: Imp. Albion, San Diego 45-B<br>Tama\u00f1o: 53,1 x 37,5 cm<br>Clasificaci\u00f3n: 170 T153g Caja N\u00b08, BN C\u00f3digo:&nbsp;LO0012181<\/p>\n\n\n\n<ul class=\"wp-block-list\">\n<li><a href=\"https:\/\/www.lirapopular.cl\/lirapopularxix\/2021\/02\/26\/el-crimen-de-talca\/\">El gran crimen de Talca<\/a><\/li>\n\n\n\n<li><a href=\"https:\/\/www.lirapopular.cl\/lirapopularxix\/2021\/02\/26\/la-hija-que-apunaleoa-la-madre\/\">La hija que apu\u00f1ale\u00f3 a la madre<\/a><\/li>\n\n\n\n<li><a href=\"https:\/\/www.lirapopular.cl\/lirapopularxix\/2021\/02\/26\/la-conversion-metalicacritica-sobre-la-acunacion-delos-pesos-fuertes\/\">La conversi\u00f3n met\u00e1lica. Cr\u00edtica sobre la acu\u00f1aci\u00f3n de los pesos fuertes<\/a><\/li>\n\n\n\n<li><a href=\"https:\/\/www.lirapopular.cl\/lirapopularxix\/2021\/02\/26\/pasion-i-muertede-nuestro-senor-jesucristo\/\">Pasi\u00f3n y muerte de Nuestro Se\u00f1or Jesucristo<\/a><\/li>\n\n\n\n<li><a href=\"https:\/\/www.lirapopular.cl\/lirapopularxix\/2021\/02\/26\/el-mosquito-monstruoverso-de-ponderacion\/\">El mosquito monstruo. Verso de ponderaci\u00f3n<\/a><\/li>\n\n\n\n<li><a href=\"https:\/\/www.lirapopular.cl\/lirapopularxix\/2021\/02\/26\/verso-historicosalomon-i-construccion-del-templode-jerusalen\/\">Verso hist\u00f3rico. Salom\u00f3n y la construcci\u00f3n del templo de Jerusal\u00e9n<\/a><\/li>\n<\/ul>\n\n\n\n<p>Nota: El 1er ejemplar tiene escrito a mano con l\u00e1piz grafito \u201c163\/170\u201d.<br>El 2\u00ba ejemplar tiene escrito a mano con l\u00e1piz rojo \u201c13\u201d, con un timbre &#8220;302&#8221;, con l\u00e1piz grafito &#8220;36&#8221;.<br>Documentos optimizados digitalmente.<\/p>\n\n\n<div class=\"wp-block-image\">\n<figure class=\"alignright size-medium\"><a href=\"https:\/\/www.lirapopular.cl\/lirapopularxix\/wp-content\/uploads\/2021\/03\/LO0012181.jpg\"><img loading=\"lazy\" decoding=\"async\" width=\"210\" height=\"300\" src=\"https:\/\/www.lirapopular.cl\/lirapopularxix\/wp-content\/uploads\/2021\/03\/LO0012181-210x300.jpg\" alt=\"\" class=\"wp-image-17327\" srcset=\"https:\/\/www.lirapopular.cl\/lirapopularxix\/wp-content\/uploads\/2021\/03\/LO0012181-210x300.jpg 210w, https:\/\/www.lirapopular.cl\/lirapopularxix\/wp-content\/uploads\/2021\/03\/LO0012181.jpg 699w\" sizes=\"auto, (max-width: 210px) 100vw, 210px\" \/><\/a><figcaption class=\"wp-element-caption\">Archivo de Literatura Oral<br>Fondo Rodolfo Lenz<\/figcaption><\/figure>\n<\/div>","protected":false},"excerpt":{"rendered":"<p>Autor: Adolfo Reyes. Calle de Los Andes n\u00fam. 129, Santiago.Impresor: Imp. Albion, San Diego 45-BTama\u00f1o: 53,1 x 37,5 cmClasificaci\u00f3n: 170 T153g Caja N\u00b08, BN C\u00f3digo:&nbsp;LO0012181 Nota: El 1er ejemplar tiene escrito a mano con l\u00e1piz grafito \u201c163\/170\u201d.El 2\u00ba ejemplar tiene escrito a mano con l\u00e1piz rojo \u201c13\u201d, con un timbre &#8220;302&#8221;, con l\u00e1piz grafito &#8220;36&#8221;.Documentos [&hellip;]<\/p>\n","protected":false},"author":1,"featured_media":0,"parent":0,"menu_order":0,"comment_status":"closed","ping_status":"closed","template":"","meta":{"footnotes":""},"class_list":["post-16690","page","type-page","status-publish","hentry"],"jetpack_sharing_enabled":true,"_links":{"self":[{"href":"https:\/\/www.lirapopular.cl\/lirapopularxix\/wp-json\/wp\/v2\/pages\/16690","targetHints":{"allow":["GET"]}}],"collection":[{"href":"https:\/\/www.lirapopular.cl\/lirapopularxix\/wp-json\/wp\/v2\/pages"}],"about":[{"href":"https:\/\/www.lirapopular.cl\/lirapopularxix\/wp-json\/wp\/v2\/types\/page"}],"author":[{"embeddable":true,"href":"https:\/\/www.lirapopular.cl\/lirapopularxix\/wp-json\/wp\/v2\/users\/1"}],"replies":[{"embeddable":true,"href":"https:\/\/www.lirapopular.cl\/lirapopularxix\/wp-json\/wp\/v2\/comments?post=16690"}],"version-history":[{"count":0,"href":"https:\/\/www.lirapopular.cl\/lirapopularxix\/wp-json\/wp\/v2\/pages\/16690\/revisions"}],"wp:attachment":[{"href":"https:\/\/www.lirapopular.cl\/lirapopularxix\/wp-json\/wp\/v2\/media?parent=16690"}],"curies":[{"name":"wp","href":"https:\/\/api.w.org\/{rel}","templated":true}]}}