{"id":16471,"date":"2021-02-21T18:58:56","date_gmt":"2021-02-21T22:58:56","guid":{"rendered":"https:\/\/www.lirapopular.cl\/lirapopularxix\/?page_id=16471"},"modified":"2021-02-21T18:58:56","modified_gmt":"2021-02-21T22:58:56","slug":"la-captura-de-exequiel-fuentes","status":"publish","type":"page","link":"https:\/\/www.lirapopular.cl\/lirapopularxix\/la-captura-de-exequiel-fuentes\/","title":{"rendered":"LA CAPTURA DE EXEQUIEL FUENTES <br>Y EL GRAN FEN\u00d3MENO DE VALPARAISO"},"content":{"rendered":"\n<div class=\"wp-block-image\"><figure class=\"alignright size-medium\"><a href=\"https:\/\/www.lirapopular.cl\/lirapopularxix\/wp-content\/uploads\/2021\/02\/Lira_160M.jpg\"><img loading=\"lazy\" decoding=\"async\" width=\"201\" height=\"300\" src=\"https:\/\/www.lirapopular.cl\/lirapopularxix\/wp-content\/uploads\/2021\/02\/Lira_160M-201x300.jpg\" alt=\"\" class=\"wp-image-16472\" srcset=\"https:\/\/www.lirapopular.cl\/lirapopularxix\/wp-content\/uploads\/2021\/02\/Lira_160M-201x300.jpg 201w, https:\/\/www.lirapopular.cl\/lirapopularxix\/wp-content\/uploads\/2021\/02\/Lira_160M.jpg 671w\" sizes=\"auto, (max-width: 201px) 100vw, 201px\" \/><\/a><figcaption>Colecci\u00f3n Lira Popular de la<br>Universidad de Chile<\/figcaption><\/figure><\/div>\n\n\n\n<p>Autor: Adolfo Reyes.<br>Impresor: Sin informaci\u00f3n<br>Tama\u00f1o: 55,1 x 35 cm<br>Clasificaci\u00f3n: 160 T153e Caja N\u00b0 8<\/p>\n\n\n\n<ul class=\"wp-block-list\"><li><a href=\"https:\/\/www.lirapopular.cl\/lirapopularxix\/2021\/02\/21\/el-fenomeno-rarode-valparaiso\/\">El fen\u00f3meno raro de Valpara\u00edso<\/a><\/li><li><a href=\"https:\/\/www.lirapopular.cl\/lirapopularxix\/2021\/02\/21\/la-capturade-don-exequiel-fuentes\/\">La captura de don Exequiel Fuentes<\/a><\/li><li><a href=\"https:\/\/www.lirapopular.cl\/lirapopularxix\/2021\/02\/21\/una-madre-mata-al-hijoy-lo-hace-cazuela\/\">Una madre mata al hijo y lo hace cazuela<\/a><\/li><li><a href=\"https:\/\/www.lirapopular.cl\/lirapopularxix\/2021\/02\/21\/contestacion-a-rolak\/\">Contestaci\u00f3n a Rolak<\/a><\/li><li><a href=\"https:\/\/www.lirapopular.cl\/lirapopularxix\/2021\/02\/21\/la-justicia-en-chile\/\">La justicia en Chile<\/a><\/li><li><a href=\"https:\/\/www.lirapopular.cl\/lirapopularxix\/2021\/02\/21\/brindis-de-un-mercuriero\/\">Brindis de un mercuriero<\/a><\/li><li><a href=\"https:\/\/www.lirapopular.cl\/lirapopularxix\/2021\/02\/21\/satiras-a-mi-amada-3\/\">S\u00e1tiras a mi amada<\/a><\/li><li><a href=\"https:\/\/www.lirapopular.cl\/lirapopularxix\/2021\/02\/21\/el-joven-enamoradoredondilla-2\/\">El joven enamorado.<\/a><\/li><\/ul>\n\n\n\n<p>Nota: Este ejemplar tiene escrito a mano con l\u00e1piz rojo \u201c153\/160\u201d.<br>Documento optimizado digitalmente.<\/p>\n","protected":false},"excerpt":{"rendered":"<p>Autor: Adolfo Reyes.Impresor: Sin informaci\u00f3nTama\u00f1o: 55,1 x 35 cmClasificaci\u00f3n: 160 T153e Caja N\u00b0 8 El fen\u00f3meno raro de Valpara\u00edso La captura de don Exequiel Fuentes Una madre mata al hijo y lo hace cazuela Contestaci\u00f3n a Rolak La justicia en Chile Brindis de un mercuriero S\u00e1tiras a mi amada El joven enamorado. Nota: Este ejemplar [&hellip;]<\/p>\n","protected":false},"author":1,"featured_media":0,"parent":0,"menu_order":0,"comment_status":"closed","ping_status":"closed","template":"","meta":{"footnotes":""},"class_list":["post-16471","page","type-page","status-publish","hentry"],"jetpack_sharing_enabled":true,"_links":{"self":[{"href":"https:\/\/www.lirapopular.cl\/lirapopularxix\/wp-json\/wp\/v2\/pages\/16471","targetHints":{"allow":["GET"]}}],"collection":[{"href":"https:\/\/www.lirapopular.cl\/lirapopularxix\/wp-json\/wp\/v2\/pages"}],"about":[{"href":"https:\/\/www.lirapopular.cl\/lirapopularxix\/wp-json\/wp\/v2\/types\/page"}],"author":[{"embeddable":true,"href":"https:\/\/www.lirapopular.cl\/lirapopularxix\/wp-json\/wp\/v2\/users\/1"}],"replies":[{"embeddable":true,"href":"https:\/\/www.lirapopular.cl\/lirapopularxix\/wp-json\/wp\/v2\/comments?post=16471"}],"version-history":[{"count":0,"href":"https:\/\/www.lirapopular.cl\/lirapopularxix\/wp-json\/wp\/v2\/pages\/16471\/revisions"}],"wp:attachment":[{"href":"https:\/\/www.lirapopular.cl\/lirapopularxix\/wp-json\/wp\/v2\/media?parent=16471"}],"curies":[{"name":"wp","href":"https:\/\/api.w.org\/{rel}","templated":true}]}}