{"id":1559,"date":"2019-07-14T10:47:05","date_gmt":"2019-07-14T14:47:05","guid":{"rendered":"https:\/\/www.lirapopular.cl\/lirapopularxix\/?page_id=1559"},"modified":"2019-07-14T10:47:05","modified_gmt":"2019-07-14T14:47:05","slug":"fusilamiento-en-valparaiso-de-cuatro-marineros-de-la-guale","status":"publish","type":"page","link":"https:\/\/www.lirapopular.cl\/lirapopularxix\/fusilamiento-en-valparaiso-de-cuatro-marineros-de-la-guale\/","title":{"rendered":"Fusilamiento <br>en Valpara\u00edso de cuatro <br>Marineros de la &#8220;Guale&#8221;"},"content":{"rendered":"\n<div class=\"wp-block-image\"><figure class=\"alignright\"><a href=\"https:\/\/www.lirapopular.cl\/lirapopularxix\/wp-content\/uploads\/2019\/07\/702.jpg\"><img loading=\"lazy\" decoding=\"async\" width=\"300\" height=\"197\" src=\"https:\/\/www.lirapopular.cl\/lirapopularxix\/wp-content\/uploads\/2019\/07\/702-300x197.jpg\" alt=\"\" class=\"wp-image-1560\" srcset=\"https:\/\/www.lirapopular.cl\/lirapopularxix\/wp-content\/uploads\/2019\/07\/702-300x197.jpg 300w, https:\/\/www.lirapopular.cl\/lirapopularxix\/wp-content\/uploads\/2019\/07\/702-768x504.jpg 768w, https:\/\/www.lirapopular.cl\/lirapopularxix\/wp-content\/uploads\/2019\/07\/702.jpg 1000w\" sizes=\"auto, (max-width: 300px) 100vw, 300px\" \/><\/a><figcaption>Colecci\u00f3n Lira Popular de la Universidad de Chile<\/figcaption><\/figure><\/div>\n\n\n\n<p>Autor: An\u00f3nimo<br>Impresor: Sin informaci\u00f3n<br>Tama\u00f1o: 27,7 x 34,7 cm<br>Clasificaci\u00f3n: 702 F993f Caja N\u00b04a<\/p>\n\n\n\n<ul class=\"wp-block-list\"><li><a href=\"https:\/\/www.lirapopular.cl\/lirapopularxix\/2019\/07\/14\/la-mora-la-turca-y-la-cristiana\/\">La mora, la turca y la cristiana<\/a><\/li><li><a href=\"https:\/\/www.lirapopular.cl\/lirapopularxix\/2019\/07\/14\/fusilamiento-en-valparaiso-de-cuatro-marineros-de-laguale\/\">Fusilamiento en Valpara\u00edso de cuatro marineros de la &#8220;Guale&#8221;<\/a><\/li><li><a href=\"https:\/\/www.lirapopular.cl\/lirapopularxix\/2019\/07\/14\/padecimiento-de-un-borracho\/\">Padecimiento de un borracho<\/a><\/li><li><a href=\"https:\/\/www.lirapopular.cl\/lirapopularxix\/2019\/07\/14\/arrepentimiento\/\">Arrepentimiento<\/a><\/li><\/ul>\n\n\n\n<p>Nota: Este ejemplar tiene escrito a mano con l\u00e1piz rojo \u201c702\u201d<\/p>\n\n\n\n<p>Utiliza la misma imagen que us\u00f3 Juan Carrasco Tenorio en la lira &#8220;Fusilamiento del reo Manuel Pozo&#8221; y tambi\u00e9n se us\u00f3 en varias liras an\u00f3nimas.<\/p>\n","protected":false},"excerpt":{"rendered":"<p>Autor: An\u00f3nimoImpresor: Sin informaci\u00f3nTama\u00f1o: 27,7 x 34,7 cmClasificaci\u00f3n: 702 F993f Caja N\u00b04a La mora, la turca y la cristiana Fusilamiento en Valpara\u00edso de cuatro marineros de la &#8220;Guale&#8221; Padecimiento de un borracho Arrepentimiento Nota: Este ejemplar tiene escrito a mano con l\u00e1piz rojo \u201c702\u201d Utiliza la misma imagen que us\u00f3 Juan Carrasco Tenorio en la [&hellip;]<\/p>\n","protected":false},"author":1,"featured_media":0,"parent":0,"menu_order":0,"comment_status":"closed","ping_status":"closed","template":"","meta":{"footnotes":""},"class_list":["post-1559","page","type-page","status-publish","hentry"],"jetpack_sharing_enabled":true,"_links":{"self":[{"href":"https:\/\/www.lirapopular.cl\/lirapopularxix\/wp-json\/wp\/v2\/pages\/1559","targetHints":{"allow":["GET"]}}],"collection":[{"href":"https:\/\/www.lirapopular.cl\/lirapopularxix\/wp-json\/wp\/v2\/pages"}],"about":[{"href":"https:\/\/www.lirapopular.cl\/lirapopularxix\/wp-json\/wp\/v2\/types\/page"}],"author":[{"embeddable":true,"href":"https:\/\/www.lirapopular.cl\/lirapopularxix\/wp-json\/wp\/v2\/users\/1"}],"replies":[{"embeddable":true,"href":"https:\/\/www.lirapopular.cl\/lirapopularxix\/wp-json\/wp\/v2\/comments?post=1559"}],"version-history":[{"count":0,"href":"https:\/\/www.lirapopular.cl\/lirapopularxix\/wp-json\/wp\/v2\/pages\/1559\/revisions"}],"wp:attachment":[{"href":"https:\/\/www.lirapopular.cl\/lirapopularxix\/wp-json\/wp\/v2\/media?parent=1559"}],"curies":[{"name":"wp","href":"https:\/\/api.w.org\/{rel}","templated":true}]}}