{"id":14402,"date":"2020-12-12T17:50:49","date_gmt":"2020-12-12T21:50:49","guid":{"rendered":"https:\/\/www.lirapopular.cl\/lirapopularxix\/?page_id=14402"},"modified":"2020-12-12T17:50:49","modified_gmt":"2020-12-12T21:50:49","slug":"las-consecuencias-de-un-salteo-en-villaseca","status":"publish","type":"page","link":"https:\/\/www.lirapopular.cl\/lirapopularxix\/las-consecuencias-de-un-salteo-en-villaseca\/","title":{"rendered":"LAS CONSECUENCIAS DE UN SALTEO EN VILLASECA"},"content":{"rendered":"\n<div class=\"wp-block-image\"><figure class=\"alignright size-medium\"><a href=\"https:\/\/www.lirapopular.cl\/lirapopularxix\/wp-content\/uploads\/2020\/12\/LO0012562.jpg\"><img loading=\"lazy\" decoding=\"async\" width=\"300\" height=\"240\" src=\"https:\/\/www.lirapopular.cl\/lirapopularxix\/wp-content\/uploads\/2020\/12\/LO0012562-300x240.jpg\" alt=\"\" class=\"wp-image-14403\" srcset=\"https:\/\/www.lirapopular.cl\/lirapopularxix\/wp-content\/uploads\/2020\/12\/LO0012562-300x240.jpg 300w, https:\/\/www.lirapopular.cl\/lirapopularxix\/wp-content\/uploads\/2020\/12\/LO0012562-768x614.jpg 768w, https:\/\/www.lirapopular.cl\/lirapopularxix\/wp-content\/uploads\/2020\/12\/LO0012562.jpg 1000w\" sizes=\"auto, (max-width: 300px) 100vw, 300px\" \/><\/a><figcaption>Archivo de Literatura Oral<br>Colecci\u00f3n Alamiro de \u00c1vila<\/figcaption><\/figure><\/div>\n\n\n\n<p>Autores: Juan R. Gonz\u00e1lez, poeta moderno y Desiderio Parra<br>Impresor: Imp. \u00abLa Sin Rival\u00bb. Los Valdeses 619<br>Tama\u00f1o: 55 x 32 cm<br>Clasificaci\u00f3n: BN C\u00f3digo:\u00a0LO0012562<\/p>\n\n\n\n<ul class=\"wp-block-list\"><li><a href=\"https:\/\/www.lirapopular.cl\/lirapopularxix\/2020\/12\/13\/un-salteo-en-villaseca\/\">Un salteo en Villaseca<\/a><\/li><li><a href=\"https:\/\/www.lirapopular.cl\/lirapopularxix\/2020\/12\/13\/renido-contrapuntoentre-un-blanco-i-un-negro\/\">Re\u00f1ido contrapunto (entre un blanco y un negro)<\/a><\/li><li><a href=\"https:\/\/www.lirapopular.cl\/lirapopularxix\/2020\/12\/13\/la-fiesta-de-santa-rosa\/\">La fiesta de Santa Rosa<\/a><\/li><li><a href=\"https:\/\/www.lirapopular.cl\/lirapopularxix\/2020\/12\/13\/versos-de-literatura-43\/\">Versos de Literatura<\/a><\/li><li><a href=\"https:\/\/www.lirapopular.cl\/lirapopularxix\/2020\/12\/13\/versos-de-historia\/\">Versos de historia<\/a><\/li><li><a href=\"https:\/\/www.lirapopular.cl\/lirapopularxix\/2020\/12\/13\/brindis-politicos\/\">Brindis politicos<\/a><\/li><\/ul>\n\n\n\n<p>Nota: Este ejemplar tiene escrito a mano con plum\u00f3n \u201c236\u201d.<br>Documento optimizado digitalmente.<\/p>\n","protected":false},"excerpt":{"rendered":"<p>Autores: Juan R. Gonz\u00e1lez, poeta moderno y Desiderio ParraImpresor: Imp. \u00abLa Sin Rival\u00bb. Los Valdeses 619Tama\u00f1o: 55 x 32 cmClasificaci\u00f3n: BN C\u00f3digo:\u00a0LO0012562 Un salteo en Villaseca Re\u00f1ido contrapunto (entre un blanco y un negro) La fiesta de Santa Rosa Versos de Literatura Versos de historia Brindis politicos Nota: Este ejemplar tiene escrito a mano con [&hellip;]<\/p>\n","protected":false},"author":1,"featured_media":0,"parent":0,"menu_order":0,"comment_status":"closed","ping_status":"closed","template":"","meta":{"footnotes":""},"class_list":["post-14402","page","type-page","status-publish","hentry"],"jetpack_sharing_enabled":true,"_links":{"self":[{"href":"https:\/\/www.lirapopular.cl\/lirapopularxix\/wp-json\/wp\/v2\/pages\/14402","targetHints":{"allow":["GET"]}}],"collection":[{"href":"https:\/\/www.lirapopular.cl\/lirapopularxix\/wp-json\/wp\/v2\/pages"}],"about":[{"href":"https:\/\/www.lirapopular.cl\/lirapopularxix\/wp-json\/wp\/v2\/types\/page"}],"author":[{"embeddable":true,"href":"https:\/\/www.lirapopular.cl\/lirapopularxix\/wp-json\/wp\/v2\/users\/1"}],"replies":[{"embeddable":true,"href":"https:\/\/www.lirapopular.cl\/lirapopularxix\/wp-json\/wp\/v2\/comments?post=14402"}],"version-history":[{"count":0,"href":"https:\/\/www.lirapopular.cl\/lirapopularxix\/wp-json\/wp\/v2\/pages\/14402\/revisions"}],"wp:attachment":[{"href":"https:\/\/www.lirapopular.cl\/lirapopularxix\/wp-json\/wp\/v2\/media?parent=14402"}],"curies":[{"name":"wp","href":"https:\/\/api.w.org\/{rel}","templated":true}]}}